000
CXUS55 KBOI 281002
CF6MYL
PRELIMINARY LOCAL CLIMATOLOGICAL DATA (WS FORM: F-6)
STATION: MCCALL ID
MONTH: FEBRUARY
YEAR: 2023
LATITUDE: 44 52 N
LONGITUDE: 116 6 W
TEMPERATURE IN F: :PCPN: SNOW: WIND :SUNSHINE: SKY :PK WND
================================================================================
1 2 3 4 5 6A 6B 7 8 9 10 11 12 13 14 15 16 17 18
12Z AVG MX 2MIN
DY MAX MIN AVG DEP HDD CDD WTR SNW DPTH SPD SPD DIR MIN PSBL S-S WX SPD DR
================================================================================
1 32 6 19 -4 46 0 0.00 M M 1.0 7 280 M M 5 8 9 280
2 37 1 19 -4 46 0 0.00 M M 1.0 7 340 M M 0 8 8 330
3 42 8 25 2 40 0 0.01 M M 4.4 22 180 M M 5 8 32 180
4 41 20 31 8 34 0 0.00 M M 1.9 9 160 M M 8 18 15 150
5 37 28 33 10 32 0 0.42 M M 7.1 20 200 M M 10 8 28 170
6 38 23 31 8 34 0 0.06 M M 2.8 12 290 M M 9 8 15 300
7 36 18 27 3 38 0 0.08 M M 1.8 15 190 M M 8 8 19 180
8 35 7 21 -3 44 0 0.04 M M 3.8 14 260 M M 4 8 22 240
9 32 -1 16 -8 49 0 0.00 M M 0.7 5 30 M M 0 8 6 350
10 38 2 20 -4 45 0 0.00 M M 1.2 6 320 M M 0 18 8 350
11 40 10 25 1 40 0 0.00 M M 3.1 10 280 M M 0 1 15 350
12 34 2 18 -6 47 0 0.00 M M 1.1 7 190 M M 0 1 8 190
13 32 9 21 -3 44 0 0.06 M M 2.9 15 300 M M 5 128 23 290
14 26 9 18 -7 47 0 T M M 7.9 17 360 M M 5 1 28 20
15 30 3 17 -8 48 0 0.00 M M 4.6 12 250 M M 0 18 18 20
16 29 -6 12 -13 53 0 0.00 M M 1.4 7 340 M M 0 18 8 230
17 32 0 16 -9 49 0 0.00 M M 1.7 8 340 M M 1 18 10 340
18 26 8 17 -8 48 0 0.03 M M 0.5 6 80 M M 8 18 7 340
19 29 9 19 -7 46 0 0.07 M M 1.0 7 350 M M 10 18 9 350
20 38 27 33 7 32 0 0.07 M M 3.6 18 190 M M 10 18 28 170
21 38 8 23 -3 42 0 0.08 M M 7.9 25 190 M M 7 128 34 180
22 24 0 12 -14 53 0 0.06 M M 3.2 12 280 M M 8 18 15 270
23 21 6 14 -12 51 0 0.28 M M 5.1 21 200 M M 9 128 29 200
24 29 -6 12 -15 53 0 0.02 M M 1.8 9 290 M M 2 18 11 300
25 37 -4 17 -10 48 0 0.00 M M 1.2 6 340 M M 0 18 7 310
26 31 9 20 -7 45 0 0.21 M M 7.8 18 250 M M 8 128 33 190
27 27 1 14 -14 51 0 0.12 M M 6.6 24 180 M M 6 128 33 180
================================================================================
SM 891 197 1205 0 1.61 M 87.1 M 128
================================================================================
AV 33.0 7.3 3.2 FASTST M M 5 MAX(MPH)
MISC ----> 25 190 34 180
================================================================================
NOTES:
# LAST OF SEVERAL OCCURRENCES
COLUMN 17 PEAK WIND IN M.P.H.
PRELIMINARY LOCAL CLIMATOLOGICAL DATA (WS FORM: F-6) , PAGE 2
STATION: MCCALL ID
MONTH: FEBRUARY
YEAR: 2023
LATITUDE: 44 52 N
LONGITUDE: 116 6 W
[TEMPERATURE DATA] [PRECIPITATION DATA] SYMBOLS USED IN COLUMN 16
AVERAGE MONTHLY: 20.1 TOTAL FOR MONTH: 1.61 1 = FOG OR MIST
DPTR FM NORMAL: -4.7 DPTR FM NORMAL: -0.62 2 = FOG REDUCING VISIBILITY
HIGHEST: 42 ON 3 GRTST 24HR 0.48 ON 5- 6 TO 1/4 MILE OR LESS
LOWEST: -6 ON 24,16 3 = THUNDER
SNOW, ICE PELLETS, HAIL 4 = ICE PELLETS
TOTAL MONTH: M 5 = HAIL
GRTST 24HR M ON M 6 = FREEZING RAIN OR DRIZZLE
GRTST DEPTH: M ON M 7 = DUSTSTORM OR SANDSTORM:
VSBY 1/2 MILE OR LESS
8 = SMOKE OR HAZE
[NO. OF DAYS WITH] [WEATHER - DAYS WITH] 9 = BLOWING SNOW
X = TORNADO
MAX 32 OR BELOW: 14 0.01 INCH OR MORE: 15
MAX 90 OR ABOVE: 0 0.10 INCH OR MORE: 4
MIN 32 OR BELOW: 27 0.50 INCH OR MORE: 0
MIN 0 OR BELOW: 6 1.00 INCH OR MORE: 0
[HDD (BASE 65) ]
TOTAL THIS MO. 1205 CLEAR (SCALE 0-3) 10
DPTR FM NORMAL 119 PTCLDY (SCALE 4-7) 11
TOTAL FM JUL 1 5741 CLOUDY (SCALE 8-10) 6
DPTR FM NORMAL -252
[CDD (BASE 65) ]
TOTAL THIS MO. 0
DPTR FM NORMAL 0 [PRESSURE DATA]
TOTAL FM JAN 1 0 HIGHEST SLP M ON M
DPTR FM NORMAL 0 LOWEST SLP 29.37 ON 21
[REMARKS]