000
CXUS55 KBOI 011002
CF6MYL
PRELIMINARY LOCAL CLIMATOLOGICAL DATA (WS FORM: F-6)
STATION: MCCALL ID
MONTH: OCTOBER
YEAR: 2020
LATITUDE: 44 52 N
LONGITUDE: 116 6 W
TEMPERATURE IN F: :PCPN: SNOW: WIND :SUNSHINE: SKY :PK WND
================================================================================
1 2 3 4 5 6A 6B 7 8 9 10 11 12 13 14 15 16 17 18
12Z AVG MX 2MIN
DY MAX MIN AVG DEP HDD CDD WTR SNW DPTH SPD SPD DIR MIN PSBL S-S WX SPD DR
================================================================================
1 78 35 57 12 8 0 0.00 M M 1.7 10 280 M M 0 14 280
2 77 38 58 14 7 0 0.00 M M 2.0 10 260 M M 0 8 14 280
3 77 33 55 11 10 0 0.00 M M 1.9 10 270 M M 0 8 14 270
4 73 36 55 11 10 0 0.00 M M 2.9 16 190 M M 0 8 21 200
5 75 33 54 11 11 0 0.00 M M 2.3 12 270 M M 0 18 16 40
6 75 35 55 12 10 0 0.00 M M 1.4 9 270 M M 0 8 11 280
7 74 34 54 11 11 0 0.00 M M 1.5 12 190 M M 0 8 15 160
8 70 33 52 10 13 0 0.00 M M 4.1 16 180 M M 1 8 22 170
9 70 33 52 10 13 0 0.00 M M 2.1 16 190 M M 0 8 21 200
10 57 32 45 3 20 0 0.97 M M 6.1 30 200 M M 6 18 41 190
11 44 34 39 -2 26 0 0.03 M M 7.1 18 190 M M 10 26 180
12 56 37 47 6 18 0 0.06 M M 7.9 22 240 M M 6 30 220
13 53 35 44 3 21 0 0.03 M M 9.2 26 190 M M 7 44 230
14 48 31 40 0 25 0 T M M 4.1 15 330 M M 5 21 330
15 50 27 39 -1 26 0 0.00 M M 3.6 14 270 M M 0 20 250
16 57 28 43 3 22 0 0.01 M M 2.2 12 190 M M 3 14 170
17 58 42 50 10 15 0 0.00 M M 4.3 16 270 M M 7 22 210
18 52 42 47 8 18 0 0.01 M M 2.5 8 30 M M 9 11 60
19 59 36 48 9 17 0 T M M 2.8 13 270 M M 3 128 17 270
20 54 41 48 9 17 0 T M M 4.2 12 270 M M 6 16 290
21 48 30 39 1 26 0 T M M 7.5 24 260 M M 5 36 250
22 41 21 31 -7 34 0 0.00 M M 6.9 16 10 M M 1 23 10
23 42 17 30 -8 35 0 0.00 M M 5.8 18 200 M M 4 24 200
24 42 23 33 -5 32 0 0.05 M M 7.9 18 340 M M 7 1 28 210
25 35 13 24 -13 41 0 0.00 M M 10.1 22 30 M M 1 33 10
26 41 10 26 -11 39 0 0.00 M M 2.4 14 300 M M 5 18 290
27 54 22 38 2 27 0 0.00 M M 2.4 10 280 M M 0 19 300
28 61 23 42 6 23 0 0.00 M M 1.5 8 270 M M 0 12 270
29 61 26 44 8 21 0 0.00 M M 1.2 8 180 M M 0 8 11 220
30 60 24 42 6 23 0 0.00 M M 4.1 24 190 M M 2 18 30 240
31 54 23 39 4 26 0 0.00 M M 2.4 9 10 M M 0 8 14 40
================================================================================
SM 1796 927 645 0 1.16 M 126.1 M 88
================================================================================
AV 57.9 29.9 4.1 FASTST M M 3 MAX(MPH)
MISC ----> 30 200 44 230
================================================================================
NOTES:
# LAST OF SEVERAL OCCURRENCES
COLUMN 17 PEAK WIND IN M.P.H.
PRELIMINARY LOCAL CLIMATOLOGICAL DATA (WS FORM: F-6) , PAGE 2
STATION: MCCALL ID
MONTH: OCTOBER
YEAR: 2020
LATITUDE: 44 52 N
LONGITUDE: 116 6 W
[TEMPERATURE DATA] [PRECIPITATION DATA] SYMBOLS USED IN COLUMN 16
AVERAGE MONTHLY: 43.9 TOTAL FOR MONTH: 1.16 1 = FOG OR MIST
DPTR FM NORMAL: 4.0 DPTR FM NORMAL: -0.24 2 = FOG REDUCING VISIBILITY
HIGHEST: 78 ON 1 GRTST 24HR 1.00 ON 10-11 TO 1/4 MILE OR LESS
LOWEST: 10 ON 26 3 = THUNDER
SNOW, ICE PELLETS, HAIL 4 = ICE PELLETS
TOTAL MONTH: M 5 = HAIL
GRTST 24HR M ON M 6 = FREEZING RAIN OR DRIZZLE
GRTST DEPTH: M ON M 7 = DUSTSTORM OR SANDSTORM:
VSBY 1/2 MILE OR LESS
8 = SMOKE OR HAZE
[NO. OF DAYS WITH] [WEATHER - DAYS WITH] 9 = BLOWING SNOW
X = TORNADO
MAX 32 OR BELOW: 0 0.01 INCH OR MORE: 7
MAX 90 OR ABOVE: 0 0.10 INCH OR MORE: 1
MIN 32 OR BELOW: 15 0.50 INCH OR MORE: 1
MIN 0 OR BELOW: 0 1.00 INCH OR MORE: 0
[HDD (BASE 65) ]
TOTAL THIS MO. 645 CLEAR (SCALE 0-3) 18
DPTR FM NORMAL -133 PTCLDY (SCALE 4-7) 11
TOTAL FM JUL 1 1055 CLOUDY (SCALE 8-10) 2
DPTR FM NORMAL -488
[CDD (BASE 65) ]
TOTAL THIS MO. 0
DPTR FM NORMAL 0 [PRESSURE DATA]
TOTAL FM JAN 1 135 HIGHEST SLP 30.53 ON 15
DPTR FM NORMAL 110 LOWEST SLP 29.75 ON 10
[REMARKS]
#FINAL-10-20#