000
CXUS56 KSTO 180618
CF6MYV
PRELIMINARY LOCAL CLIMATOLOGICAL DATA (WS FORM: F-6)
STATION: MARYSVILLE
MONTH: NOVEMBER
YEAR: 2021
LATITUDE: 39 6 N
LONGITUDE: 121-34 E
TEMPERATURE IN F: :PCPN: SNOW: WIND :SUNSHINE: SKY :PK WND
================================================================================
1 2 3 4 5 6A 6B 7 8 9 10 11 12 13 14 15 16 17 18
12Z AVG MX 2MIN
DY MAX MIN AVG DEP HDD CDD WTR SNW DPTH SPD SPD DIR MIN PSBL S-S WX SPD DR
================================================================================
1 65 56 61 3 4 0 0.04 M M 6.6 17 180 M M 8 18 23 180
2 70 54 62 4 3 0 T M M 3.0 8 260 M M 5 1 10 150
3 72 52 62 5 3 0 0.00 0.0 M 3.8 13 140 M M 0 17 150
4 70 50 60 3 5 0 0.02 0.0 M 6.9 16 160 M M 3 1 21 150
5 66 44 55 -2 10 0 0.00 M M 2.4 8 100 M M 0 1 10 110
6 59 49 54 -2 11 0 0.05 M M 3.0 10 100 M M 5 1 13 110
7 63 41 52 -4 13 0 0.00 M M 5.4 15 310 M M 0 19 310
8 62 37 50 -5 15 0 0.28 M M 4.9 18 130 M M 3 25 130
9 60 53 57 2 8 0 0.10 M M 14.7 35 160 M M 9 1 47 160
10 67 51 59 4 6 0 0.00 M M 4.6 10 340 M M 5 12 13 340
11 69 47 58 4 7 0 0.00 0.0 M 3.0 7 120 M M 0 1 9 120
12 63 45 54 0 11 0 0.00 M M 2.1 8 330 M M 5 128 10 240
13 60 50 55 2 10 0 0.00 0.0 M 2.4 8 170 M M 7 12 9 180
14 56 52 54 1 11 0 0.00 M M 2.3 8 340 M M 10 12 9 340
15 56 52 54 1 11 0 0.00 M M 3.3 13 310 M M 10 1 16 310
16 65 49 57 5 8 0 0.00 M M 4.9 13 310 M M 5 1 15 310
17 61 45 53 1 12 0 0.00 M M 2.3 8 160 M M 5 18 11 160
18 57 43 50 -2 15 0 0.01 M M 2.6 9 80 M M 3 18 11 80
19 63 50 57 6 8 0 0.14 M M 5.4 12 330 M M 9 18 16 320
20 68 44 56 5 9 0 0.00 M M 7.3 17 330 M M 0 21 340
21 67 39 53 2 12 0 0.00 M M 2.3 12 350 M M 0 15 350
22 66 36 51 1 14 0 0.00 M M 1.2 8 100 M M 1 128 10 90
23 65 38 52 2 13 0 0.00 M M 8.7 23 330 M M 1 8 29 330
24 65 39 52 2 13 0 0.00 M M 12.7 24 330 M M 0 32 330
25 63 33 48 -1 17 0 0.00 M M 1.5 6 310 M M 0 18 9 250
26 66 39 53 4 12 0 0.00 0.0 M 1.9 7 310 M M 0 18 10 300
27 65 41 53 4 12 0 0.00 0.0 M 1.1 6 100 M M 0 7 150
28 68 40 54 5 11 0 0.00 M M 2.7 8 320 M M 0 12 11 340
29 69 40 55 7 10 0 0.00 M M 2.3 9 320 M M 0 1 12 330
30 67 39 53 5 12 0 0.00 M M 1.5 7 320 M M 1 128 8 310
================================================================================
SM 1933 1348 306 0 0.64 0.0 126.8 M 95
================================================================================
AV 64.4 44.9 4.2 FASTST M M 3 MAX(MPH)
MISC ----> 35 160 47 160
================================================================================
NOTES:
# LAST OF SEVERAL OCCURRENCES
COLUMN 17 PEAK WIND IN M.P.H.
PRELIMINARY LOCAL CLIMATOLOGICAL DATA (WS FORM: F-6) , PAGE 2
STATION: MARYSVILLE
MONTH: NOVEMBER
YEAR: 2021
LATITUDE: 39 6 N
LONGITUDE: 121-34 E
[TEMPERATURE DATA] [PRECIPITATION DATA] SYMBOLS USED IN COLUMN 16
AVERAGE MONTHLY: 54.7 TOTAL FOR MONTH: 0.64 1 = FOG OR MIST
DPTR FM NORMAL: 2.0 DPTR FM NORMAL: -1.57 2 = FOG REDUCING VISIBILITY
HIGHEST: 72 ON 3 GRTST 24HR 0.38 ON 8- 9 TO 1/4 MILE OR LESS
LOWEST: 33 ON 25 3 = THUNDER
SNOW, ICE PELLETS, HAIL 4 = ICE PELLETS
TOTAL MONTH: 0.0 INCH 5 = HAIL
GRTST 24HR 0.0 6 = FREEZING RAIN OR DRIZZLE
GRTST DEPTH: M ON M 7 = DUSTSTORM OR SANDSTORM:
VSBY 1/2 MILE OR LESS
8 = SMOKE OR HAZE
[NO. OF DAYS WITH] [WEATHER - DAYS WITH] 9 = BLOWING SNOW
X = TORNADO
MAX 32 OR BELOW: 0 0.01 INCH OR MORE: 7
MAX 90 OR ABOVE: 0 0.10 INCH OR MORE: 3
MIN 32 OR BELOW: 0 0.50 INCH OR MORE: 0
MIN 0 OR BELOW: 0 1.00 INCH OR MORE: 0
[HDD (BASE 65) ]
TOTAL THIS MO. 306 CLEAR (SCALE 0-3) 17
DPTR FM NORMAL -62 PTCLDY (SCALE 4-7) 9
TOTAL FM JUL 1 389 CLOUDY (SCALE 8-10) 4
DPTR FM NORMAL -71
[CDD (BASE 65) ]
TOTAL THIS MO. 0
DPTR FM NORMAL -1 [PRESSURE DATA]
TOTAL FM JAN 1 1861 HIGHEST SLP 30.45 ON 25
DPTR FM NORMAL 362 LOWEST SLP 29.97 ON 8
[REMARKS]
#FINAL-11-21#