000
CXUS51 KOKX 011330 RRA
CLMNYC
CLIMATE REPORT
NATIONAL WEATHER SERVICE NEW YORK, NY
923 AM EDT MON APR 01 2024
...................................
...THE CENTRAL PARK NY CLIMATE SUMMARY FOR THE MONTH OF MARCH 2024...
CLIMATE NORMAL PERIOD 1991 TO 2020
CLIMATE RECORD PERIOD 1869 TO 2024
WEATHER OBSERVED NORMAL DEPART LAST YEAR`S
VALUE DATE(S) VALUE FROM VALUE DATE(S)
NORMAL
................................................................
TEMPERATURE (F)
RECORD
HIGH 86 03/31/1998
03/29/1945
LOW 3 03/05/1872
HIGHEST 74 03/14 MM MM 63 03/21
03/26
LOWEST 29 03/22 MM MM 29 03/19
AVG. MAXIMUM 55.7 49.9 5.8 51.5
AVG. MINIMUM 40.6 35.8 4.8 37.8
MEAN 48.1 42.8 5.3 44.6
DAYS MAX >= 90 0 0.0 0.0 0
DAYS MAX <= 32 0 0.9 -0.9 0
DAYS MIN <= 32 4 10.6 -6.6 4
DAYS MIN <= 0 0 0.0 0.0 0
PRECIPITATION (INCHES)
RECORD
MAXIMUM 10.69 2010
MINIMUM 0.80 2006
TOTALS 9.06 4.29 4.77 3.32
DAILY AVG. 0.29 0.14 0.15 0.11
DAYS >= .01 12 11.1 0.9 12
DAYS >= .10 7 7.5 -0.5 8
DAYS >= .50 5 2.7 2.3 2
DAYS >= 1.00 4 1.0 3.0 0
GREATEST
24 HR. TOTAL 3.66 03/23 TO 03/23 1.14 03/03 TO 03/04
STORM TOTAL 3.66 0.99
(MM/DD(HH)) MM
SNOWFALL (INCHES)
TOTALS T 5.0 -5.0 0.1
LIQUID EQUIV T 0.50 -0.50 0.00
SINCE 7/1 7.5 29.4 -21.9 MM
LIQUID 7/1 0.75 2.90 -2.15 MM
SNOWDEPTH AVG. 0 0
DAYS >= TRACE 1 2.0 -1.0 3
DAYS >= 1.0 0 1.3 -1.3 0
GREATEST
SNOW DEPTH 0 1 03/01
24 HR TOTAL MM MM
STORM TOTAL 0.0 0.1
(MM/DD(HH)) MM
DEGREE DAYS
HEATING TOTAL 515 688 -173 622
SINCE 7/1 3476 4062 -586 MM
COOLING TOTAL 0 1 -1 0
SINCE 1/1 0 1 -1 MM
................................................................
WIND (MPH)
AVERAGE WIND SPEED 6.5
HIGHEST WIND SPEED/DIRECTION 26/310 DATE 03/11
HIGHEST GUST SPEED/DIRECTION 53/290 DATE 03/11
AVERAGE RH (PERCENT) 56
WEATHER CONDITIONS. NUMBER OF DAYS WITH
THUNDERSTORM 0 MIXED PRECIP 0
HEAVY RAIN 6 RAIN 6
LIGHT RAIN 14 FREEZING RAIN 0
LT FREEZING RAIN 0 HAIL 0
HEAVY SNOW 0 SNOW 0
LIGHT SNOW 1 SLEET 0
FOG 10 FOG W/VIS <= 1/4 MILE 1
HAZE 10
- INDICATES NEGATIVE NUMBERS.
R INDICATES RECORD WAS SET OR TIED.
MM INDICATES DATA IS MISSING.
T INDICATES TRACE AMOUNT.
$$