000
CXUS55 KPSR 011005
CF6NYL
PRELIMINARY LOCAL CLIMATOLOGICAL DATA (WS FORM: F-6)
STATION: YUMA AZ
MONTH: MARCH
YEAR: 2023
LATITUDE: 32 39 N
LONGITUDE: 114 37 W
TEMPERATURE IN F: :PCPN: SNOW: WIND :SUNSHINE: SKY :PK WND
================================================================================
1 2 3 4 5 6A 6B 7 8 9 10 11 12 13 14 15 16 17 18
12Z AVG MX 2MIN
DY MAX MIN AVG DEP HDD CDD WTR SNW DPTH SPD SPD DIR MIN PSBL S-S WX SPD DR
================================================================================
1 64 42 53 -11 12 0 0.03 0.0 M 13.1 32 270 M M 4 78 46 270
2 67 39 53 -12 12 0 0.00 M M 6.3 15 30 M M 2 21 360
3 69 44 57 -8 8 0 0.00 M M 4.4 12 130 M M 0 18 150
4 73 45 59 -6 6 0 0.00 M M 6.0 15 260 M M 0 19 150
5 65 49 57 -8 8 0 0.00 M M 7.1 16 320 M M 0 24 330
6 72 53 63 -3 2 0 0.00 M M 6.9 14 310 M M 4 20 310
7 72 53 63 -3 2 0 0.00 0.0 0 6.1 13 340 M M 4 21 310
8 76 45 61 -5 4 0 0.00 M M 2.8 13 280 M M 3 17 290
9 78 49 64 -2 1 0 0.00 0.0 0 3.7 9 290 M M 2 14 30
10 82 54 68 2 0 3 0.00 M M 5.2 13 250 M M 4 17 260
11 82 60 71 4 0 6 0.00 M M 7.3 17 280 M M 2 24 270
12 82 56 69 2 0 4 0.00 M M 7.3 18 290 M M 1 26 290
13 82 61 72 5 0 7 0.00 M M 5.9 14 270 M M 3 20 290
14 82 57 70 3 0 5 0.00 M M 4.3 16 270 M M 5 21 230
15 79 61 70 2 0 5 0.17 M M 8.8 23 190 M M 7 3 36 300
16 76 51 64 -4 1 0 0.00 M M 5.9 17 290 M M 3 26 300
17 78 52 65 -3 0 0 0.00 M M 7.4 17 40 M M 1 22 360
18 78 54 66 -2 0 1 0.00 M M 7.2 15 70 M M 0 21 50
19 80 60 70 2 0 5 0.00 M M 8.3 16 200 M M 2 22 200
20 78 57 68 0 0 3 0.00 M M 8.8 21 290 M M 4 28 320
21 73 59 66 -3 0 1 0.09 M M 10.2 24 150 M M 8 38 210
22 70 54 62 -7 3 0 0.00 M M 10.4 21 300 M M 4 28 290
23 70 50 60 -9 5 0 0.00 M M 12.8 22 280 M M 2 30 290
24 72 49 61 -8 4 0 0.00 M M 8.3 20 280 M M 0 29 270
25 73 49 61 -8 4 0 0.00 0.0 0 6.9 16 280 M M 0 22 260
26 73 52 63 -7 2 0 0.00 0.0 0 7.0 15 300 M M 0 21 310
27 72 53 63 -7 2 0 0.00 M M 11.8 24 30 M M 1 33 20
28 78 50 64 -6 1 0 0.00 M M 4.6 10 290 M M 0 14 20
29 80 51 66 -4 0 1 0.00 M M 6.6 22 290 M M 3 30 300
30 68 52 60 -10 5 0 0.00 0.0 M 13.0 26 290 M M 3 40 290
31 73 45 59 -11 6 0 0.00 0.0 M 3.8 8 310 M M 3 12 10
================================================================================
SM 2317 1606 88 41 0.29 0.0 228.2 M 75
================================================================================
AV 74.7 51.8 7.4 FASTST M M 2 MAX(MPH)
MISC ----> 32 270 46 270
================================================================================
NOTES:
# LAST OF SEVERAL OCCURRENCES
COLUMN 17 PEAK WIND IN M.P.H.
PRELIMINARY LOCAL CLIMATOLOGICAL DATA (WS FORM: F-6) , PAGE 2
STATION: YUMA AZ
MONTH: MARCH
YEAR: 2023
LATITUDE: 32 39 N
LONGITUDE: 114 37 W
[TEMPERATURE DATA] [PRECIPITATION DATA] SYMBOLS USED IN COLUMN 16
AVERAGE MONTHLY: 63.3 TOTAL FOR MONTH: 0.29 1 = FOG OR MIST
DPTR FM NORMAL: -4.3 DPTR FM NORMAL: -0.10 2 = FOG REDUCING VISIBILITY
HIGHEST: 82 ON 14,13 GRTST 24HR 0.17 ON 15-15 TO 1/4 MILE OR LESS
LOWEST: 39 ON 2 3 = THUNDER
SNOW, ICE PELLETS, HAIL 4 = ICE PELLETS
TOTAL MONTH: 0.0 INCH 5 = HAIL
GRTST 24HR 0.0 6 = FREEZING RAIN OR DRIZZLE
GRTST DEPTH: 0 7 = DUSTSTORM OR SANDSTORM:
VSBY 1/2 MILE OR LESS
8 = SMOKE OR HAZE
[NO. OF DAYS WITH] [WEATHER - DAYS WITH] 9 = BLOWING SNOW
X = TORNADO
MAX 32 OR BELOW: 0 0.01 INCH OR MORE: 3
MAX 90 OR ABOVE: 0 0.10 INCH OR MORE: 1
MIN 32 OR BELOW: 0 0.50 INCH OR MORE: 0
MIN 0 OR BELOW: 0 1.00 INCH OR MORE: 0
[HDD (BASE 65) ]
TOTAL THIS MO. 88 CLEAR (SCALE 0-3) 21
DPTR FM NORMAL 42 PTCLDY (SCALE 4-7) 10
TOTAL FM JUL 1 913 CLOUDY (SCALE 8-10) 0
DPTR FM NORMAL 244
[CDD (BASE 65) ]
TOTAL THIS MO. 41
DPTR FM NORMAL -85 [PRESSURE DATA]
TOTAL FM JAN 1 41 HIGHEST SLP 30.21 ON 31
DPTR FM NORMAL -122 LOWEST SLP 29.61 ON 1
[REMARKS]
#FINAL-03-23#