063
CXUS55 KPSR 011005
CF6NYL
PRELIMINARY LOCAL CLIMATOLOGICAL DATA (WS FORM: F-6)
STATION: YUMA AZ
MONTH: APRIL
YEAR: 2020
LATITUDE: 32 39 N
LONGITUDE: 114 37 W
TEMPERATURE IN F: :PCPN: SNOW: WIND :SUNSHINE: SKY :PK WND
================================================================================
1 2 3 4 5 6A 6B 7 8 9 10 11 12 13 14 15 16 17 18
12Z AVG MX 2MIN
DY MAX MIN AVG DEP HDD CDD WTR SNW DPTH SPD SPD DIR MIN PSBL S-S WX SPD DR
================================================================================
1 89 57 73 3 0 8 0.00 M M 6.0 20 210 M M 2 24 200
2 85 57 71 1 0 6 0.00 M M 6.5 16 310 M M 0 22 320
3 83 57 70 0 0 5 0.00 M M 5.8 13 270 M M 0 16 300
4 83 54 69 -1 0 4 0.00 M M 4.6 15 210 M M 0 17 210
5 83 57 70 0 0 5 0.00 M M 6.1 18 210 M M 0 22 170
6 78 58 68 -3 0 3 0.00 M M 7.1 16 200 M M 1 20 190
7 79 57 68 -3 0 3 0.00 M M 6.1 16 160 M M 1 19 180
8 68 51 60 -11 5 0 0.12 M M 7.7 36 250 M M 4 18 45 250
9 70 50 60 -11 5 0 0.00 M M 4.2 12 270 M M 1 19 290
10 72 54 63 -9 2 0 0.17 M M 7.9 24 300 M M 6 1 31 290
11 70 50 60 -12 5 0 0.01 M M 5.7 14 290 M M 2 1 18 300
12 80 57 69 -3 0 4 0.00 M M 11.9 18 190 M M 0 25 210
13 80 57 69 -3 0 4 0.00 M M 10.1 16 300 M M 0 22 310
14 84 56 70 -2 0 5 0.00 M M 9.6 23 20 M M 0 29 30
15 84 56 70 -3 0 5 0.00 M M 5.7 13 20 M M 0 17 10
16 87 56 72 -1 0 7 0.00 M M 7.0 16 220 M M 0 22 210
17 84 58 71 -2 0 6 0.00 M M 7.5 23 280 M M 2 29 300
18 79 56 68 -6 0 3 0.00 M M 10.1 20 280 M M 0 25 290
19 83 55 69 -5 0 4 0.00 M M 5.7 15 200 M M 0 19 220
20 84 58 71 -3 0 6 0.00 M M 7.0 17 290 M M 0 24 290
21 83 60 72 -2 0 7 0.00 M M 10.1 22 300 M M 0 29 300
22 96 61 79 4 0 14 0.00 M M 6.2 18 10 M M 0 26 20
23 98 64 81 6 0 16 0.00 M M 4.4 12 270 M M 0 16 250
24 101 71 86 11 0 21 0.00 M M 6.5 16 340 M M 0 21 360
25 103 73 88 13 0 23 0.00 M M 5.0 13 250 M M 0 16 260
26 104 70 87 11 0 22 0.00 M M 6.4 17 290 M M 0 24 290
27 101 72 87 11 0 22 0.00 M M 6.4 15 250 M M 1 20 250
28 101 69 85 9 0 20 0.00 M M 5.0 12 270 M M 0 14 290
29 103 70 87 10 0 22 0.00 M M 5.6 12 210 M M 0 17 190
30 99 71 85 8 0 20 0.00 M M 4.8 13 160 M M 3 15 150
================================================================================
SM 2594 1792 17 265 0.30 M 202.7 M 23
================================================================================
AV 86.5 59.7 6.8 FASTST M M 1 MAX(MPH)
MISC ----> 36 250 45 250
================================================================================
NOTES:
# LAST OF SEVERAL OCCURRENCES
COLUMN 17 PEAK WIND IN M.P.H.
PRELIMINARY LOCAL CLIMATOLOGICAL DATA (WS FORM: F-6) , PAGE 2
STATION: YUMA AZ
MONTH: APRIL
YEAR: 2020
LATITUDE: 32 39 N
LONGITUDE: 114 37 W
[TEMPERATURE DATA] [PRECIPITATION DATA] SYMBOLS USED IN COLUMN 16
AVERAGE MONTHLY: 73.1 TOTAL FOR MONTH: 0.30 1 = FOG OR MIST
DPTR FM NORMAL: 0.1 DPTR FM NORMAL: 0.15 2 = FOG REDUCING VISIBILITY
HIGHEST: 104 ON 26 GRTST 24HR 0.18 ON 10-11 TO 1/4 MILE OR LESS
LOWEST: 50 ON 11, 9 3 = THUNDER
SNOW, ICE PELLETS, HAIL 4 = ICE PELLETS
TOTAL MONTH: M 5 = HAIL
GRTST 24HR M ON M 6 = FREEZING RAIN OR DRIZZLE
GRTST DEPTH: M ON M 7 = DUSTSTORM OR SANDSTORM:
VSBY 1/2 MILE OR LESS
8 = SMOKE OR HAZE
[NO. OF DAYS WITH] [WEATHER - DAYS WITH] 9 = BLOWING SNOW
X = TORNADO
MAX 32 OR BELOW: 0 0.01 INCH OR MORE: 3
MAX 90 OR ABOVE: 9 0.10 INCH OR MORE: 2
MIN 32 OR BELOW: 0 0.50 INCH OR MORE: 0
MIN 0 OR BELOW: 0 1.00 INCH OR MORE: 0
[HDD (BASE 65) ]
TOTAL THIS MO. 17 CLEAR (SCALE 0-3) 28
DPTR FM NORMAL 4 PTCLDY (SCALE 4-7) 2
TOTAL FM JUL 1 712 CLOUDY (SCALE 8-10) 0
DPTR FM NORMAL 27
[CDD (BASE 65) ]
TOTAL THIS MO. 265
DPTR FM NORMAL 12 [PRESSURE DATA]
TOTAL FM JAN 1 307 HIGHEST SLP 30.15 ON 9
DPTR FM NORMAL -99 LOWEST SLP 29.67 ON 1
[REMARKS]
#FINAL-04-20#