000
CXUS56 KMTR 171751
CF6OAK
PRELIMINARY LOCAL CLIMATOLOGICAL DATA (WS FORM: F-6)
STATION: OAKLAND AIRPORT
MONTH: OCTOBER
YEAR: 2020
LATITUDE: 37 43 N
LONGITUDE: 122 13 W
TEMPERATURE IN F: :PCPN: SNOW: WIND :SUNSHINE: SKY :PK WND
================================================================================
1 2 3 4 5 6A 6B 7 8 9 10 11 12 13 14 15 16 17 18
12Z AVG MX 2MIN
DY MAX MIN AVG DEP HDD CDD WTR SNW DPTH SPD SPD DIR MIN PSBL S-S WX SPD DR
================================================================================
1 90 61 76 13 0 11 0.00 M M 3.1 13 300 M M 8 8 15 300
2 90 59 75 12 0 10 0.00 M M 4.7 13 290 M M 6 18 15 290
3 89 56 73 11 0 8 0.00 M M 4.7 15 300 M M 4 18 16 290
4 74 53 64 2 1 0 0.00 M M 7.1 17 300 M M 1 1 20 300
5 79 54 67 5 0 2 0.00 M M 5.1 16 300 M M 4 128 18 300
6 74 52 63 1 2 0 0.00 M M 6.5 18 300 M M 4 18 21 300
7 67 56 62 0 3 0 0.00 M M 8.7 21 280 M M 7 18 23 280
8 69 61 65 3 0 0 T M M 9.9 18 280 M M 9 8 23 280
9 71 58 65 3 0 0 T M M 5.4 14 290 M M 7 15 290
10 75 58 67 5 0 2 0.00 M M 6.8 17 280 M M 7 20 280
11 79 55 67 6 0 2 0.00 M M 6.0 17 280 M M 2 1 20 270
12 84 55 70 9 0 5 0.00 M M 5.3 15 310 M M 2 18 310
13 86 55 71 10 0 6 0.00 M M 4.6 13 310 M M 1 15 310
14 89 58 74 13 0 9 0.00 M M 5.2 16 280 M M 0 19 280
15 98 58 78 17 0 13 0.00 M M 8.6 23 40 M M 0 8 29 30
16 92 63 78 17 0 13 0.00 M M 6.8 21 50 M M 1 28 50
17 93 57 75 15 0 10 0.00 M M 3.3 14 300 M M 1 16 310
18 86 55 71 11 0 6 0.00 M M 5.5 17 300 M M 1 20 300
19 76 56 66 6 0 1 0.00 M M 5.5 15 300 M M 1 1 18 310
20 81 51 66 6 0 1 0.00 M M 4.3 15 300 M M 1 1 17 300
21 85 53 69 9 0 4 0.00 M M 4.1 14 300 M M 1 1 16 300
22 73 54 64 4 1 0 0.00 M M 7.0 17 290 M M 1 18 20 300
23 72 55 64 5 1 0 0.00 M M 6.7 17 290 M M 4 20 280
24 71 54 63 4 2 0 0.00 M M 7.2 17 300 M M 5 18 21 300
25 75 60 68 9 0 3 T M M 11.9 44 30 M M 5 8 57 30
26 80 50 65 6 0 0 0.00 M M 7.5 31 10 M M 1 38 360
27 81 51 66 7 0 1 0.00 M M 6.9 21 50 M M 1 25 40
28 76 47 62 4 3 0 0.00 M M 3.7 12 300 M M 0 13 300
29 78 49 64 6 1 0 0.00 M M 3.9 12 300 M M 0 14 310
30 70 47 59 1 6 0 0.00 M M 4.7 15 290 M M 1 128 16 280
31 79 45 62 4 3 0 0.00 M M 3.5 10 300 M M 0 8 12 310
================================================================================
SM 2482 1696 23 107 T M 184.2 M 86
================================================================================
AV 80.1 54.7 5.9 FASTST M M 3 MAX(MPH)
MISC ----> 44 30 57 30
================================================================================
NOTES:
# LAST OF SEVERAL OCCURRENCES
COLUMN 17 PEAK WIND IN M.P.H.
PRELIMINARY LOCAL CLIMATOLOGICAL DATA (WS FORM: F-6) , PAGE 2
STATION: OAKLAND AIRPORT
MONTH: OCTOBER
YEAR: 2020
LATITUDE: 37 43 N
LONGITUDE: 122 13 W
[TEMPERATURE DATA] [PRECIPITATION DATA] SYMBOLS USED IN COLUMN 16
AVERAGE MONTHLY: 67.4 TOTAL FOR MONTH: T 1 = FOG OR MIST
DPTR FM NORMAL: 6.9 DPTR FM NORMAL: -1.20 2 = FOG REDUCING VISIBILITY
HIGHEST: 98 ON 15 GRTST 24HR T ON 8- 8 TO 1/4 MILE OR LESS
LOWEST: 45 ON 31 3 = THUNDER
SNOW, ICE PELLETS, HAIL 4 = ICE PELLETS
TOTAL MONTH: M 5 = HAIL
GRTST 24HR M ON M 6 = FREEZING RAIN OR DRIZZLE
GRTST DEPTH: M ON M 7 = DUSTSTORM OR SANDSTORM:
VSBY 1/2 MILE OR LESS
8 = SMOKE OR HAZE
[NO. OF DAYS WITH] [WEATHER - DAYS WITH] 9 = BLOWING SNOW
X = TORNADO
MAX 32 OR BELOW: 0 0.01 INCH OR MORE: 0
MAX 90 OR ABOVE: 5 0.10 INCH OR MORE: 0
MIN 32 OR BELOW: 0 0.50 INCH OR MORE: 0
MIN 0 OR BELOW: 0 1.00 INCH OR MORE: 0
[HDD (BASE 65) ]
TOTAL THIS MO. 23 CLEAR (SCALE 0-3) 19
DPTR FM NORMAL -129 PTCLDY (SCALE 4-7) 10
TOTAL FM JUL 1 33 CLOUDY (SCALE 8-10) 2
DPTR FM NORMAL -318
[CDD (BASE 65) ]
TOTAL THIS MO. 107
DPTR FM NORMAL 95 [PRESSURE DATA]
TOTAL FM JAN 1 573 HIGHEST SLP 30.18 ON 26
DPTR FM NORMAL 436 LOWEST SLP 29.76 ON 21
[REMARKS]
#FINAL-10-20#