000
CXUS53 KGID 011156
CLMODX
CLIMATE REPORT
NATIONAL WEATHER SERVICE HASTINGS NE
656 AM CDT MON MAY 01 2023
...................................
...THE ORD NE CLIMATE SUMMARY FOR THE MONTH OF APRIL 2023...
CLIMATE NORMAL PERIOD 1991 TO 2020
CLIMATE RECORD PERIOD 1895 TO 2023
WEATHER OBSERVED NORMAL DEPART LAST YEAR`S
VALUE DATE(S) VALUE FROM VALUE DATE(S)
NORMAL
................................................................
TEMPERATURE (F)
HIGHEST 91 04/13 MM MM 92 04/22
LOWEST 12 04/06 MM MM 15 04/09
AVG. MAXIMUM 66.0 61.4 4.6 63.5
AVG. MINIMUM 32.0 34.4 -2.4 30.8
MEAN 49.0 47.9 1.1 47.1
DAYS MAX >= 90 2 0.2 1.8 1
DAYS MAX <= 32 0 0.6 -0.6 0
DAYS MIN <= 32 18 11.3 6.7 16
DAYS MIN <= 0 0 0.0 0.0 0
PRECIPITATION (INCHES)
TOTALS 0.27 2.88 -2.61 1.28
DAILY AVG. 0.01 0.10 -0.09 0.04
DAYS >= .01 4 9.4 -5.4 6
DAYS >= .10 1 5.4 -4.4 2
DAYS >= .50 0 1.9 -1.9 2
DAYS >= 1.00 0 0.9 -0.9 0
GREATEST
24 HR. TOTAL 0.16 04/27 TO 04/28
DEGREE DAYS
HEATING TOTAL 492 515 -23 538
SINCE 7/1 6395 6371 24 MM
COOLING TOTAL 19 2 17 10
SINCE 1/1 19 2 17 MM
................................................................
WIND (MPH)
AVERAGE WIND SPEED 13.5
HIGHEST WIND SPEED/DIRECTION 43/330 DATE 04/29
HIGHEST GUST SPEED/DIRECTION 57/340 DATE 04/29
SKY COVER
POSSIBLE SUNSHINE (PERCENT) MM
AVERAGE SKY COVER 0.26
NUMBER OF DAYS FAIR 19
NUMBER OF DAYS PC 9
NUMBER OF DAYS CLOUDY 2
AVERAGE RH (PERCENT) 51
WEATHER CONDITIONS. NUMBER OF DAYS WITH
THUNDERSTORM 1 MIXED PRECIP 0
HEAVY RAIN 0 RAIN 0
LIGHT RAIN 6 FREEZING RAIN 0
LT FREEZING RAIN 1 HAIL 0
HEAVY SNOW 0 SNOW 0
LIGHT SNOW 0 SLEET 0
FOG 5 FOG W/VIS <= 1/4 MILE 0
HAZE 2
- INDICATES NEGATIVE NUMBERS.
R INDICATES RECORD WAS SET OR TIED.
MM INDICATES DATA IS MISSING.
T INDICATES TRACE AMOUNT.
$$