000
CXUS53 KOAX 010930
CF6OFK
PRELIMINARY LOCAL CLIMATOLOGICAL DATA (WS FORM: F-6)
STATION: NORFOLK NE
MONTH: APRIL
YEAR: 2023
LATITUDE: 41 58 N
LONGITUDE: 97 26 W
TEMPERATURE IN F: :PCPN: SNOW: WIND :SUNSHINE: SKY :PK WND
================================================================================
1 2 3 4 5 6A 6B 7 8 9 10 11 12 13 14 15 16 17 18
12Z AVG MX 2MIN
DY MAX MIN AVG DEP HDD CDD WTR SNW DPTH SPD SPD DIR MIN PSBL S-S WX SPD DR
================================================================================
1 56 25 41 -3 24 0 T T T 14.6 36 320 M M 2 18 49 310
2 67 34 51 6 14 0 0.00 0.0 0 10.6 23 330 M M 1 31 330
3 58 33 46 1 19 0 0.00 0.0 0 14.2 25 30 M M 6 32 40
4 38 30 34 -11 31 0 0.00 0.0 0 16.6 28 300 M M 10 18 39 310
5 41 20 31 -15 34 0 0.00 0.0 0 18.2 31 300 M M 4 45 300
6 60 16 38 -8 27 0 T 0.0 0 8.7 28 230 M M 2 40 220
7 70 23 47 1 18 0 0.00 0.0 0 14.1 29 200 M M 0 8 40 190
8 77 45 61 15 4 0 0.00 0.0 0 19.0 30 170 M M 0 44 170
9 76 49 63 16 2 0 T 0.0 0 10.9 22 230 M M 4 3 28 240
10 77 41 59 12 6 0 0.15 0.0 0 6.6 18 150 M M 1 3 25 170
11 86 47 67 19 0 2 0.00 0.0 0 16.6 29 200 M M 0 18 39 190
12 91 59 75 27 0 10 0.00 0.0 0 19.1 31 210 M M 0 41 200
13 90 60 75 27 0 10 0.00 0.0 0 24.3 37 170 M M 1 52 170
14 68 46 57 9 8 0 0.00 0.0 0 17.7 30 350 M M 1 39 340
15 48 36 42 -7 23 0 0.03 0.0 0 20.7 36 330 M M 10 48 350
16 57 35 46 -3 19 0 0.00 0.0 0 24.1 44 330 M M 1 60 330
17 69 25 47 -2 18 0 0.00 0.0 0 5.4 12 100 M M 0 16 110
18 74 38 56 6 9 0 0.06 0.0 0 19.6 35 110 M M 1 3 46 120
19 62 51 57 7 8 0 0.00 0.0 0 13.7 28 120 M M 10 38 39 110
20 58 39 49 -1 16 0 0.09 0.0 0 17.1 32 320 M M 7 1 43 310
21 44 32 38 -13 27 0 T T T 18.9 31 310 M M 8 8 43 320
22 49 27 38 -13 27 0 0.00 0.0 0 17.7 26 340 M M 7 36 330
23 55 22 39 -12 26 0 0.00 0.0 0 5.4 22 330 M M 4 35 310
24 65 29 47 -5 18 0 0.00 0.0 0 8.3 16 80 M M 5 23 100
25 64 37 51 -1 14 0 0.00 0.0 0 9.8 20 90 M M 2 27 130
26 70 34 52 0 13 0 0.00 0.0 0 8.6 17 190 M M 4 23 180
27 72 44 58 5 7 0 0.01 0.0 0 13.5 28 220 M M 3 36 210
28 61 37 49 -4 16 0 0.08 0.0 0 17.0 30 340 M M 7 1 40 340
29 69 30 50 -4 15 0 0.00 0.0 0 12.2 38 330 M M 2 49 330
30 60 39 50 -4 15 0 0.00 0.0 0 20.6 39 330 M M 3 54 360
================================================================================
SM 1932 1083 458 22 0.42 T 443.8 M 106
================================================================================
AV 64.4 36.1 14.8 FASTST M M 4 MAX(MPH)
MISC ----> 44 330 60 330
================================================================================
NOTES:
# LAST OF SEVERAL OCCURRENCES
COLUMN 17 PEAK WIND IN M.P.H.
PRELIMINARY LOCAL CLIMATOLOGICAL DATA (WS FORM: F-6) , PAGE 2
STATION: NORFOLK NE
MONTH: APRIL
YEAR: 2023
LATITUDE: 41 58 N
LONGITUDE: 97 26 W
[TEMPERATURE DATA] [PRECIPITATION DATA] SYMBOLS USED IN COLUMN 16
AVERAGE MONTHLY: 50.3 TOTAL FOR MONTH: 0.42 1 = FOG OR MIST
DPTR FM NORMAL: 1.3 DPTR FM NORMAL: -2.31 2 = FOG REDUCING VISIBILITY
HIGHEST: 91 ON 12 GRTST 24HR 0.15 ON 9-10 TO 1/4 MILE OR LESS
LOWEST: 16 ON 6 3 = THUNDER
SNOW, ICE PELLETS, HAIL 4 = ICE PELLETS
TOTAL MONTH: T 5 = HAIL
GRTST 24HR T ON 1- 1 6 = FREEZING RAIN OR DRIZZLE
GRTST DEPTH: T 7 = DUSTSTORM OR SANDSTORM:
VSBY 1/2 MILE OR LESS
8 = SMOKE OR HAZE
[NO. OF DAYS WITH] [WEATHER - DAYS WITH] 9 = BLOWING SNOW
X = TORNADO
MAX 32 OR BELOW: 0 0.01 INCH OR MORE: 6
MAX 90 OR ABOVE: 2 0.10 INCH OR MORE: 1
MIN 32 OR BELOW: 11 0.50 INCH OR MORE: 0
MIN 0 OR BELOW: 0 1.00 INCH OR MORE: 0
[HDD (BASE 65) ]
TOTAL THIS MO. 458 CLEAR (SCALE 0-3) 16
DPTR FM NORMAL -30 PTCLDY (SCALE 4-7) 11
TOTAL FM JUL 1 6371 CLOUDY (SCALE 8-10) 3
DPTR FM NORMAL -18
[CDD (BASE 65) ]
TOTAL THIS MO. 22
DPTR FM NORMAL 15 [PRESSURE DATA]
TOTAL FM JAN 1 22 HIGHEST SLP 30.41 ON 6
DPTR FM NORMAL 14 LOWEST SLP 29.40 ON 18
[REMARKS]
#FINAL-04-23#