000
CXUS53 KOAX 010907
CLMOFK
CLIMATE REPORT
NATIONAL WEATHER SERVICE OMAHA/VALLEY NE
407 AM CDT SAT APR 01 2023
...................................
...THE NORFOLK NE CLIMATE SUMMARY FOR THE MONTH OF MARCH 2023...
CLIMATE NORMAL PERIOD 1991 TO 2020
CLIMATE RECORD PERIOD 1888 TO 2023
WEATHER OBSERVED NORMAL DEPART
VALUE DATE(S) VALUE FROM
NORMAL
................................................
TEMPERATURE (F)
HIGHEST 72 03/30
LOWEST 10 03/19
AVG. MAXIMUM 45.2 49.6 -4.4
AVG. MINIMUM 23.2 26.0 -2.8
MEAN 34.2 37.8 -3.6
DAYS MAX >= 90 0
DAYS MAX <= 32 5
DAYS MIN <= 32 30
DAYS MIN <= 0 0
PRECIPITATION (INCHES)
RECORD
MAXIMUM 7.27 1987
MINIMUM T 1910
TOTALS 0.56 1.44 -0.88
DAYS >= .01 7
DAYS >= .10 3
DAYS >= .50 0
DAYS >= 1.00 0
GREATEST
24 HR. TOTAL 0.19 03/11 TO 03/11
SNOWFALL (INCHES)
RECORDS
TOTAL 20.8 1960
TOTALS 4.0 4.5 -0.5
SINCE 7/1 28.6
DAYS >= 1.0 2
GREATEST
SNOW DEPTH 2 03/10
24 HR TOTAL 2.7R 03/09 TO 03/09
DEGREE DAYS
HEATING TOTAL 948 844 104
SINCE 7/1 5913 5901 12
COOLING TOTAL 0 1 -1
SINCE 1/1 0 1 -1
................................................
WIND (MPH)
AVERAGE WIND SPEED 12.6
HIGHEST WIND SPEED/DIRECTION 43/340 DATE 03/16
HIGHEST GUST SPEED/DIRECTION 56/330 DATE 03/16
SKY COVER
AVERAGE SKY COVER 0.48
WEATHER CONDITIONS. NUMBER OF DAYS WITH
THUNDERSTORM 0 MIXED PRECIP 0
HEAVY RAIN 0 RAIN 0
LIGHT RAIN 3 FREEZING RAIN 1
LT FREEZING RAIN 3 HAIL 0
HEAVY SNOW 0 SNOW 1
LIGHT SNOW 11 SLEET 2
FOG 14 FOG W/VIS <= 1/4 MILE 3
HAZE 10
- INDICATES NEGATIVE NUMBERS.
R INDICATES RECORD WAS SET OR TIED.
MM INDICATES DATA IS MISSING.
T INDICATES TRACE AMOUNT.
$$