000
CXHW52 PHFO 011625
CLMOGG
CLIMATE REPORT
NATIONAL WEATHER SERVICE HONOLULU HI
625 AM HST FRI SEP 01 2023
...................................
...THE KAHULUI HI CLIMATE SUMMARY FOR THE MONTH OF AUGUST 2023...
CLIMATE NORMAL PERIOD 1991 TO 2020
CLIMATE RECORD PERIOD 1954 TO 2023
WEATHER OBSERVED NORMAL DEPART LAST YEAR`S
VALUE DATE(S) VALUE FROM VALUE DATE(S)
NORMAL
................................................................
TEMPERATURE (F)
RECORD
HIGH 97 08/22/2015
08/31/1994
LOW 60 08/30/2019
HIGHEST 92 08/22 88 4 96 08/06
LOWEST 65 08/28 71 -6 68 08/04
08/26
08/31
AVG. MAXIMUM 88.6 89.9 -1.3 91.9
AVG. MINIMUM 72.8 72.3 0.5 72.7
MEAN 80.7 81.1 -0.4 82.3
DAYS MAX >= 93 0 23
DAYS MAX >= 90 7 13
DAYS MAX <= 80 0 0
DAYS MIN >= 72 27 18
DAYS MIN <= 60 0 0
DAYS MIN <= 55 0 0
PRECIPITATION (INCHES)
RECORD
MAXIMUM 1.93 2018
MINIMUM 0.02 1973
TOTALS 0.19 0.53 -0.34 0.06
DAILY AVG. 0.01 0.02 -0.01 0.00
DAYS >= .01 3 7.4 -4.4 3
DAYS >= .10 1 1.3 -0.3 0
DAYS >= .50 0 0.2 -0.2 0
DAYS >= 1.00 0 0.0 0.0 0
GREATEST
24 HR. TOTAL 0.17 08/10 TO 08/11 0.04
SNOWFALL (INCHES)
RECORDS
TOTAL MM MM
TOTALS MM MM MM MM
SINCE 7/1 MM MM MM MM
SNOWDEPTH AVG. MM MM
DAYS >= 1.0 MM MM MM MM
GREATEST
SNOW DEPTH MM MM MM
24 HR TOTAL MM MM
DEGREE DAYS
HEATING TOTAL 0 0 0 0
SINCE 7/1 0 0 0 MM
COOLING TOTAL 494 499 -5 507
SINCE 1/1 2844 2847 -3 MM
................................................................
WIND (MPH)
AVERAGE WIND SPEED 16.5
HIGHEST WIND SPEED/DIRECTION 37/050 DATE 08/07
HIGHEST GUST SPEED/DIRECTION 51/040 DATE 08/07
SKY COVER
POSSIBLE SUNSHINE (PERCENT) MM
AVERAGE SKY COVER 0.31
NUMBER OF DAYS FAIR 20
NUMBER OF DAYS PC 11
NUMBER OF DAYS CLOUDY 0
AVERAGE RH (PERCENT) 65
WEATHER CONDITIONS. NUMBER OF DAYS WITH
THUNDERSTORM MM MIXED PRECIP MM
HEAVY RAIN MM RAIN MM
LIGHT RAIN 5 FREEZING RAIN MM
LT FREEZING RAIN MM HAIL MM
HEAVY SNOW MM SNOW MM
LIGHT SNOW MM SLEET MM
FOG 4 FOG W/VIS <= 1/4 MILE MM
HAZE 6
- INDICATES NEGATIVE NUMBERS.
R INDICATES RECORD WAS SET OR TIED.
MM INDICATES DATA IS MISSING.
T INDICATES TRACE AMOUNT.
$$