000
CXUS53 KEAX 012045 RRA
CLMOJC
CLIMATE REPORT
NATIONAL WEATHER SERVICE KANSAS CITY/PLEASANT HILL MO
238 PM CST MON JAN 01 2024
...................................
...THE JOHNSON COUNTY EXECUTIVE KS CLIMATE SUMMARY FOR THE MONTH OF DECEMBER 2023...
CLIMATE NORMAL PERIOD: 1991 TO 2020
CLIMATE RECORD PERIOD: 9999 TO 9999
WEATHER OBSERVED NORMAL DEPART LAST YEAR`S
VALUE DATE(S) VALUE FROM VALUE DATE(S)
NORMAL
................................................................
TEMPERATURE (F)
HIGHEST 65 12/07 63 2 66 12/29
LOWEST 23 12/18 4 19 -6 12/22
12/19
12/23
AVG. MAXIMUM 48.5 42.2 6.3 41.5
AVG. MINIMUM 33.4 25.4 8.0 23.7
MEAN 40.9 33.8 7.1 32.6
DAYS MAX >= 90 0 0.0 0.0 0
DAYS MAX <= 32 0 6.7 -6.7 5
DAYS MIN <= 32 19 24.2 -5.2 22
DAYS MIN <= 0 0 0.3 -0.3 2
PRECIPITATION (INCHES)
TOTALS 3.28 1.42 1.86 1.00
DAILY AVG. 0.11 0.05 0.06 0.03
DAYS >= .01 11 5.4 5.6 6
DAYS >= .10 6 2.4 3.6 2
DAYS >= .50 1 0.9 0.1 1
DAYS >= 1.00 1 0.3 0.7 0
GREATEST
24 HR. TOTAL 1.74 12/24 TO 12/25
DEGREE DAYS
HEATING TOTAL 740 967 -227 995
SINCE 7/1 1541 1936 -395 MM
COOLING TOTAL 0 0 0 0
SINCE 1/1 1774 1351 423 MM
................................................................
WIND (MPH)
AVERAGE WIND SPEED 8.4
HIGHEST WIND SPEED/DIRECTION 26/170 DATE 12/07
HIGHEST GUST SPEED/DIRECTION 39/170 DATE 12/07
SKY COVER
POSSIBLE SUNSHINE (PERCENT) MM
AVERAGE SKY COVER 0.49
NUMBER OF DAYS FAIR 14
NUMBER OF DAYS PC 5
NUMBER OF DAYS CLOUDY 12
AVERAGE RH (PERCENT) 72
WEATHER CONDITIONS. NUMBER OF DAYS WITH
THUNDERSTORM 0 MIXED PRECIP 0
HEAVY RAIN 4 RAIN 6
LIGHT RAIN 11 FREEZING RAIN 0
LT FREEZING RAIN 0 HAIL 0
HEAVY SNOW 0 SNOW 1
LIGHT SNOW 3 SLEET 0
FOG 17 FOG W/VIS <= 1/4 MILE 4
HAZE 2
- INDICATES NEGATIVE NUMBERS.
R INDICATES RECORD WAS SET OR TIED.
MM INDICATES DATA IS MISSING.
T INDICATES TRACE AMOUNT.
$$