000
CXUS56 KSGX 011045
CF6OKB
PRELIMINARY LOCAL CLIMATOLOGICAL DATA (WS FORM: F-6)
STATION: OCEANSIDE AIRPORT CA
MONTH: SEPTEMBER
YEAR: 2021
LATITUDE: 33 13 N
LONGITUDE: 117 21 W
TEMPERATURE IN F: :PCPN: SNOW: WIND :SUNSHINE: SKY :PK WND
================================================================================
1 2 3 4 5 6A 6B 7 8 9 10 11 12 13 14 15 16 17 18
12Z AVG MX 2MIN
DY MAX MIN AVG DEP HDD CDD WTR SNW DPTH SPD SPD DIR MIN PSBL S-S WX SPD DR
================================================================================
1 78 66 72 2 0 7 0.00 M M 4.2 14 270 M M 8 18 18 250
2 78 64 71 1 0 6 0.00 M M 4.4 15 250 M M 6 18 19 250
3 76 62 69 -1 0 4 0.00 M M 4.7 16 300 M M 7 18 20 250
4 82 59 71 1 0 6 0.00 M M 6.0 18 290 M M 3 128 26 290
5 83 57 70 0 0 5 0.00 M M 4.9 13 210 M M 1 18 17 250
6 78 64 71 1 0 6 0.00 M M 4.4 13 200 M M 7 18 17 180
7 81 62 72 3 0 7 0.00 M M 3.4 12 250 M M 3 18 16 230
8 82 64 73 4 0 8 0.00 M M 5.0 14 260 M M 5 18 18 280
9 84 63 74 5 0 9 0.00 M M 5.0 13 240 M M 0 138 16 270
10 82 64 73 4 0 8 0.00 M M 5.2 14 250 M M 0 18 17 260
11 84 62 73 4 0 8 0.00 M M 4.7 16 250 M M 0 18 20 250
12 80 58 69 0 0 4 0.00 M M 5.5 16 250 M M 0 1 21 280
13 75 58 67 -2 0 2 0.00 M M 5.1 15 240 M M 5 18 19 240
14 77 62 70 1 0 5 0.00 M M 4.4 13 270 M M 6 18 16 240
15 77 65 71 2 0 6 0.00 M M 5.1 15 250 M M 6 22 260
16 75 65 70 1 0 5 0.00 M M 5.1 16 250 M M 8 21 250
17 75 61 68 0 0 3 0.00 M M 4.7 14 230 M M 5 19 280
18 75 54 65 -3 0 0 0.00 M M 4.6 15 250 M M 0 1 21 240
19 73 50 62 -6 3 0 0.00 M M 3.2 12 240 M M 2 1 15 250
20 77 53 65 -3 0 0 0.00 M M 3.9 12 260 M M 1 1 16 230
21 88 54 71 3 0 6 0.00 M M 4.1 14 260 M M 1 18 18 250
22 85 58 72 4 0 7 0.00 M M 5.7 22 290 M M 0 18 29 290
23 77 60 69 1 0 4 0.00 M M 4.6 15 240 M M 1 18 18 250
24 74 61 68 0 0 3 0.02 M M 3.3 16 230 M M 5 138 22 230
25 74 60 67 0 0 2 0.00 M M 4.4 15 250 M M 5 18 19 250
26 70 65 68 1 0 3 T M M 4.0 12 260 M M 10 18 14 260
27 70 64 67 0 0 2 T M M 4.9 12 250 M M 10 1 15 250
28 75 64 70 3 0 5 0.00 M M 4.8 14 250 M M 9 17 260
29 76 58 67 0 0 2 0.00 M M 4.9 15 280 M M 2 21 300
30 79 50 65 -2 0 0 0.00 M M 5.4 17 260 M M 0 1 23 250
================================================================================
SM 2340 1807 3 133 0.02 M 139.6 M 116
================================================================================
AV 78.0 60.2 4.7 FASTST M M 4 MAX(MPH)
MISC ----> 22 290 29 290
================================================================================
NOTES:
# LAST OF SEVERAL OCCURRENCES
COLUMN 17 PEAK WIND IN M.P.H.
PRELIMINARY LOCAL CLIMATOLOGICAL DATA (WS FORM: F-6) , PAGE 2
STATION: OCEANSIDE AIRPORT CA
MONTH: SEPTEMBER
YEAR: 2021
LATITUDE: 33 13 N
LONGITUDE: 117 21 W
[TEMPERATURE DATA] [PRECIPITATION DATA] SYMBOLS USED IN COLUMN 16
AVERAGE MONTHLY: 69.1 TOTAL FOR MONTH: 0.02 1 = FOG OR MIST
DPTR FM NORMAL: 0.6 DPTR FM NORMAL: -0.11 2 = FOG REDUCING VISIBILITY
HIGHEST: 88 ON 21 GRTST 24HR 0.02 ON 24-24 TO 1/4 MILE OR LESS
LOWEST: 50 ON 30,19 3 = THUNDER
SNOW, ICE PELLETS, HAIL 4 = ICE PELLETS
TOTAL MONTH: M 5 = HAIL
GRTST 24HR M ON M 6 = FREEZING RAIN OR DRIZZLE
GRTST DEPTH: M ON M 7 = DUSTSTORM OR SANDSTORM:
VSBY 1/2 MILE OR LESS
8 = SMOKE OR HAZE
[NO. OF DAYS WITH] [WEATHER - DAYS WITH] 9 = BLOWING SNOW
X = TORNADO
MAX 32 OR BELOW: 0 0.01 INCH OR MORE: 1
MAX 90 OR ABOVE: 0 0.10 INCH OR MORE: 0
MIN 32 OR BELOW: 0 0.50 INCH OR MORE: 0
MIN 0 OR BELOW: 0 1.00 INCH OR MORE: 0
[HDD (BASE 65) ]
TOTAL THIS MO. 3 CLEAR (SCALE 0-3) 13
DPTR FM NORMAL -7 PTCLDY (SCALE 4-7) 14
TOTAL FM JUL 1 3 CLOUDY (SCALE 8-10) 3
DPTR FM NORMAL -5
[CDD (BASE 65) ]
TOTAL THIS MO. 133
DPTR FM NORMAL 18 [PRESSURE DATA]
TOTAL FM JAN 1 542 HIGHEST SLP 30.07 ON 22
DPTR FM NORMAL 76 LOWEST SLP 29.77 ON 8
[REMARKS]
#FINAL-09-21#