000
CXUS55 KGGW 010810
CF6OLF
PRELIMINARY LOCAL CLIMATOLOGICAL DATA (WS FORM: F-6)
STATION: WOLF POINT MT
MONTH: AUGUST
YEAR: 2023
LATITUDE: 48 5 N
LONGITUDE: 105 35 W
TEMPERATURE IN F: :PCPN: SNOW: WIND :SUNSHINE: SKY :PK WND
================================================================================
1 2 3 4 5 6A 6B 7 8 9 10 11 12 13 14 15 16 17 18
12Z AVG MX 2MIN
DY MAX MIN AVG DEP HDD CDD WTR SNW DPTH SPD SPD DIR MIN PSBL S-S WX SPD DR
================================================================================
1 93 66 80 7 0 15 0.00 M M 12.1 25 90 M M 0 33 50
2 97 61 79 6 0 14 0.00 M M 4.4 14 340 M M 0 19 360
3 94 64 79 6 0 14 0.00 M M 7.0 17 180 M M 0 29 150
4 78 61 70 -3 0 5 0.00 M M 8.0 20 100 M M 0 26 90
5 87 55 71 -1 0 6 0.00 M M 7.3 20 360 M M 1 27 10
6 84 50 67 -5 0 2 0.00 M M 4.4 15 30 M M 1 8 20 10
7 85 51 68 -4 0 3 T M M 3.2 20 20 M M 0 38 26 20
8 87 54 71 -1 0 6 0.02 M M 5.0 18 10 M M 3 3 25 20
9 89 61 75 3 0 10 0.02 M M 10.8 21 80 M M 3 30 80
10 87 62 75 3 0 10 0.12 M M 9.1 25 280 M M 4 1 40 290
11 85 55 70 -2 0 5 T M M 10.6 26 260 M M 3 34 300
12 82 49 66 -5 0 1 0.26 M M 6.9 32 20 M M 4 1 44 20
13 79 53 66 -5 0 1 0.00 M M 9.5 21 350 M M 5 1 28 330
14 90 48 69 -2 0 4 0.00 M M 2.8 12 260 M M 0 1 16 230
15 101 50 76 5 0 11 0.00 M M 2.9 12 270 M M 0 18 16 210
16 84 53 69 -1 0 4 0.00 M M 12.7 30 320 M M 0 8 43 10
17 93 47 70 0 0 5 0.00 M M 5.6 14 180 M M 0 20 170
18 99 56 78 8 0 13 T M M 7.6 28 230 M M 1 40 260
19 75 56 66 -3 0 1 0.00 M M 11.3 23 310 M M 2 31 310
20 62 57 60 -9 5 0 0.59 M M 8.2 14 60 M M 10 1 20 70
21 74 56 65 -4 0 0 T M M 11.9 22 80 M M 9 18 29 70
22 91 64 78 10 0 13 T M M 5.8 17 100 M M 3 13 22 60
23 90 62 76 8 0 11 0.00 M M 6.4 18 310 M M 2 25 300
24 87 59 73 5 0 8 0.00 M M 8.0 22 270 M M 0 8 38 280
25 79 49 64 -3 1 0 0.00 M M 5.7 13 350 M M 2 18 350
26 91 56 74 7 0 9 0.00 M M 7.3 16 270 M M 0 22 240
27 92 54 73 6 0 8 0.00 M M 7.7 21 330 M M 1 8 31 350
28 91 50 71 5 0 6 0.00 M M 5.7 17 310 M M 0 8 22 320
29 92 51 72 6 0 7 0.00 M M 6.1 16 100 M M 0 18 22 110
30 89 56 73 7 0 8 0.04 M M 11.1 31 240 M M 2 8 45 250
31 81 55 68 3 0 3 0.00 M M 12.0 30 280 M M 4 46 250
================================================================================
SM 2688 1721 6 203 1.05 M 237.1 M 60
================================================================================
AV 86.7 55.5 7.6 FASTST M M 2 MAX(MPH)
MISC ----> 32 20 46 250
================================================================================
NOTES:
# LAST OF SEVERAL OCCURRENCES
COLUMN 17 PEAK WIND IN M.P.H.
PRELIMINARY LOCAL CLIMATOLOGICAL DATA (WS FORM: F-6) , PAGE 2
STATION: WOLF POINT MT
MONTH: AUGUST
YEAR: 2023
LATITUDE: 48 5 N
LONGITUDE: 105 35 W
[TEMPERATURE DATA] [PRECIPITATION DATA] SYMBOLS USED IN COLUMN 16
AVERAGE MONTHLY: 71.1 TOTAL FOR MONTH: 1.05 1 = FOG OR MIST
DPTR FM NORMAL: 1.2 DPTR FM NORMAL: -0.45 2 = FOG REDUCING VISIBILITY
HIGHEST: 101 ON 15 GRTST 24HR 0.59 ON 20-20 TO 1/4 MILE OR LESS
LOWEST: 47 ON 17 3 = THUNDER
SNOW, ICE PELLETS, HAIL 4 = ICE PELLETS
TOTAL MONTH: M 5 = HAIL
GRTST 24HR M ON M 6 = FREEZING RAIN OR DRIZZLE
GRTST DEPTH: M ON M 7 = DUSTSTORM OR SANDSTORM:
VSBY 1/2 MILE OR LESS
8 = SMOKE OR HAZE
[NO. OF DAYS WITH] [WEATHER - DAYS WITH] 9 = BLOWING SNOW
X = TORNADO
MAX 32 OR BELOW: 0 0.01 INCH OR MORE: 6
MAX 90 OR ABOVE: 13 0.10 INCH OR MORE: 3
MIN 32 OR BELOW: 0 0.50 INCH OR MORE: 1
MIN 0 OR BELOW: 0 1.00 INCH OR MORE: 0
[HDD (BASE 65) ]
TOTAL THIS MO. 6 CLEAR (SCALE 0-3) 24
DPTR FM NORMAL -28 PTCLDY (SCALE 4-7) 5
TOTAL FM JUL 1 30 CLOUDY (SCALE 8-10) 2
DPTR FM NORMAL -15
[CDD (BASE 65) ]
TOTAL THIS MO. 203
DPTR FM NORMAL 19 [PRESSURE DATA]
TOTAL FM JAN 1 563 HIGHEST SLP M ON M
DPTR FM NORMAL 93 LOWEST SLP 29.45 ON 18
[REMARKS]
#FINAL-08-23#