000
CXUS55 KTWC 010855
CF6OLS
PRELIMINARY LOCAL CLIMATOLOGICAL DATA (WS FORM: F-6)
STATION: NOGALES AZ AIRPORT
MONTH: FEBRUARY
YEAR: 2022
LATITUDE: 31 25 N
LONGITUDE: 110 51 W
TEMPERATURE IN F: :PCPN: SNOW: WIND :SUNSHINE: SKY :PK WND
================================================================================
1 2 3 4 5 6A 6B 7 8 9 10 11 12 13 14 15 16 17 18
12Z AVG MX 2MIN
DY MAX MIN AVG DEP HDD CDD WTR SNW DPTH SPD SPD DIR MIN PSBL S-S WX SPD DR
================================================================================
1 64 32 48 -3 17 0 0.00 M M 6.8 16 220 M M 3 22 180
2 57 23 40 -11 25 0 0.03 M M 8.6 22 250 M M 6 1 34 230
3 51 16 34 -17 31 0 0.00 M M 5.9 16 30 M M 0 23 10
4 57 25 41 -10 24 0 0.00 M M 8.4 22 60 M M 0 37 80
5 66 23 45 -6 20 0 0.00 M M 3.5 15 20 M M 0 23 20
6 67 27 47 -4 18 0 0.00 M M 4.8 14 30 M M 0 22 330
7 64 38 51 0 14 0 0.00 M M 9.5 18 90 M M M 28 80
8 71 29 50 -1 15 0 0.00 M M 6.6 16 20 M M M 24 20
9 72 34 53 2 12 0 0.00 M M 6.3 16 30 M M M 23 10
10 75 30 53 2 12 0 0.00 M M 4.1 14 130 M M M 21 130
11 76 32 54 3 11 0 0.00 M M 4.7 15 320 M M M 22 320
12 77 34 56 5 9 0 0.00 M M 5.6 17 120 M M M 23 130
13 78 32 55 4 10 0 0.00 M M 4.6 10 70 M M M 14 150
14 81 32 57 5 8 0 0.00 M M 3.2 16 270 M M 0 22 260
15 73 37 55 3 10 0 0.00 M M 13.7 33 200 M M 0 46 210
16 53 31 42 -10 23 0 0.10 M M 9.6 23 250 M M 5 1 32 250
17 57 26 42 -10 23 0 0.00 M M 5.7 15 300 M M 0 25 290
18 68 25 47 -5 18 0 0.00 M M 5.8 15 10 M M 0 23 360
19 75 31 53 1 12 0 0.00 M M 3.2 12 260 M M 0 19 180
20 73 32 53 1 12 0 0.00 M M 7.6 22 230 M M 0 30 220
21 59 42 51 -1 14 0 0.00 M M 10.2 24 220 M M 1 32 210
22 64 33 49 -3 16 0 0.00 M M 11.0 29 200 M M 0 40 200
23 63 35 49 -4 16 0 0.11 M M 18.3 38 210 M M 2 1 57 190
24 57 30 44 -9 21 0 0.01 M M 4.8 14 270 M M 3 1 20 50
25 68 27 48 -5 17 0 0.00 M M 4.1 16 240 M M 0 26 240
26 67 26 47 -6 18 0 0.00 M M 3.7 14 340 M M 0 21 330
27 76 26 51 -2 14 0 0.00 M M 4.0 14 100 M M 0 20 100
28 78 43 61 7 4 0 0.00 M M 2.7 9 180 M M 0 12 270
================================================================================
SM 1887 851 444 0 0.25 M 187.0 M 20
================================================================================
AV 67.4 30.4 6.7 FASTST M M 1 MAX(MPH)
MISC ----> 38 210 57 190
================================================================================
NOTES:
# LAST OF SEVERAL OCCURRENCES
COLUMN 17 PEAK WIND IN M.P.H.
PRELIMINARY LOCAL CLIMATOLOGICAL DATA (WS FORM: F-6) , PAGE 2
STATION: NOGALES AZ AIRPORT
MONTH: FEBRUARY
YEAR: 2022
LATITUDE: 31 25 N
LONGITUDE: 110 51 W
[TEMPERATURE DATA] [PRECIPITATION DATA] SYMBOLS USED IN COLUMN 16
AVERAGE MONTHLY: 48.9 TOTAL FOR MONTH: 0.25 1 = FOG OR MIST
DPTR FM NORMAL: -2.8 DPTR FM NORMAL: -0.53 2 = FOG REDUCING VISIBILITY
HIGHEST: 81 ON 14 GRTST 24HR 0.12 ON 23-24 TO 1/4 MILE OR LESS
LOWEST: 16 ON 3 3 = THUNDER
SNOW, ICE PELLETS, HAIL 4 = ICE PELLETS
TOTAL MONTH: M 5 = HAIL
GRTST 24HR M ON M 6 = FREEZING RAIN OR DRIZZLE
GRTST DEPTH: M ON M 7 = DUSTSTORM OR SANDSTORM:
VSBY 1/2 MILE OR LESS
8 = SMOKE OR HAZE
[NO. OF DAYS WITH] [WEATHER - DAYS WITH] 9 = BLOWING SNOW
X = TORNADO
MAX 32 OR BELOW: 0 0.01 INCH OR MORE: 4
MAX 90 OR ABOVE: 0 0.10 INCH OR MORE: 2
MIN 32 OR BELOW: 20 0.50 INCH OR MORE: 0
MIN 0 OR BELOW: 0 1.00 INCH OR MORE: 0
[HDD (BASE 65) ]
TOTAL THIS MO. 444 CLEAR (SCALE 0-3) 18
DPTR FM NORMAL 72 PTCLDY (SCALE 4-7) 3
TOTAL FM JUL 1 1467 CLOUDY (SCALE 8-10) 7
DPTR FM NORMAL -168
[CDD (BASE 65) ]
TOTAL THIS MO. 0
DPTR FM NORMAL -1 [PRESSURE DATA]
TOTAL FM JAN 1 0 HIGHEST SLP M ON M
DPTR FM NORMAL 0 LOWEST SLP 29.67 ON 2
[REMARKS]
#FINAL-02-22#