000
CXUS53 KARX 010930
CF6OLZ
PRELIMINARY LOCAL CLIMATOLOGICAL DATA (WS FORM: F-6)
STATION: OELWEIN IA
MONTH: JUNE
YEAR: 2020
LATITUDE: 42 40 N
LONGITUDE: 91 58 W
TEMPERATURE IN F: :PCPN: SNOW: WIND :SUNSHINE: SKY :PK WND
================================================================================
1 2 3 4 5 6A 6B 7 8 9 10 11 12 13 14 15 16 17 18
12Z AVG MX 2MIN
DY MAX MIN AVG DEP HDD CDD WTR SNW DPTH SPD SPD DIR MIN PSBL S-S WX SPD DR
================================================================================
1 86 61 74 M 0 9 M 0.0 0 18.1 31 190 M M 3 39 200
2 95 68 82 M 0 17 0.00 0.0 0 13.2 23 220 M M 2 30 220
3 86 68 77 M 0 12 0.00 0.0 0 6.8 13 110 M M 3 16 80
4 90 64 77 M 0 12 1.17 0.0 0 6.3 16 290 M M 3 8 16 190
5 84 66 75 M 0 10 0.03 0.0 0 11.0 17 320 M M 3 1 23 140
6 82 63 73 M 0 8 0.00 0.0 0 9.5 14 100 M M 4 16 110
7 88 61 75 M 0 10 0.00 0.0 0 17.9 23 150 M M 1 30 130
8 91 66 79 M 0 14 0.00 0.0 0 13.3 21 180 M M 0 24 170
9 77 68 73 M 0 8 3.63 0.0 0 12.6 21 320 M M 4 1 30 320
10 70 57 64 M 1 0 0.11 0.0 0 15.7 28 320 M M 6 1 36 320
11 81 54 68 M 0 3 0.00 0.0 0 11.1 27 270 M M 0 24 280
12 84 54 69 M 0 4 0.00 0.0 0 6.2 12 40 M M 2 12 300
13 70 55 63 M 2 0 0.00 0.0 0 13.7 18 110 M M 4 23 90
14 77 54 66 M 0 1 0.00 0.0 0 16.5 23 130 M M 4 29 120
15 81 59 70 M 0 5 0.00 0.0 0 16.2 22 160 M M 2 27 160
16 84 61 73 M 0 8 0.00 0.0 0 12.1 20 190 M M 0 25 190
17 84 59 72 M 0 7 0.00 0.0 0 12.0 21 190 M M 0 29 150
18 84 61 73 M 0 8 0.00 0.0 0 11.8 18 170 M M 2 23 180
19 73 66 70 M 0 5 1.78 0.0 0 6.8 15 180 M M 8 1 12 99
20 75 63 69 M 0 4 0.43 0.0 0 6.5 15 300 M M 6 1 21 300
21 82 59 71 M 0 6 1.00 0.0 0 8.4 21 200 M M 3 1 28 200
22 66 57 62 M 3 0 1.23 0.0 0 8.2 16 180 M M 7 1 27 360
23 73 59 66 M 0 1 0.00 0.0 0 9.2 17 310 M M 5 1 28 300
24 75 54 65 M 0 0 0.17 0.0 0 7.0 16 350 M M 2 23 350
25 82 57 70 M 0 5 0.00 0.0 0 4.1 10 200 M M 2 M M
26 81 66 74 M 0 9 M 0.0 0 8.3 22 270 M M 3 1 32 270
27 84 66 75 M 0 10 0.00 0.0 0 2.8 7 350 M M 0 M M
28 86 64 75 M 0 10 0.02 0.0 0 10.4 18 140 M M 2 1 25 150
29 88 73 81 M 0 16 0.00 0.0 0 9.3 14 150 M M 3 21 150
30 84 70 77 M 0 12 0.03 0.0 0 10.7 20 130 M M 4 25 160
================================================================================
SM 2443 1853 6 214 9.60 0.0 315.7 M 88
================================================================================
AV 81.4 61.8 10.5 FASTST M M 3 MAX(MPH)
MISC ----> # 31 190 # 39 200
================================================================================
NOTES:
# LAST OF SEVERAL OCCURRENCES
COLUMN 17 PEAK WIND IN M.P.H.
PRELIMINARY LOCAL CLIMATOLOGICAL DATA (WS FORM: F-6) , PAGE 2
STATION: OELWEIN IA
MONTH: JUNE
YEAR: 2020
LATITUDE: 42 40 N
LONGITUDE: 91 58 W
[TEMPERATURE DATA] [PRECIPITATION DATA] SYMBOLS USED IN COLUMN 16
AVERAGE MONTHLY: 71.6 TOTAL FOR MONTH: 9.60 1 = FOG OR MIST
DPTR FM NORMAL: M DPTR FM NORMAL: M 2 = FOG REDUCING VISIBILITY
HIGHEST: 95 ON 2 GRTST 24HR 3.63 ON 9- 9 TO 1/4 MILE OR LESS
LOWEST: 54 ON 24,14 3 = THUNDER
SNOW, ICE PELLETS, HAIL 4 = ICE PELLETS
TOTAL MONTH: 0.0 INCH 5 = HAIL
GRTST 24HR 0.0 6 = FREEZING RAIN OR DRIZZLE
GRTST DEPTH: 0 7 = DUSTSTORM OR SANDSTORM:
VSBY 1/2 MILE OR LESS
8 = SMOKE OR HAZE
[NO. OF DAYS WITH] [WEATHER - DAYS WITH] 9 = BLOWING SNOW
X = TORNADO
MAX 32 OR BELOW: 0 0.01 INCH OR MORE: 11
MAX 90 OR ABOVE: 3 0.10 INCH OR MORE: 8
MIN 32 OR BELOW: 0 0.50 INCH OR MORE: 5
MIN 0 OR BELOW: 0 1.00 INCH OR MORE: 5
[HDD (BASE 65) ]
TOTAL THIS MO. 6 CLEAR (SCALE 0-3) 17
DPTR FM NORMAL M PTCLDY (SCALE 4-7) 12
TOTAL FM JUL 1 7121 CLOUDY (SCALE 8-10) 1
DPTR FM NORMAL M
[CDD (BASE 65) ]
TOTAL THIS MO. 214
DPTR FM NORMAL M [PRESSURE DATA]
TOTAL FM JAN 1 245 HIGHEST SLP M ON M
DPTR FM NORMAL M LOWEST SLP M ON M
[REMARKS]
#FINAL-06-20#