000
CXUS53 KOAX 011030
CF6OMA
PRELIMINARY LOCAL CLIMATOLOGICAL DATA (WS FORM: F-6)
STATION: OMAHA NE
MONTH: FEBRUARY
YEAR: 2021
LATITUDE: 41 17 N
LONGITUDE: 95 54 W
TEMPERATURE IN F: :PCPN: SNOW: WIND :SUNSHINE: SKY :PK WND
================================================================================
1 2 3 4 5 6A 6B 7 8 9 10 11 12 13 14 15 16 17 18
12Z AVG MX 2MIN
DY MAX MIN AVG DEP HDD CDD WTR SNW DPTH SPD SPD DIR MIN PSBL S-S WX SPD DR
================================================================================
1 32 22 27 2 38 0 0.00 0.0 5 7.7 17 340 M M 9 128 20 340
2 30 21 26 1 39 0 T T 4 9.6 14 140 M M 8 18 17 160
3 44 24 34 9 31 0 0.00 0.0 4 13.3 24 170 M M 4 30 170
4 41 17 29 4 36 0 0.05 0.6 4 16.8 37 340 M M 6 129 47 320
5 25 9 17 -8 48 0 T T 4 10.1 22 310 M M 4 28 320
6 16 -4 6 -20 59 0 0.09 2.8 4 10.3 21 360 M M 7 12 25 350
7 5 -6 0 -26 65 0 0.11 1.6 7 7.4 15 120 M M 10 18 17 100
8 6 -8 -1 -27 66 0 T T 8 7.8 16 10 M M 7 19 360
9 10 -15 -2 -28 67 0 T T 8 4.7 9 10 M M 5 18 10 10
10 15 2 9 -17 56 0 0.00 0.0 8 8.4 15 30 M M 7 20 30
11 6 -3 2 -25 63 0 0.03 1.0 8 11.0 20 10 M M 9 89 23 360
12 -1 -9 -5 -32 70 0 0.16 2.9 9 8.7 21 360 M M 8 8 27 360
13 5 -5 0 -27 65 0 0.03 0.7 11 9.8 21 10 M M 7 27 340
14 -1 -10 -5 -33 70 0 0.01 0.1 9 15.1 23 360 M M 10 28 340
15 -3 -19 -11 -39 76 0 0.00 0.0 9 8.5 16 360 M M 6 20 360
16 4 -23 -9 -37 74 0 0.00 0.0 7 6.8 13 170 M M 4 1 15 160
17 16 1 9 -20 56 0 T 0.1 7 7.7 15 150 M M 10 17 150
18 23 8 16 -13 49 0 T T 7 5.9 15 300 M M 6 1 18 310
19 29 8 19 -10 46 0 0.00 0.0 6 6.2 10 140 M M 7 12 140
20 33 13 23 -7 42 0 0.00 0.0 6 8.0 16 140 M M 2 1 20 140
21 35 20 28 -2 37 0 0.66 7.6 6 9.0 23 320 M M 9 1258 31 320
22 48 15 32 2 33 0 0.00 0.0 10 11.0 21 270 M M 4 29 270
23 54 28 41 10 24 0 0.00 0.0 7 8.1 20 290 M M 3 25 290
24 43 27 35 4 30 0 0.00 0.0 3 13.1 28 310 M M 6 36 340
25 45 21 33 1 32 0 0.00 0.0 1 5.1 12 200 M M 3 1 15 190
26 45 27 36 4 29 0 0.00 0.0 0 9.4 18 180 M M 4 23 180
27 54 27 41 9 24 0 0.00 0.0 0 8.2 18 120 M M 4 25 110
28 42 25 34 1 31 0 0.00 0.0 0 10.9 26 320 M M 5 35 320
================================================================================
SM 701 213 1356 0 1.14 17.4 258.6 M 174
================================================================================
AV 25.0 7.6 9.2 FASTST M M 6 MAX(MPH)
MISC ----> 37 340 47 320
================================================================================
NOTES:
# LAST OF SEVERAL OCCURRENCES
COLUMN 17 PEAK WIND IN M.P.H.
PRELIMINARY LOCAL CLIMATOLOGICAL DATA (WS FORM: F-6) , PAGE 2
STATION: OMAHA NE
MONTH: FEBRUARY
YEAR: 2021
LATITUDE: 41 17 N
LONGITUDE: 95 54 W
[TEMPERATURE DATA] [PRECIPITATION DATA] SYMBOLS USED IN COLUMN 16
AVERAGE MONTHLY: 16.3 TOTAL FOR MONTH: 1.14 1 = FOG OR MIST
DPTR FM NORMAL: -11.8 DPTR FM NORMAL: 0.29 2 = FOG REDUCING VISIBILITY
HIGHEST: 54 ON 27,23 GRTST 24HR 0.66 ON 21-21 TO 1/4 MILE OR LESS
LOWEST: -23 ON 16 3 = THUNDER
SNOW, ICE PELLETS, HAIL 4 = ICE PELLETS
TOTAL MONTH: 17.4 INCHES 5 = HAIL
GRTST 24HR 7.6 ON 21-21 6 = FREEZING RAIN OR DRIZZLE
GRTST DEPTH: 11 ON 13 7 = DUSTSTORM OR SANDSTORM:
VSBY 1/2 MILE OR LESS
8 = SMOKE OR HAZE
[NO. OF DAYS WITH] [WEATHER - DAYS WITH] 9 = BLOWING SNOW
X = TORNADO
MAX 32 OR BELOW: 17 0.01 INCH OR MORE: 8
MAX 90 OR ABOVE: 0 0.10 INCH OR MORE: 3
MIN 32 OR BELOW: 28 0.50 INCH OR MORE: 1
MIN 0 OR BELOW: 10 1.00 INCH OR MORE: 0
[HDD (BASE 65) ]
TOTAL THIS MO. 1356 CLEAR (SCALE 0-3) 3
DPTR FM NORMAL 323 PTCLDY (SCALE 4-7) 17
TOTAL FM JUL 1 4768 CLOUDY (SCALE 8-10) 8
DPTR FM NORMAL -29
[CDD (BASE 65) ]
TOTAL THIS MO. 0
DPTR FM NORMAL 0 [PRESSURE DATA]
TOTAL FM JAN 1 0 HIGHEST SLP 30.79 ON 14
DPTR FM NORMAL 0 LOWEST SLP 29.59 ON 4
[REMARKS]
#FINAL-02-21#