000
CXUS53 KARX 012354
CF6ONA
PRELIMINARY LOCAL CLIMATOLOGICAL DATA (WS FORM: F-6)
STATION: WINONA_MUNI_(AWOS) MN
MONTH: AUGUST
YEAR: 2023
LATITUDE: 44 4 N
LONGITUDE: 91 42 W
TEMPERATURE IN F: :PCPN: SNOW: WIND :SUNSHINE: SKY :PK WND
================================================================================
1 2 3 4 5 6A 6B 7 8 9 10 11 12 13 14 15 16 17 18
12Z AVG MX 2MIN
DY MAX MIN AVG DEP HDD CDD WTR SNW DPTH SPD SPD DIR MIN PSBL S-S WX SPD DR
================================================================================
1 84 55 70 M 0 5 0.00 0.0 0 1.9 7 140 M M 1 1 M M
2 88 66 77 M 0 12 0.00 0.0 0 3.4 9 130 M M 1 M M
3 90 66 78 M 0 13 0.00 0.0 0 1.3 7 340 M M 1 M M
4 88 66 77 M 0 12 0.00 0.0 0 4.8 12 120 M M 3 1 M M
5 84 66 75 M 0 10 0.00 0.0 0 4.8 10 120 M M 0 M M
6 75 64 70 M 0 5 0.42 0.0 0 3.5 8 130 M M 7 M M
7 81 63 72 M 0 7 0.00 0.0 0 3.5 12 340 M M 2 1 M M
8 82 57 70 M 0 5 0.00 0.0 0 3.0 9 340 M M 1 M M
9 82 M M M M M M 0.0 0 1.5 9 310 M M 2 16 310
10 79 63 71 M 0 6 0.00 0.0 0 2.3 6 50 M M 3 1 M M
11 86 61 74 M 0 9 0.33 0.0 0 4.0 16 130 M M 4 3 33 0
12 82 59 71 M 0 6 0.00 0.0 0 5.5 18 320 M M 1 25 320
13 70 59 65 M 0 0 0.02 0.0 0 2.1 7 130 M M 7 M M
14 64 55 60 M 5 0 0.34 0.0 0 5.8 13 120 M M 9 18 20
15 79 54 67 M 0 2 0.00 0.0 0 2.8 8 300 M M 3 1 M M
16 82 57 70 M 0 5 0.10 0.0 0 6.8 15 230 M M 1 25 200
17 73 55 64 M 1 0 0.00 0.0 0 8.7 17 350 M M 3 27 350
18 79 52 66 M 0 1 0.00 0.0 0 3.4 9 210 M M 0 1 M M
19 91 68 80 M 0 15 0.00 0.0 0 5.1 9 200 M M 2 20 200
20 86 66 76 M 0 11 0.00 0.0 0 3.7 9 350 M M 1 12 M M
21 79 64 72 M 0 7 0.00 0.0 0 5.8 9 110 M M 6 M M
22 95 68 82 M 0 17 0.00 0.0 0 6.1 9 160 M M 3 17 190
23 104 79 92 M 0 27 0.00 0.0 0 3.9 9 300 M M 0 17 250
24 90 72 81 M 0 16 0.00 0.0 0 5.8 15 330 M M 0 22 340
25 90 68 79 M 0 14 T 0.0 0 3.0 8 340 M M 3 M M
26 73 59 66 M 0 1 0.00 0.0 0 5.1 9 40 M M 6 16 350
27 75 54 65 M 0 0 0.00 0.0 0 2.0 6 60 M M 3 M M
28 84 54 69 M 0 4 0.00 0.0 0 1.9 7 220 M M 3 16 180
29 81 61 71 M 0 6 0.00 0.0 0 4.8 14 320 M M 1 20 320
30 77 54 66 M 0 1 0.00 0.0 0 1.8 6 80 M M 0 M M
31 81 52 67 M 0 2 0.00 0.0 0 4.5 14 130 M M 0 21 130
================================================================================
SM 2554 1837 6 219 1.21 0.0 122.6 M 77
================================================================================
AV 82.4 61.2 4.0 FASTST M M 2 MAX(MPH)
MISC ----> 18 320 33 0
================================================================================
NOTES:
# LAST OF SEVERAL OCCURRENCES
COLUMN 17 PEAK WIND IN M.P.H.
PRELIMINARY LOCAL CLIMATOLOGICAL DATA (WS FORM: F-6) , PAGE 2
STATION: WINONA_MUNI_(AWOS) MN
MONTH: AUGUST
YEAR: 2023
LATITUDE: 44 4 N
LONGITUDE: 91 42 W
[TEMPERATURE DATA] [PRECIPITATION DATA] SYMBOLS USED IN COLUMN 16
AVERAGE MONTHLY: 71.8 TOTAL FOR MONTH: 1.21 1 = FOG OR MIST
DPTR FM NORMAL: 0.0 DPTR FM NORMAL: M 2 = FOG REDUCING VISIBILITY
HIGHEST: 104 ON 23 GRTST 24HR 0.42 ON 6- 6 TO 1/4 MILE OR LESS
LOWEST: 52 ON 31,18 3 = THUNDER
SNOW, ICE PELLETS, HAIL 4 = ICE PELLETS
TOTAL MONTH: 0.0 INCH 5 = HAIL
GRTST 24HR 0.0 6 = FREEZING RAIN OR DRIZZLE
GRTST DEPTH: 0 7 = DUSTSTORM OR SANDSTORM:
VSBY 1/2 MILE OR LESS
8 = SMOKE OR HAZE
[NO. OF DAYS WITH] [WEATHER - DAYS WITH] 9 = BLOWING SNOW
X = TORNADO
MAX 32 OR BELOW: 0 0.01 INCH OR MORE: 5
MAX 90 OR ABOVE: 6 0.10 INCH OR MORE: 4
MIN 32 OR BELOW: 0 0.50 INCH OR MORE: 0
MIN 0 OR BELOW: 0 1.00 INCH OR MORE: 0
[HDD (BASE 65) ]
TOTAL THIS MO. 6 CLEAR (SCALE 0-3) 24
DPTR FM NORMAL M PTCLDY (SCALE 4-7) 6
TOTAL FM JUL 1 18 CLOUDY (SCALE 8-10) 1
DPTR FM NORMAL M
[CDD (BASE 65) ]
TOTAL THIS MO. 219
DPTR FM NORMAL M [PRESSURE DATA]
TOTAL FM JAN 1 643 HIGHEST SLP M ON M
DPTR FM NORMAL M LOWEST SLP M ON M
[REMARKS]
#FINAL-08-23#