000
CXUS56 KBOI 011002
CF6ONO
PRELIMINARY LOCAL CLIMATOLOGICAL DATA (WS FORM: F-6)
STATION: ONTARIO OR
MONTH: AUGUST
YEAR: 2021
LATITUDE: 44 1 N
LONGITUDE: 117 1 W
TEMPERATURE IN F: :PCPN: SNOW: WIND :SUNSHINE: SKY :PK WND
================================================================================
1 2 3 4 5 6A 6B 7 8 9 10 11 12 13 14 15 16 17 18
12Z AVG MX 2MIN
DY MAX MIN AVG DEP HDD CDD WTR SNW DPTH SPD SPD DIR MIN PSBL S-S WX SPD DR
================================================================================
1 85 70 78 -2 0 13 0.63 M M 2.1 8 10 M M 6 138 13 110
2 96 71 84 4 0 19 0.00 M M 3.6 18 260 M M 0 18 25 260
3 98 66 82 2 0 17 T M M 3.2 14 250 M M 0 3 19 240
4 102 63 83 4 0 18 0.00 M M 2.6 41 170 M M 0 38 63 180
5 100 67 84 5 0 19 0.00 M M 7.1 32 320 M M 0 3 41 320
6 88 66 77 -2 0 12 T M M 8.1 24 300 M M 1 3 35 310
7 96 61 79 0 0 14 0.00 M M 3.0 9 340 M M 0 8 17 110
8 91 68 80 1 0 15 0.00 M M 10.2 29 340 M M 0 41 340
9 87 54 71 -7 0 6 0.00 M M 4.5 23 330 M M 0 29 330
10 96 53 75 -3 0 10 0.00 M M 1.7 8 270 M M 0 10 280
11 102 64 83 5 0 18 0.00 M M 4.9 12 260 M M 0 14 260
12 106 69 88 10 0 23 0.00 M M 7.1 21 340 M M 0 8 29 340
13 101 70 86 9 0 21 0.00 M M 5.0 15 300 M M 4 8 23 300
14 99 63 81 4 0 16 0.00 M M 3.2 14 300 M M 7 8 18 300
15 101 63 82 5 0 17 0.00 M M 2.4 10 250 M M 0 8 12 240
16 97 62 80 4 0 15 0.00 M M 3.0 17 350 M M 0 8 24 340
17 87 63 75 -1 0 10 0.00 M M 15.9 35 330 M M 0 46 330
18 81 59 70 -6 0 5 0.00 M M 15.7 24 320 M M 0 8 33 320
19 86 57 72 -4 0 7 0.00 M M 8.5 20 310 M M 0 27 320
20 88 55 72 -3 0 7 T M M 5.0 31 330 M M 1 38 40 330
21 82 60 71 -4 0 6 T M M 8.7 18 30 M M 4 3 29 30
22 85 51 68 -6 0 3 0.00 M M 3.7 13 140 M M 0 18 150
23 85 55 70 -4 0 5 0.00 M M 10.1 21 330 M M 0 29 330
24 86 53 70 -4 0 5 0.00 M M 4.7 20 320 M M 0 27 320
25 87 50 69 -5 0 4 0.00 M M 2.0 10 10 M M 0 8 15 20
26 89 61 75 2 0 10 0.00 M M 6.7 20 340 M M 0 27 350
27 86 63 75 2 0 10 0.00 M M 10.0 23 340 M M 0 32 340
28 87 54 71 -1 0 6 0.00 M M 4.9 17 330 M M 0 22 320
29 92 46 69 -3 0 4 0.00 M M 1.5 5 130 M M 0 M M
30 91 50 71 -1 0 6 0.00 M M 3.1 13 110 M M 0 8 19 320
31 85 56 71 0 0 6 0.00 M M 8.6 21 330 M M 1 30 330
================================================================================
SM 2842 1863 0 347 0.63 M 180.8 M 24
================================================================================
AV 91.7 60.1 5.8 FASTST M M 1 MAX(MPH)
MISC ----> 41 170 63 180
================================================================================
NOTES:
# LAST OF SEVERAL OCCURRENCES
COLUMN 17 PEAK WIND IN M.P.H.
PRELIMINARY LOCAL CLIMATOLOGICAL DATA (WS FORM: F-6) , PAGE 2
STATION: ONTARIO OR
MONTH: AUGUST
YEAR: 2021
LATITUDE: 44 1 N
LONGITUDE: 117 1 W
[TEMPERATURE DATA] [PRECIPITATION DATA] SYMBOLS USED IN COLUMN 16
AVERAGE MONTHLY: 75.9 TOTAL FOR MONTH: 0.63 1 = FOG OR MIST
DPTR FM NORMAL: -0.3 DPTR FM NORMAL: 0.51 2 = FOG REDUCING VISIBILITY
HIGHEST: 106 ON 12 GRTST 24HR 1.04 ON 31- 1 TO 1/4 MILE OR LESS
LOWEST: 46 ON 29 3 = THUNDER
SNOW, ICE PELLETS, HAIL 4 = ICE PELLETS
TOTAL MONTH: M 5 = HAIL
GRTST 24HR M ON M 6 = FREEZING RAIN OR DRIZZLE
GRTST DEPTH: M ON M 7 = DUSTSTORM OR SANDSTORM:
VSBY 1/2 MILE OR LESS
8 = SMOKE OR HAZE
[NO. OF DAYS WITH] [WEATHER - DAYS WITH] 9 = BLOWING SNOW
X = TORNADO
MAX 32 OR BELOW: 0 0.01 INCH OR MORE: 1
MAX 90 OR ABOVE: 15 0.10 INCH OR MORE: 1
MIN 32 OR BELOW: 0 0.50 INCH OR MORE: 1
MIN 0 OR BELOW: 0 1.00 INCH OR MORE: 0
[HDD (BASE 65) ]
TOTAL THIS MO. 0 CLEAR (SCALE 0-3) 27
DPTR FM NORMAL -4 PTCLDY (SCALE 4-7) 4
TOTAL FM JUL 1 0 CLOUDY (SCALE 8-10) 0
DPTR FM NORMAL -2
[CDD (BASE 65) ]
TOTAL THIS MO. 347
DPTR FM NORMAL -2 [PRESSURE DATA]
TOTAL FM JAN 1 1415 HIGHEST SLP M ON M
DPTR FM NORMAL 417 LOWEST SLP 29.57 ON 16
[REMARKS]
#FINAL-08-21#