472
CXUS56 KBOI 011002
CF6ONO
PRELIMINARY LOCAL CLIMATOLOGICAL DATA (WS FORM: F-6)
STATION: ONTARIO OR
MONTH: SEPTEMBER
YEAR: 2020
LATITUDE: 44 1 N
LONGITUDE: 117 1 W
TEMPERATURE IN F: :PCPN: SNOW: WIND :SUNSHINE: SKY :PK WND
================================================================================
1 2 3 4 5 6A 6B 7 8 9 10 11 12 13 14 15 16 17 18
12Z AVG MX 2MIN
DY MAX MIN AVG DEP HDD CDD WTR SNW DPTH SPD SPD DIR MIN PSBL S-S WX SPD DR
================================================================================
1 87 48 68 0 0 3 0.00 M M 2.2 7 260 M M 0 9 140
2 95 50 73 5 0 8 0.00 M M 2.6 9 310 M M 0 11 270
3 98 60 79 11 0 14 0.00 M M 3.8 14 260 M M 0 16 260
4 99 53 76 9 0 11 0.00 M M 1.2 7 110 M M 0 8 110
5 96 54 75 8 0 10 0.00 M M 1.6 10 250 M M 0 12 250
6 98 54 76 9 0 11 0.00 M M 3.6 10 170 M M 0 13 240
7 91 53 72 6 0 7 0.00 M M 14.9 40 330 M M 2 8 51 330
8 75 47 61 -5 4 0 0.00 M M 7.3 17 360 M M 1 8 24 20
9 80 37 59 -7 6 0 0.00 M M 2.7 9 200 M M 1 14 330
10 85 40 63 -2 2 0 0.00 M M 1.9 6 270 M M 0 9 30
11 87 40 64 -1 1 0 0.00 M M 1.2 7 260 M M 0 8 8 250
12 78 45 62 -2 3 0 0.00 M M 1.4 9 270 M M 5 8 10 270
13 85 42 64 0 1 0 0.00 M M 2.5 7 190 M M 2 8 15 330
14 84 45 65 1 0 0 0.00 M M 2.5 8 260 M M 0 8 10 270
15 83 44 64 1 1 0 0.00 M M 1.6 9 270 M M 0 8 10 270
16 84 44 64 1 1 0 0.00 M M 2.5 8 250 M M 0 8 9 250
17 86 45 66 4 0 1 0.00 M M 2.5 8 270 M M 0 8 9 270
18 69 45 57 -5 8 0 T M M 3.0 15 320 M M 1 8 19 250
19 77 53 65 3 0 0 0.00 M M 6.3 15 250 M M 4 8 18 260
20 81 41 61 0 4 0 0.00 M M 2.8 8 260 M M 0 13 60
21 87 43 65 4 0 0 0.00 M M 3.0 10 360 M M 0 8 11 360
22 84 53 69 8 0 4 0.00 M M 3.5 12 270 M M 0 8 13 260
23 84 51 68 8 0 3 0.00 M M 3.8 10 180 M M 0 8 14 180
24 74 51 63 3 2 0 0.00 M M 4.5 20 320 M M 2 8 23 320
25 67 43 55 -4 10 0 T M M 3.8 9 360 M M 6 14 350
26 73 M M M M M 0.08 M M 3.8 21 330 M M 4 25 330
27 74 47 61 3 4 0 0.00 M M 7.7 15 300 M M 0 25 330
28 76 42 59 1 6 0 0.00 M M 1.9 8 200 M M 0 8 10 310
29 81 40 61 3 4 0 0.00 M M 2.5 9 240 M M 0 10 240
30 82 40 61 4 4 0 0.00 M M 0.9 8 260 M M 0 8 9 270
================================================================================
SM 2500 1350 61 72 0.08 M 103.5 M 28
================================================================================
AV 83.3 46.6 3.5 FASTST M M 1 MAX(MPH)
MISC ----> 40 330 51 330
================================================================================
NOTES:
# LAST OF SEVERAL OCCURRENCES
COLUMN 17 PEAK WIND IN M.P.H.
PRELIMINARY LOCAL CLIMATOLOGICAL DATA (WS FORM: F-6) , PAGE 2
STATION: ONTARIO OR
MONTH: SEPTEMBER
YEAR: 2020
LATITUDE: 44 1 N
LONGITUDE: 117 1 W
[TEMPERATURE DATA] [PRECIPITATION DATA] SYMBOLS USED IN COLUMN 16
AVERAGE MONTHLY: 64.9 TOTAL FOR MONTH: 0.08 1 = FOG OR MIST
DPTR FM NORMAL: 1.9 DPTR FM NORMAL: -0.33 2 = FOG REDUCING VISIBILITY
HIGHEST: 99 ON 4 GRTST 24HR 0.08 ON 25-26 TO 1/4 MILE OR LESS
LOWEST: 37 ON 9 3 = THUNDER
SNOW, ICE PELLETS, HAIL 4 = ICE PELLETS
TOTAL MONTH: M 5 = HAIL
GRTST 24HR M ON M 6 = FREEZING RAIN OR DRIZZLE
GRTST DEPTH: M ON M 7 = DUSTSTORM OR SANDSTORM:
VSBY 1/2 MILE OR LESS
8 = SMOKE OR HAZE
[NO. OF DAYS WITH] [WEATHER - DAYS WITH] 9 = BLOWING SNOW
X = TORNADO
MAX 32 OR BELOW: 0 0.01 INCH OR MORE: 1
MAX 90 OR ABOVE: 6 0.10 INCH OR MORE: 0
MIN 32 OR BELOW: 0 0.50 INCH OR MORE: 0
MIN 0 OR BELOW: 0 1.00 INCH OR MORE: 0
[HDD (BASE 65) ]
TOTAL THIS MO. 61 CLEAR (SCALE 0-3) 26
DPTR FM NORMAL -57 PTCLDY (SCALE 4-7) 4
TOTAL FM JUL 1 61 CLOUDY (SCALE 8-10) 0
DPTR FM NORMAL -72
[CDD (BASE 65) ]
TOTAL THIS MO. 72
DPTR FM NORMAL 14 [PRESSURE DATA]
TOTAL FM JAN 1 1070 HIGHEST SLP M ON M
DPTR FM NORMAL 219 LOWEST SLP 29.82 ON 21
[REMARKS]
#FINAL-09-20#