000
CXUS54 KMRX 011130
CF6OQT
PRELIMINARY LOCAL CLIMATOLOGICAL DATA (WS FORM: F-6)
STATION: OAK RIDGE
MONTH: JANUARY
YEAR: 2021
LATITUDE: 36 1 N
LONGITUDE: 84 14 W
TEMPERATURE IN F: :PCPN: SNOW: WIND :SUNSHINE: SKY :PK WND
================================================================================
1 2 3 4 5 6A 6B 7 8 9 10 11 12 13 14 15 16 17 18
12Z AVG MX 2MIN
DY MAX MIN AVG DEP HDD CDD WTR SNW DPTH SPD SPD DIR MIN PSBL S-S WX SPD DR
================================================================================
1 62 50 56 18 9 0 0.36 M M 3.0 10 220 M M 9 12 21 230
2 61 44 53 15 12 0 T M M 2.4 9 270 M M 2 21 230
3 51 32 42 4 23 0 T M M 3.7 12 260 M M 9 18 250
4 52 27 40 2 25 0 T M M 0.9 8 190 M M 2 12 220
5 51 31 41 3 24 0 T M M 2.5 7 99 M M 5 M M
6 46 28 37 -1 28 0 0.00 M M 3.1 10 70 M M 3 16 70
7 40 31 36 -2 29 0 0.10 M M 4.8 10 60 M M 3 1 19 60
8 39 35 37 -1 28 0 0.27 M M 3.0 8 320 M M 10 1 M M
9 35 31 33 -5 32 0 0.00 M M 3.6 9 60 M M 10 17 40
10 43 30 37 -1 28 0 0.00 M M 1.8 7 20 M M 5 12 50
11 38 30 34 -3 31 0 0.10 M M 0.4 5 70 M M 9 1 7 20
12 44 28 36 -1 29 0 T M M 0.7 7 180 M M 6 12 10 270
13 38 26 32 -5 33 0 0.00 M M 1.7 8 200 M M 5 12 11 200
14 48 25 37 0 28 0 0.00 M M 1.7 7 270 M M 4 1 13 250
15 50 34 42 5 23 0 0.05 M M 2.9 14 200 M M 7 1 22 190
16 38 33 36 -2 29 0 0.01 M M 5.4 15 280 M M 9 1 26 280
17 45 36 41 3 24 0 T M M 2.3 12 280 M M 10 21 160
18 47 30 39 1 26 0 0.00 M M 3.0 14 290 M M 7 22 300
19 54 30 42 4 23 0 0.00 M M 2.5 9 200 M M 5 14 270
20 51 30 41 3 24 0 0.00 M M 3.3 10 250 M M 0 18 240
21 45 36 41 3 24 0 0.29 M M 1.7 6 220 M M 7 1 11 230
22 51 32 42 4 23 0 0.00 M M 0.2 4 260 M M 6 12 M M
23 M M M M M M 0.00 M M M M M M M M M M
24 52 32 42 4 23 0 0.02 M M 0.7 7 200 M M 9 2 11 210
25 48 40 44 6 21 0 0.76 M M 1.1 7 290 M M 10 12 11 220
26 68 46 57 19 8 0 0.30 M M 3.0 10 210 M M 4 1 19 180
27 58 38 48 10 17 0 0.03 M M 3.7 13 350 M M 5 23 330
28 40 26 33 -5 32 0 T M M 5.5 14 330 M M 5 26 320
29 44 23 34 -4 31 0 0.00 M M 2.5 9 70 M M 0 15 70
30 38 24 31 -7 34 0 0.09 M M 0.7 7 290 M M 6 18 11 70
31 48 34 41 2 24 0 0.39 M M 2.3 13 290 M M 10 1 21 250
================================================================================
SM 1425 972 745 0 2.77 M 74.1 M 182
================================================================================
AV 47.5 32.4 2.5 FASTST M M 6 MAX(MPH)
MISC ----> 15 280 # 26 320
================================================================================
NOTES:
# LAST OF SEVERAL OCCURRENCES
COLUMN 17 PEAK WIND IN M.P.H.
PRELIMINARY LOCAL CLIMATOLOGICAL DATA (WS FORM: F-6) , PAGE 2
STATION: OAK RIDGE
MONTH: JANUARY
YEAR: 2021
LATITUDE: 36 1 N
LONGITUDE: 84 14 W
[TEMPERATURE DATA] [PRECIPITATION DATA] SYMBOLS USED IN COLUMN 16
AVERAGE MONTHLY: 40.0 TOTAL FOR MONTH: 2.77 1 = FOG OR MIST
DPTR FM NORMAL: 2.3 DPTR FM NORMAL: -1.77 2 = FOG REDUCING VISIBILITY
HIGHEST: 68 ON 26 GRTST 24HR 1.55 ON 25-26 TO 1/4 MILE OR LESS
LOWEST: 23 ON 29 3 = THUNDER
SNOW, ICE PELLETS, HAIL 4 = ICE PELLETS
TOTAL MONTH: M 5 = HAIL
GRTST 24HR M ON M 6 = FREEZING RAIN OR DRIZZLE
GRTST DEPTH: M ON M 7 = DUSTSTORM OR SANDSTORM:
VSBY 1/2 MILE OR LESS
8 = SMOKE OR HAZE
[NO. OF DAYS WITH] [WEATHER - DAYS WITH] 9 = BLOWING SNOW
X = TORNADO
MAX 32 OR BELOW: 0 0.01 INCH OR MORE: 13
MAX 90 OR ABOVE: 0 0.10 INCH OR MORE: 8
MIN 32 OR BELOW: 19 0.50 INCH OR MORE: 1
MIN 0 OR BELOW: 0 1.00 INCH OR MORE: 0
[HDD (BASE 65) ]
TOTAL THIS MO. 745 CLEAR (SCALE 0-3) 6
DPTR FM NORMAL -100 PTCLDY (SCALE 4-7) 14
TOTAL FM JUL 1 2011 CLOUDY (SCALE 8-10) 11
DPTR FM NORMAL -300
[CDD (BASE 65) ]
TOTAL THIS MO. 0
DPTR FM NORMAL 0 [PRESSURE DATA]
TOTAL FM JAN 1 0 HIGHEST SLP 30.62 ON 28
DPTR FM NORMAL 0 LOWEST SLP 29.65 ON 15
[REMARKS]
#FINAL-01-21#