000
CXUS56 KMFR 171841
CF6OTH
PRELIMINARY LOCAL CLIMATOLOGICAL DATA (WS FORM: F-6)
STATION: NORTH BEND OR
MONTH: JUNE
YEAR: 2020
LATITUDE: 43 25 N
LONGITUDE: 124 15 W
TEMPERATURE IN F: :PCPN: SNOW: WIND :SUNSHINE: SKY :PK WND
================================================================================
1 2 3 4 5 6A 6B 7 8 9 10 11 12 13 14 15 16 17 18
12Z AVG MX 2MIN
DY MAX MIN AVG DEP HDD CDD WTR SNW DPTH SPD SPD DIR MIN PSBL S-S WX SPD DR
================================================================================
1 61 42 52 -3 13 0 0.00 M M 12.4 29 360 M M 1 12 36 350
2 63 45 54 -1 11 0 0.00 M M 10.8 26 360 M M 2 12 32 340
3 61 47 54 -1 11 0 0.00 M M 12.5 30 360 M M 0 38 360
4 62 46 54 -1 11 0 0.00 M M 13.5 36 10 M M 1 1 40 360
5 60 50 55 0 10 0 T M M 6.4 16 330 M M 9 18 20 320
6 59 49 54 -1 11 0 0.38 M M 8.6 24 270 M M 8 1 30 280
7 59 47 53 -2 12 0 0.26 M M 7.8 15 240 M M 9 18 270
8 62 48 55 0 10 0 T M M 7.0 14 270 M M 7 15 260
9 69 53 61 6 4 0 0.02 M M 9.0 22 230 M M 10 1 30 230
10 67 57 62 6 3 0 0.03 M M 7.2 20 260 M M 7 18 23 240
11 66 56 61 5 4 0 T M M 7.1 16 330 M M 6 1 18 340
12 63 53 58 2 7 0 0.10 M M 6.6 14 320 M M 9 20 310
13 63 52 58 2 7 0 0.12 M M 7.7 18 260 M M 9 1 22 260
14 64 49 57 1 8 0 T M M 6.8 13 280 M M 6 15 200
15 61 53 57 1 8 0 0.51 M M 8.1 17 290 M M 10 1 21 200
16 63 51 57 1 8 0 0.57 M M 7.4 15 260 M M 6 1 18 260
17 64 49 57 1 8 0 0.00 M M 13.6 30 360 M M 3 12 35 360
18 68 49 59 3 6 0 0.00 M M 12.3 30 360 M M 1 12 35 360
19 65 53 59 3 6 0 0.00 M M 5.9 21 330 M M 6 12 24 330
20 64 56 60 3 5 0 0.01 M M 5.3 13 280 M M 9 128 13 280
21 64 54 59 2 6 0 0.00 M M 12.0 23 10 M M 7 1 31 360
22 70 51 61 4 4 0 0.00 M M 13.1 31 350 M M 0 38 350
23 70 52 61 4 4 0 0.00 M M 10.1 31 350 M M 2 1 38 350
24 69 57 63 6 2 0 T M M 12.2 29 10 M M 8 1 35 10
25 64 54 59 2 6 0 T M M 18.8 32 350 M M 7 1 38 360
26 67 52 60 3 5 0 T M M 15.1 27 360 M M 6 12 38 10
27 64 54 59 2 6 0 M M M 14.2 24 350 M M 7 1 32 350
28 64 53 59 2 6 0 M M M 8.6 17 330 M M 9 1 22 340
29 66 55 61 3 4 0 M M M 7.8 16 320 M M 8 18 21 330
30 64 55 60 2 5 0 M M M 8.3 16 340 M M 8 1 21 350
================================================================================
SM 1926 1542 211 0 2.00 M 296.2 M 181
================================================================================
AV 64.2 51.4 9.9 FASTST M M 6 MAX(MPH)
MISC ----> # 36 10 # 40 360
================================================================================
NOTES:
# LAST OF SEVERAL OCCURRENCES
COLUMN 17 PEAK WIND IN M.P.H.
PRELIMINARY LOCAL CLIMATOLOGICAL DATA (WS FORM: F-6) , PAGE 2
STATION: NORTH BEND OR
MONTH: JUNE
YEAR: 2020
LATITUDE: 43 25 N
LONGITUDE: 124 15 W
[TEMPERATURE DATA] [PRECIPITATION DATA] SYMBOLS USED IN COLUMN 16
AVERAGE MONTHLY: 57.8 TOTAL FOR MONTH: 2.00 1 = FOG OR MIST
DPTR FM NORMAL: 1.7 DPTR FM NORMAL: 0.05 2 = FOG REDUCING VISIBILITY
HIGHEST: 70 ON 23,22 GRTST 24HR 0.57 ON 16-16 TO 1/4 MILE OR LESS
LOWEST: 42 ON 1 3 = THUNDER
SNOW, ICE PELLETS, HAIL 4 = ICE PELLETS
TOTAL MONTH: M 5 = HAIL
GRTST 24HR M ON M 6 = FREEZING RAIN OR DRIZZLE
GRTST DEPTH: M ON M 7 = DUSTSTORM OR SANDSTORM:
VSBY 1/2 MILE OR LESS
8 = SMOKE OR HAZE
[NO. OF DAYS WITH] [WEATHER - DAYS WITH] 9 = BLOWING SNOW
X = TORNADO
MAX 32 OR BELOW: 0 0.01 INCH OR MORE: 9
MAX 90 OR ABOVE: 0 0.10 INCH OR MORE: 6
MIN 32 OR BELOW: 0 0.50 INCH OR MORE: 2
MIN 0 OR BELOW: 0 1.00 INCH OR MORE: 0
[HDD (BASE 65) ]
TOTAL THIS MO. 211 CLEAR (SCALE 0-3) 8
DPTR FM NORMAL -56 PTCLDY (SCALE 4-7) 13
TOTAL FM JUL 1 4323 CLOUDY (SCALE 8-10) 9
DPTR FM NORMAL -504
[CDD (BASE 65) ]
TOTAL THIS MO. 0
DPTR FM NORMAL 0 [PRESSURE DATA]
TOTAL FM JAN 1 0 HIGHEST SLP 30.14 ON 29
DPTR FM NORMAL 0 LOWEST SLP 29.98 ON 28
[REMARKS]
#FINAL-06-20#