000
CXAK56 PAFG 011349
CF6OTZ
PRELIMINARY LOCAL CLIMATOLOGICAL DATA (WS FORM: F-6)
STATION: KOTZEBUE AK
MONTH: SEPTEMBER
YEAR: 2022
LATITUDE: 66 52 N
LONGITUDE: 162 38 W
TEMPERATURE IN F: :PCPN: SNOW: WIND :SUNSHINE: SKY :PK WND
================================================================================
1 2 3 4 5 6A 6B 7 8 9 10 11 12 13 14 15 16 17 18
12Z AVG MX 2MIN
DY MAX MIN AVG DEP HDD CDD WTR SNW DPTH SPD SPD DIR MIN PSBL S-S WX SPD DR
================================================================================
1 55 49 52 2 13 0 0.06 M M 8.3 14 110 M M 9 1 16 110
2 53 49 51 1 14 0 T M M 7.4 18 290 M M 8 1 22 300
3 49 43 46 -4 19 0 T M M 14.7 24 300 M M 9 1 27 290
4 48 41 45 -4 20 0 T M M 13.4 22 290 M M 4 1 25 290
5 51 37 44 -5 21 0 T M M 12.6 22 120 M M 8 1 25 120
6 53 46 50 1 15 0 0.13 M M 10.8 16 100 M M 9 1 19 130
7 54 45 50 2 15 0 0.01 M M 7.9 16 100 M M 9 18 18 100
8 60 43 52 4 13 0 0.00 M M 6.9 13 50 M M 3 18 16 30
9 52 42 47 -1 18 0 0.02 M M 5.6 17 80 M M 8 18 21 100
10 50 43 47 0 18 0 0.03 M M 5.9 13 110 M M 9 1 15 220
11 51 42 47 0 18 0 T M M 20.2 33 110 M M 8 1 37 100
12 55 46 51 5 14 0 0.08 M M 13.8 22 100 M M 7 1 24 90
13 57 47 52 6 13 0 T M M 10.7 18 100 M M 7 21 100
14 54 47 51 6 14 0 T M M 4.5 13 100 M M 7 15 100
15 52 47 50 5 15 0 T M M 16.1 26 100 M M 8 1 33 120
16 51 44 48 4 17 0 0.09 M M 26.7 44 120 M M 9 1 52 110
17 49 46 48 4 17 0 0.18 M M 31.3 39 150 M M 10 1 49 140
18 47 44 46 2 19 0 0.36 M M 21.6 33 200 M M 10 1 40 210
19 45 41 43 0 22 0 0.05 M M 13.5 21 200 M M 10 25 200
20 41 38 40 -2 25 0 0.07 M M 12.9 22 290 M M 10 1 24 280
21 43 38 41 -1 24 0 0.19 M M 17.2 29 130 M M 9 1 32 120
22 46 38 42 0 23 0 0.00 M M 17.8 24 100 M M 4 29 110
23 46 37 42 1 23 0 0.00 M M 10.3 16 80 M M 3 18 80
24 40 34 37 -3 28 0 0.08 M M 9.9 17 90 M M 8 18 20 70
25 47 38 43 3 22 0 T M M 11.9 18 90 M M 8 21 100
26 47 33 40 1 25 0 0.00 M M 9.2 18 90 M M 2 8 21 100
27 43 31 37 -2 28 0 0.00 M M 7.9 13 100 M M 0 15 100
28 43 36 40 2 25 0 0.04 M M 16.2 28 80 M M 7 34 90
29 43 36 40 2 25 0 0.07 M M 9.8 17 70 M M 7 22 70
30 40 30 35 -2 30 0 0.00 M M 7.6 17 350 M M 3 20 350
================================================================================
SM 1465 1231 593 0 1.46 M 382.6 M 213
================================================================================
AV 48.8 41.0 12.8 FASTST M M 7 MAX(MPH)
MISC ----> 44 120 52 110
================================================================================
NOTES:
# LAST OF SEVERAL OCCURRENCES
COLUMN 17 PEAK WIND IN M.P.H.
PRELIMINARY LOCAL CLIMATOLOGICAL DATA (WS FORM: F-6) , PAGE 2
STATION: KOTZEBUE AK
MONTH: SEPTEMBER
YEAR: 2022
LATITUDE: 66 52 N
LONGITUDE: 162 38 W
[TEMPERATURE DATA] [PRECIPITATION DATA] SYMBOLS USED IN COLUMN 16
AVERAGE MONTHLY: 44.9 TOTAL FOR MONTH: 1.46 1 = FOG OR MIST
DPTR FM NORMAL: 0.6 DPTR FM NORMAL: 0.04 2 = FOG REDUCING VISIBILITY
HIGHEST: 60 ON 8 GRTST 24HR 0.38 ON 17-18 TO 1/4 MILE OR LESS
LOWEST: 30 ON 30 3 = THUNDER
SNOW, ICE PELLETS, HAIL 4 = ICE PELLETS
TOTAL MONTH: M 5 = HAIL
GRTST 24HR M ON M 6 = FREEZING RAIN OR DRIZZLE
GRTST DEPTH: M ON M 7 = DUSTSTORM OR SANDSTORM:
VSBY 1/2 MILE OR LESS
8 = SMOKE OR HAZE
[NO. OF DAYS WITH] [WEATHER - DAYS WITH] 9 = BLOWING SNOW
X = TORNADO
MAX 32 OR BELOW: 0 0.01 INCH OR MORE: 15
MAX 90 OR ABOVE: 0 0.10 INCH OR MORE: 4
MIN 32 OR BELOW: 2 0.50 INCH OR MORE: 0
MIN 0 OR BELOW: 0 1.00 INCH OR MORE: 0
[HDD (BASE 65) ]
TOTAL THIS MO. 593 CLEAR (SCALE 0-3) 3
DPTR FM NORMAL -27 PTCLDY (SCALE 4-7) 15
TOTAL FM JUL 1 1477 CLOUDY (SCALE 8-10) 12
DPTR FM NORMAL 226
[CDD (BASE 65) ]
TOTAL THIS MO. 0
DPTR FM NORMAL 0 [PRESSURE DATA]
TOTAL FM JAN 1 0 HIGHEST SLP 29.99 ON 8
DPTR FM NORMAL -9 LOWEST SLP 28.97 ON 17
[REMARKS]
#FINAL-09-22#