000
CXAK56 PAFG 011621
CF6OTZ
PRELIMINARY LOCAL CLIMATOLOGICAL DATA (WS FORM: F-6)
STATION: KOTZEBUE AK
MONTH: FEBRUARY
YEAR: 2021
LATITUDE: 66 52 N
LONGITUDE: 162 38 W
TEMPERATURE IN F: :PCPN: SNOW: WIND :SUNSHINE: SKY :PK WND
================================================================================
1 2 3 4 5 6A 6B 7 8 9 10 11 12 13 14 15 16 17 18
12Z AVG MX 2MIN
DY MAX MIN AVG DEP HDD CDD WTR SNW DPTH SPD SPD DIR MIN PSBL S-S WX SPD DR
================================================================================
1 -2 -22 -12 -9 77 0 0.01 M M 22.8 37 80 M M 0 89 44 80
2 2 -9 -3 -1 68 0 T M M 17.3 33 80 M M 0 89 38 80
3 -5 -22 -13 -11 78 0 0.00 M M 11.2 23 80 M M 0 28 80
4 -9 -28 -18 -16 83 0 0.00 M M 10.8 26 100 M M 0 33 100
5 -1 -11 -6 -4 71 0 T M M 26.3 33 100 M M 3 39 100
6 0 -25 -12 -10 77 0 0.01 M M 7.8 24 80 M M 4 29 90
7 -14 -26 -20 -18 85 0 0.00 M M 6.3 13 50 M M 0 1 14 60
8 -7 -25 -16 -15 81 0 0.00 M M 15.9 25 100 M M 0 18 29 100
9 -9 -30 -19 -18 84 0 T M M 8.3 23 100 M M 0 26 100
10 -24 -32 -28 -27 93 0 0.00 M M 6.6 15 10 M M 0 17 20
11 -5 -33 -19 -18 84 0 0.09 M M 10.8 16 10 M M 5 1 21 10
12 20 -5 8 9 57 0 0.09 M M 17.1 28 110 M M 7 19 34 110
13 17 -3 7 8 58 0 0.00 M M 3.8 14 100 M M 1 16 90
14 6 -11 -2 -1 67 0 0.00 M M 2.9 12 120 M M 0 1 12 120
15 -2 -16 -9 -9 74 0 0.00 M M 3.8 9 10 M M 3 1 11 10
16 -4 -18 -11 -11 76 0 0.00 M M 4.2 10 320 M M 5 12 10
17 -8 -23 -15 -15 80 0 0.00 M M 8.4 20 350 M M 0 8 24 350
18 -6 -21 -13 -13 78 0 T M M 13.2 25 290 M M 4 18 28 290
19 -8 -19 -13 -13 78 0 T M M 7.7 17 280 M M 8 18 20 280
20 -10 -26 -18 -18 83 0 0.00 M M 4.7 12 110 M M 7 13 80
21 -7 -23 -15 -15 80 0 0.00 M M 5.6 21 290 M M 2 23 300
22 -5 -16 -10 -10 75 0 T M M 12.7 25 310 M M 6 18 31 320
23 -10 -23 -16 -16 81 0 0.00 M M 6.8 14 120 M M 4 16 120
24 -5 -17 -11 -11 76 0 0.00 M M 5.8 14 20 M M 2 17 20
25 -9 -28 -18 -18 83 0 0.00 M M 5.0 12 240 M M 0 1 12 240
26 -12 -27 -19 -19 84 0 0.00 M M 1.9 7 360 M M 5 8 50
27 -13 -29 -21 -21 86 0 0.00 M M 1.3 7 20 M M 0 9 20
28 -14 -32 -23 -23 88 0 0.00 M M 3.8 14 120 M M 0 8 14 120
================================================================================
SM -144 -600 2185 0 0.20 M 252.8 M 66
================================================================================
AV -5.1-21.4 9.0 FASTST M M 2 MAX(MPH)
MISC ----> 37 80 44 80
================================================================================
NOTES:
# LAST OF SEVERAL OCCURRENCES
COLUMN 17 PEAK WIND IN M.P.H.
PRELIMINARY LOCAL CLIMATOLOGICAL DATA (WS FORM: F-6) , PAGE 2
STATION: KOTZEBUE AK
MONTH: FEBRUARY
YEAR: 2021
LATITUDE: 66 52 N
LONGITUDE: 162 38 W
[TEMPERATURE DATA] [PRECIPITATION DATA] SYMBOLS USED IN COLUMN 16
AVERAGE MONTHLY:-13.3 TOTAL FOR MONTH: 0.20 1 = FOG OR MIST
DPTR FM NORMAL: -12.5 DPTR FM NORMAL: -0.46 2 = FOG REDUCING VISIBILITY
HIGHEST: 20 ON 12 GRTST 24HR 0.18 ON 11-12 TO 1/4 MILE OR LESS
LOWEST: -33 ON 11 3 = THUNDER
SNOW, ICE PELLETS, HAIL 4 = ICE PELLETS
TOTAL MONTH: M 5 = HAIL
GRTST 24HR M ON M 6 = FREEZING RAIN OR DRIZZLE
GRTST DEPTH: M ON M 7 = DUSTSTORM OR SANDSTORM:
VSBY 1/2 MILE OR LESS
8 = SMOKE OR HAZE
[NO. OF DAYS WITH] [WEATHER - DAYS WITH] 9 = BLOWING SNOW
X = TORNADO
MAX 32 OR BELOW: 28 0.01 INCH OR MORE: 4
MAX 90 OR ABOVE: 0 0.10 INCH OR MORE: 0
MIN 32 OR BELOW: 28 0.50 INCH OR MORE: 0
MIN 0 OR BELOW: 28 1.00 INCH OR MORE: 0
[HDD (BASE 65) ]
TOTAL THIS MO. 2185 CLEAR (SCALE 0-3) 18
DPTR FM NORMAL 344 PTCLDY (SCALE 4-7) 10
TOTAL FM JUL 1 9928 CLOUDY (SCALE 8-10) 0
DPTR FM NORMAL -319
[CDD (BASE 65) ]
TOTAL THIS MO. 0
DPTR FM NORMAL 0 [PRESSURE DATA]
TOTAL FM JAN 1 0 HIGHEST SLP 30.86 ON 9
DPTR FM NORMAL 0 LOWEST SLP 29.41 ON 21
[REMARKS]
#FINAL-02-21#