000
CXAK56 PAFG 310949
CF6OTZ
PRELIMINARY LOCAL CLIMATOLOGICAL DATA (WS FORM: F-6)
STATION: KOTZEBUE AK
MONTH: JANUARY
YEAR: 2021
LATITUDE: 66 52 N
LONGITUDE: 162 38 W
TEMPERATURE IN F: :PCPN: SNOW: WIND :SUNSHINE: SKY :PK WND
================================================================================
1 2 3 4 5 6A 6B 7 8 9 10 11 12 13 14 15 16 17 18
12Z AVG MX 2MIN
DY MAX MIN AVG DEP HDD CDD WTR SNW DPTH SPD SPD DIR MIN PSBL S-S WX SPD DR
================================================================================
1 17 3 10 11 55 0 T M M 19.1 32 110 M M 6 18 37 110
2 5 -7 -1 0 66 0 0.00 M M 4.8 24 70 M M 0 29 70
3 -5 -15 -10 -9 75 0 0.00 M M 6.5 20 80 M M 0 23 70
4 -6 -15 -10 -8 75 0 0.00 M M 4.9 13 20 M M 3 8 15 20
5 0 -7 -3 -1 68 0 T M M 7.0 12 40 M M 10 18 13 30
6 3 -6 -1 1 66 0 0.02 M M 4.5 12 10 M M 9 1 13 30
7 4 -3 1 3 64 0 M M M 1.6 8 360 M M 10 1 9 350
8 7 0 4 6 61 0 M M M 7.3 17 270 M M 10 1 20 270
9 5 0 3 5 62 0 0.04 M M 2.5 12 260 M M 10 1 13 260
10 8 -9 0 3 65 0 0.01 M M 6.0 18 360 M M 3 1 21 360
11 8 -3 3 6 62 0 0.00 M M 3.9 12 10 M M 8 1 15 10
12 7 4 6 9 59 0 T M M 6.0 10 30 M M 10 1 12 10
13 9 -2 4 7 61 0 T M M 7.2 17 90 M M 5 1 20 80
14 20 -3 9 12 56 0 0.00 M M 12.7 22 100 M M 7 25 80
15 13 -9 2 5 63 0 0.00 M M 3.5 13 100 M M 1 14 100
16 8 -4 2 5 63 0 0.02 M M 10.3 16 10 M M 8 1 19 20
17 13 8 11 14 54 0 0.04 M M 3.7 13 140 M M 10 1 14 140
18 21 5 13 16 52 0 0.21 M M 5.5 23 270 M M 10 16 27 270
19 16 -21 -2 1 67 0 0.07 M M 16.5 33 270 M M 9 129 39 270
20 17 -22 -2 1 67 0 T M M 8.4 30 90 M M 7 189 36 90
21 31 17 24 27 41 0 0.05 M M 27.7 38 110 M M 8 19 45 110
22 34 30 32 35 33 0 0.09 M M 20.3 25 130 M M 9 1 31 150
23 32 24 28 31 37 0 0.02 M M 12.7 26 90 M M 10 1 30 80
24 24 4 14 17 51 0 T M M 8.9 20 220 M M 9 1 22 220
25 17 -6 6 9 59 0 0.01 M M 7.9 14 120 M M 6 1 M M
26 3 -10 -3 0 68 0 0.00 M M 3.8 10 60 M M 3 1 12 60
27 0 -13 -6 -3 71 0 0.00 M M 5.3 13 60 M M 3 1 14 60
28 -6 -14 -10 -7 75 0 0.00 M M 6.3 12 30 M M 0 13 30
29 -9 -30 -19 -16 84 0 0.00 M M 2.3 7 40 M M 0 1 7 30
30 -21 -34 -27 -24 92 0 M M M 1.6 9 240 M M 0 18 11 210
================================================================================
SM 275 -138 1872 0 0.58 M 238.7 M 184
================================================================================
AV 9.2 -4.6 8.0 FASTST M M 6 MAX(MPH)
MISC ----> 38 110 45 110
================================================================================
NOTES:
# LAST OF SEVERAL OCCURRENCES
COLUMN 17 PEAK WIND IN M.P.H.
PRELIMINARY LOCAL CLIMATOLOGICAL DATA (WS FORM: F-6) , PAGE 2
STATION: KOTZEBUE AK
MONTH: JANUARY
YEAR: 2021
LATITUDE: 66 52 N
LONGITUDE: 162 38 W
[TEMPERATURE DATA] [PRECIPITATION DATA] SYMBOLS USED IN COLUMN 16
AVERAGE MONTHLY: 2.3 TOTAL FOR MONTH: 0.58 1 = FOG OR MIST
DPTR FM NORMAL: 0.0 DPTR FM NORMAL: -0.02 2 = FOG REDUCING VISIBILITY
HIGHEST: 34 ON 22 GRTST 24HR 0.28 ON 18-19 TO 1/4 MILE OR LESS
LOWEST: -34 ON 30 3 = THUNDER
SNOW, ICE PELLETS, HAIL 4 = ICE PELLETS
TOTAL MONTH: M 5 = HAIL
GRTST 24HR M ON M 6 = FREEZING RAIN OR DRIZZLE
GRTST DEPTH: M ON M 7 = DUSTSTORM OR SANDSTORM:
VSBY 1/2 MILE OR LESS
8 = SMOKE OR HAZE
[NO. OF DAYS WITH] [WEATHER - DAYS WITH] 9 = BLOWING SNOW
X = TORNADO
MAX 32 OR BELOW: 29 0.01 INCH OR MORE: 11
MAX 90 OR ABOVE: 0 0.10 INCH OR MORE: 1
MIN 32 OR BELOW: 30 0.50 INCH OR MORE: 0
MIN 0 OR BELOW: 22 1.00 INCH OR MORE: 0
[HDD (BASE 65) ]
TOTAL THIS MO. 1872 CLEAR (SCALE 0-3) 10
DPTR FM NORMAL -157 PTCLDY (SCALE 4-7) 7
TOTAL FM JUL 1 7653 CLOUDY (SCALE 8-10) 13
DPTR FM NORMAL -678
[CDD (BASE 65) ]
TOTAL THIS MO. 0
DPTR FM NORMAL 0 [PRESSURE DATA]
TOTAL FM JAN 1 0 HIGHEST SLP M ON M
DPTR FM NORMAL 0 LOWEST SLP 29.04 ON 11
[REMARKS]