000
CXUS53 KARX 010900
CF6OVS
PRELIMINARY LOCAL CLIMATOLOGICAL DATA (WS FORM: F-6)
STATION: BOSCOBEL_(ASOS) WI
MONTH: APRIL
YEAR: 2021
LATITUDE: 43 9 N
LONGITUDE: 90 41 W
TEMPERATURE IN F: :PCPN: SNOW: WIND :SUNSHINE: SKY :PK WND
================================================================================
1 2 3 4 5 6A 6B 7 8 9 10 11 12 13 14 15 16 17 18
12Z AVG MX 2MIN
DY MAX MIN AVG DEP HDD CDD WTR SNW DPTH SPD SPD DIR MIN PSBL S-S WX SPD DR
================================================================================
1 45 17 31 -11 34 0 0.00 0.0 0 3.2 10 330 M M 0 8 17 10
2 55 19 37 -5 28 0 0.00 0.0 0 5.7 17 200 M M 0 18 31 190
3 76 36 56 14 9 0 0.00 0.0 0 4.2 13 330 M M 0 8 20 210
4 80 33 57 14 8 0 T 0.0 0 4.9 18 210 M M 0 18 29 190
5 79 51 65 22 0 0 0.00 0.0 0 8.3 20 230 M M 0 31 240
6 83 58 71 27 0 6 T 0.0 0 6.9 21 200 M M 2 31 190
7 76 56 66 22 0 1 0.01 0.0 0 4.2 14 180 M M 4 23 160
8 66 50 58 13 7 0 0.12 0.0 0 5.9 15 200 M M 9 1 25 110
9 61 49 55 10 10 0 0.19 0.0 0 5.3 16 270 M M 10 1 25 270
10 53 47 50 4 15 0 0.25 0.0 0 7.0 15 350 M M 9 1 22 350
11 55 48 52 6 13 0 0.01 0.0 0 7.9 16 320 M M 10 26 360
12 56 35 46 -1 19 0 0.00 0.0 0 8.1 18 270 M M 7 1 29 270
13 51 33 42 -5 23 0 T 0.0 0 10.6 17 290 M M 9 33 240
14 42 32 37 -11 28 0 0.00 0.0 0 7.8 12 270 M M 8 18 270
15 52 29 41 -7 24 0 0.00 0.0 0 4.4 13 320 M M 8 1 18 330
16 65 31 48 0 17 0 0.00 0.0 0 2.8 12 320 M M 2 18 19 340
17 63 29 46 -3 19 0 0.00 0.0 0 3.2 13 360 M M 0 8 19 320
18 66 33 50 1 15 0 T 0.0 0 5.4 17 240 M M 5 8 26 280
19 52 32 42 -8 23 0 T 0.0 0 8.6 18 310 M M 9 8 26 330
20 46 27 37 -13 28 0 0.00 0.0 0 2.4 13 290 M M 7 8 18 300
21 48 21 35 -16 30 0 0.00 0.0 0 5.8 20 320 M M 6 8 27 320
22 66 31 49 -2 16 0 T 0.0 0 7.1 18 250 M M 4 28 250
23 63 40 52 1 13 0 0.00 0.0 0 5.0 18 210 M M 7 26 210
24 61 33 47 -5 18 0 0.00 0.0 0 5.7 16 310 M M 7 24 330
25 54 26 40 -12 25 0 T 0.0 0 4.6 14 120 M M 3 1 23 120
26 78 39 59 6 6 0 0.00 0.0 0 5.5 18 120 M M 3 28 120
27 82 52 67 14 0 2 0.00 0.0 0 5.4 14 20 M M 5 24 30
28 70 50 60 7 5 0 0.00 0.0 0 5.1 10 20 M M 3 8 19 30
29 74 47 61 7 4 0 0.06 0.0 0 6.0 28 340 M M 4 38 44 10
30 67 40 54 0 11 0 0.00 0.0 0 4.9 17 350 M M 0 8 26 350
================================================================================
SM 1885 1124 448 9 0.64 0.0 171.9 M 141
================================================================================
AV 62.8 37.5 5.7 FASTST M M 5 MAX(MPH)
MISC ----> 28 340 44 10
================================================================================
NOTES:
# LAST OF SEVERAL OCCURRENCES
COLUMN 17 PEAK WIND IN M.P.H.
PRELIMINARY LOCAL CLIMATOLOGICAL DATA (WS FORM: F-6) , PAGE 2
STATION: BOSCOBEL_(ASOS) WI
MONTH: APRIL
YEAR: 2021
LATITUDE: 43 9 N
LONGITUDE: 90 41 W
[TEMPERATURE DATA] [PRECIPITATION DATA] SYMBOLS USED IN COLUMN 16
AVERAGE MONTHLY: 50.2 TOTAL FOR MONTH: 0.64 1 = FOG OR MIST
DPTR FM NORMAL: 2.2 DPTR FM NORMAL: -3.00 2 = FOG REDUCING VISIBILITY
HIGHEST: 83 ON 6 GRTST 24HR 0.29 ON 8- 9 TO 1/4 MILE OR LESS
LOWEST: 17 ON 1 3 = THUNDER
SNOW, ICE PELLETS, HAIL 4 = ICE PELLETS
TOTAL MONTH: 0.0 INCH 5 = HAIL
GRTST 24HR 0.0 6 = FREEZING RAIN OR DRIZZLE
GRTST DEPTH: 0 7 = DUSTSTORM OR SANDSTORM:
VSBY 1/2 MILE OR LESS
8 = SMOKE OR HAZE
[NO. OF DAYS WITH] [WEATHER - DAYS WITH] 9 = BLOWING SNOW
X = TORNADO
MAX 32 OR BELOW: 0 0.01 INCH OR MORE: 6
MAX 90 OR ABOVE: 0 0.10 INCH OR MORE: 3
MIN 32 OR BELOW: 11 0.50 INCH OR MORE: 0
MIN 0 OR BELOW: 0 1.00 INCH OR MORE: 0
[HDD (BASE 65) ]
TOTAL THIS MO. 448 CLEAR (SCALE 0-3) 9
DPTR FM NORMAL -63 PTCLDY (SCALE 4-7) 15
TOTAL FM JUL 1 6287 CLOUDY (SCALE 8-10) 6
DPTR FM NORMAL -519
[CDD (BASE 65) ]
TOTAL THIS MO. 9
DPTR FM NORMAL 6 [PRESSURE DATA]
TOTAL FM JAN 1 9 HIGHEST SLP 30.63 ON 1
DPTR FM NORMAL 5 LOWEST SLP 29.38 ON 11
[REMARKS]
#FINAL-04-21#