000
CXUS55 KRIW 011010
CF6P60
PRELIMINARY LOCAL CLIMATOLOGICAL DATA (WS FORM: F-6)
STATION: LAKE YELLOWSTONE WY
MONTH: AUGUST
YEAR: 2022
LATITUDE: 44 32 N
LONGITUDE: 110 25 W
TEMPERATURE IN F: :PCPN: SNOW: WIND :SUNSHINE: SKY :PK WND
================================================================================
1 2 3 4 5 6A 6B 7 8 9 10 11 12 13 14 15 16 17 18
12Z AVG MX 2MIN
DY MAX MIN AVG DEP HDD CDD WTR SNW DPTH SPD SPD DIR MIN PSBL S-S WX SPD DR
================================================================================
1 78 43 61 4 4 0 0.00 M M 2.3 13 290 M M 0 23 300
2 70 43 57 0 8 0 0.14 M M 2.2 14 310 M M 0 28 290
3 73 42 58 2 7 0 0.00 M M 2.4 12 270 M M 0 25 280
4 77 39 58 2 7 0 0.00 M M 2.8 13 240 M M 0 25 270
5 57 43 50 -6 15 0 0.16 M M 0.9 8 280 M M 0 12 270
6 57 41 49 -7 16 0 0.50 M M 0.7 12 290 M M 0 26 300
7 68 40 54 -2 11 0 0.00 M M 1.4 8 280 M M 0 18 160
8 76 37 57 1 8 0 0.00 M M 2.4 12 280 M M 0 20 290
9 78 36 57 1 8 0 0.00 M M 2.3 6 130 M M 0 10 160
10 82 41 62 7 3 0 0.00 M M 2.6 12 270 M M 0 19 320
11 76 52 64 9 1 0 0.00 M M 1.7 13 280 M M 0 24 270
12 79 46 63 8 2 0 0.12 M M 2.2 12 320 M M 0 23 310
13 68 44 56 1 9 0 0.78 M M 2.1 14 320 M M 0 27 340
14 70 42 56 2 9 0 0.00 M M 1.0 9 290 M M 0 18 300
15 74 40 57 3 8 0 0.00 M M 1.7 8 120 M M 0 14 120
16 75 39 57 3 8 0 0.00 M M 1.6 7 110 M M 0 11 120
17 78 41 60 6 5 0 0.00 M M 1.8 6 120 M M 0 11 130
18 76 38 57 3 8 0 0.02 M M 1.8 12 290 M M 0 22 290
19 77 40 59 6 6 0 0.00 M M 1.3 5 99 M M 0 M M
20 76 42 59 6 6 0 0.00 M M 1.6 8 130 M M 0 13 120
21 75 43 59 6 6 0 0.00 M M 2.2 12 310 M M 0 20 330
22 72 43 58 5 7 0 0.00 M M 1.9 8 310 M M 0 16 320
23 73 39 56 4 9 0 0.01 M M 0.8 9 320 M M 0 13 290
24 73 40 57 5 8 0 0.83 M M 2.6 17 280 M M 0 34 270
25 71 47 59 7 6 0 0.15 M M 2.2 8 330 M M 0 24 340
26 70 39 55 3 10 0 0.05 M M 3.4 14 280 M M 0 27 290
27 68 37 53 2 12 0 0.00 M M 4.0 17 270 M M 0 34 270
28 65 40 53 2 12 0 0.00 M M 3.7 13 280 M M 0 22 270
29 74 33 54 3 11 0 0.00 M M 2.4 7 270 M M 0 17 80
30 75 36 56 6 9 0 0.00 M M 1.4 7 100 M M 0 12 120
31 76 37 57 7 8 0 0.00 M M 1.2 7 120 M M 0 11 130
================================================================================
SM 2257 1263 247 0 2.76 M 62.6 M 0
================================================================================
AV 72.8 40.7 2.0 FASTST M M 0 MAX(MPH)
MISC ----> # 17 280 # 34 270
================================================================================
NOTES:
# LAST OF SEVERAL OCCURRENCES
COLUMN 17 PEAK WIND IN M.P.H.
PRELIMINARY LOCAL CLIMATOLOGICAL DATA (WS FORM: F-6) , PAGE 2
STATION: LAKE YELLOWSTONE WY
MONTH: AUGUST
YEAR: 2022
LATITUDE: 44 32 N
LONGITUDE: 110 25 W
[TEMPERATURE DATA] [PRECIPITATION DATA] SYMBOLS USED IN COLUMN 16
AVERAGE MONTHLY: 56.8 TOTAL FOR MONTH: 2.76 1 = FOG OR MIST
DPTR FM NORMAL: 2.9 DPTR FM NORMAL: 1.42 2 = FOG REDUCING VISIBILITY
HIGHEST: 82 ON 10 GRTST 24HR 0.98 ON 24-25 TO 1/4 MILE OR LESS
LOWEST: 33 ON 29 3 = THUNDER
SNOW, ICE PELLETS, HAIL 4 = ICE PELLETS
TOTAL MONTH: M 5 = HAIL
GRTST 24HR M ON M 6 = FREEZING RAIN OR DRIZZLE
GRTST DEPTH: M ON M 7 = DUSTSTORM OR SANDSTORM:
VSBY 1/2 MILE OR LESS
8 = SMOKE OR HAZE
[NO. OF DAYS WITH] [WEATHER - DAYS WITH] 9 = BLOWING SNOW
X = TORNADO
MAX 32 OR BELOW: 0 0.01 INCH OR MORE: 10
MAX 90 OR ABOVE: 0 0.10 INCH OR MORE: 7
MIN 32 OR BELOW: 0 0.50 INCH OR MORE: 3
MIN 0 OR BELOW: 0 1.00 INCH OR MORE: 0
[HDD (BASE 65) ]
TOTAL THIS MO. 247 CLEAR (SCALE 0-3) 31
DPTR FM NORMAL -99 PTCLDY (SCALE 4-7) 0
TOTAL FM JUL 1 444 CLOUDY (SCALE 8-10) 0
DPTR FM NORMAL -197
[CDD (BASE 65) ]
TOTAL THIS MO. 0
DPTR FM NORMAL 0 [PRESSURE DATA]
TOTAL FM JAN 1 0 HIGHEST SLP 30.37 ON 31
DPTR FM NORMAL 0 LOWEST SLP 29.70 ON 27
[REMARKS]
#FINAL-08-22#