000
CXUS55 KRIW 011010
CF6P60
PRELIMINARY LOCAL CLIMATOLOGICAL DATA (WS FORM: F-6)
STATION: LAKE YELLOWSTONE WY
MONTH: JUNE
YEAR: 2022
LATITUDE: 44 32 N
LONGITUDE: 110 25 W
TEMPERATURE IN F: :PCPN: SNOW: WIND :SUNSHINE: SKY :PK WND
================================================================================
1 2 3 4 5 6A 6B 7 8 9 10 11 12 13 14 15 16 17 18
12Z AVG MX 2MIN
DY MAX MIN AVG DEP HDD CDD WTR SNW DPTH SPD SPD DIR MIN PSBL S-S WX SPD DR
================================================================================
1 48 28 38 -5 27 0 0.01 M M 0.6 7 330 M M 0 14 350
2 56 28 42 -1 23 0 0.00 M M 1.4 7 110 M M 0 11 300
3 63 30 47 3 18 0 0.00 M M 0.7 15 280 M M 0 32 260
4 58 29 44 0 21 0 0.10 M M 1.4 12 270 M M 0 22 260
5 53 36 45 1 20 0 0.47 M M 2.2 14 300 M M 0 24 290
6 48 32 40 -4 25 0 0.72 M M 2.7 14 280 M M 0 26 290
7 51 30 41 -3 24 0 0.02 M M 1.4 10 280 M M 0 18 320
8 56 28 42 -3 23 0 0.00 M M 1.1 9 280 M M M 18 250
9 65 34 50 5 15 0 0.00 M M 2.5 12 290 M M M 22 310
10 68 33 51 6 14 0 0.00 M M 2.6 15 270 M M 0 26 280
11 64 37 51 5 14 0 0.23 M M 3.6 15 270 M M M 32 170
12 47 38 43 -3 22 0 1.37 M M 0.8 6 260 M M M 14 280
13 M M M M M M M M M M M M M M M M M
14 47 28 38 -8 27 0 0.15 M M 4.8 15 270 M M M 29 260
15 52 29 41 -6 24 0 0.00 M M 3.5 12 230 M M M 24 190
16 73 27 50 3 15 0 0.00 M M 1.2 8 190 M M M 23 120
17 77 34 56 9 9 0 0.00 M M 2.5 14 280 M M M 23 130
18 72 40 56 8 9 0 0.02 M M 2.8 15 280 M M M 28 230
19 51 35 43 -5 22 0 0.32 M M 1.0 14 270 M M M 30 280
20 48 30 39 -9 26 0 0.00 M M 3.8 15 280 M M M 27 250
21 59 27 43 -6 22 0 0.00 M M 1.6 9 270 M M M 19 260
22 68 27 48 -1 17 0 0.00 M M 1.8 9 260 M M 0 21 210
23 72 31 52 3 13 0 0.00 M M 2.4 13 270 M M 0 27 220
24 64 37 51 1 14 0 0.05 M M 3.6 16 280 M M 0 32 300
25 61 29 45 -5 20 0 0.00 M M 1.9 7 30 M M 0 16 80
26 67 28 48 -2 17 0 0.00 M M 1.5 8 100 M M 0 13 90
27 75 32 54 3 11 0 0.00 M M 1.6 10 300 M M 0 19 320
28 76 36 56 5 9 0 0.00 M M 1.4 12 280 M M 0 26 310
29 68 40 54 3 11 0 0.00 M M 4.9 17 270 M M 0 32 260
30 71 32 52 0 13 0 0.00 M M 3.1 15 280 M M 0 27 260
================================================================================
SM 1778 925 525 0 3.46 M 64.4 M 0
================================================================================
AV 61.3 31.9 2.2 FASTST M M 0 MAX(MPH)
MISC ----> 17 270 # 32 260
================================================================================
NOTES:
# LAST OF SEVERAL OCCURRENCES
COLUMN 17 PEAK WIND IN M.P.H.
PRELIMINARY LOCAL CLIMATOLOGICAL DATA (WS FORM: F-6) , PAGE 2
STATION: LAKE YELLOWSTONE WY
MONTH: JUNE
YEAR: 2022
LATITUDE: 44 32 N
LONGITUDE: 110 25 W
[TEMPERATURE DATA] [PRECIPITATION DATA] SYMBOLS USED IN COLUMN 16
AVERAGE MONTHLY: 46.6 TOTAL FOR MONTH: 3.46 1 = FOG OR MIST
DPTR FM NORMAL: -0.4 DPTR FM NORMAL: 1.08 2 = FOG REDUCING VISIBILITY
HIGHEST: 77 ON 17 GRTST 24HR 1.37 ON 12-12 TO 1/4 MILE OR LESS
LOWEST: 27 ON 22,21 3 = THUNDER
SNOW, ICE PELLETS, HAIL 4 = ICE PELLETS
TOTAL MONTH: M 5 = HAIL
GRTST 24HR M ON M 6 = FREEZING RAIN OR DRIZZLE
GRTST DEPTH: M ON M 7 = DUSTSTORM OR SANDSTORM:
VSBY 1/2 MILE OR LESS
8 = SMOKE OR HAZE
[NO. OF DAYS WITH] [WEATHER - DAYS WITH] 9 = BLOWING SNOW
X = TORNADO
MAX 32 OR BELOW: 0 0.01 INCH OR MORE: 11
MAX 90 OR ABOVE: 0 0.10 INCH OR MORE: 7
MIN 32 OR BELOW: 18 0.50 INCH OR MORE: 2
MIN 0 OR BELOW: 0 1.00 INCH OR MORE: 1
[HDD (BASE 65) ]
TOTAL THIS MO. 525 CLEAR (SCALE 0-3) 17
DPTR FM NORMAL -13 PTCLDY (SCALE 4-7) 0
TOTAL FM JUL 1 11585 CLOUDY (SCALE 8-10) 13
DPTR FM NORMAL -426
[CDD (BASE 65) ]
TOTAL THIS MO. 0
DPTR FM NORMAL 0 [PRESSURE DATA]
TOTAL FM JAN 1 0 HIGHEST SLP 30.46 ON 26
DPTR FM NORMAL 0 LOWEST SLP 29.71 ON 18
[REMARKS]
#FINAL-06-22#