000
CXUS53 KPAH 020726
CLSPAH
CLIMATE REPORT
NATIONAL WEATHER SERVICE PADUCAH KY
126 AM CST SAT MAR 02 2024
...................................
...THE PADUCAH KY CLIMATE SUMMARY FOR THE WINTER SEASON, FROM
12/1/2023 TO 2/29/2024...
CLIMATE NORMAL PERIOD 1991 TO 2020
CLIMATE RECORD PERIOD 1937 TO 2024
WEATHER OBSERVED NORMAL DEPART LAST YEAR`S
VALUE DATE(S) VALUE FROM VALUE
NORMAL
..............................................................
TEMPERATURE (F)
RECORD
HIGH 78 02/13/1962
LOW -15 01/20/1985
HIGHEST 76 02/26 45 31
02/27
LOWEST 2 01/17 27 -25
AVG. MAXIMUM 52.1 47.6 4.5
AVG. MINIMUM 32.4 29.5 2.9
MEAN 42.2 38.5 3.7
DAYS MAX >= 90 0 0.0 0.0
DAYS MAX <= 32 8 10.7 -2.7
DAYS MIN <= 32 48 58.0 -10.0
DAYS MIN <= 0 0 0.5 -0.5
PRECIPITATION (INCHES)
RECORD
MAXIMUM 27.23 1949
MINIMUM 3.98 1962
TOTALS 12.09 12.09 0.00
DAILY AVG. 0.13 NAN NAN
DAYS >= .01 24 29.9 -5.9
DAYS >= .10 15 18.6 -3.6
DAYS >= .50 8 8.6 -0.6
DAYS >= 1.00 4 3.2 0.8
GREATEST
24 HR. TOTAL 2.74 01/12 TO 01/12
STORM TOTAL MM
(MM/DD(HH))
SNOWFALL (INCHES)
RECORDS
TOTAL 24.7 1978
24 HR TOTAL 14.0 12/22/2004 TO 12/22/2004
TOTALS 1.7 7.5 -5.8
LIQUID EQUIV 0.20
SINCE 7/1 1.7 7.8 -6.1
LIQUID 7/1 0.17
SNOWDEPTH AVG. 0
DAYS >= TRACE 9
DAYS >= 1.0 1
GREATEST
SNOW DEPTH 1 01/15
01/16
01/17
24 HR TOTAL 1.7 01/14 TO 01/15
STORM TOTAL 1.7
(MM/DD(HH))
DEGREE DAYS
HEATING TOTAL 2071 2387 -316
SINCE 7/1 2694 3186 -492
COOLING TOTAL 6 1 5
SINCE 1/1 6 1 5
FREEZE DATES
RECORD
EARLIEST 10/01/1984
LATEST 04/28/1992
EARLIEST 10/30
LATEST 03/29
..............................................................
WIND (MPH)
AVERAGE WIND SPEED 5.6
HIGHEST WIND SPEED/DIRECTION 30/250 DATE 01/12
HIGHEST GUST SPEED/DIRECTION 51/230 DATE 01/12
SKY COVER
POSSIBLE SUNSHINE (PERCENT) MM
AVERAGE SKY COVER 0.44
NUMBER OF DAYS FAIR 41
NUMBER OF DAYS PC 27
NUMBER OF DAYS CLOUDY 23
AVERAGE RH (PERCENT) 68
WEATHER CONDITIONS. NUMBER OF DAYS WITH
THUNDERSTORM 7 MIXED PRECIP 0
HEAVY RAIN 9 RAIN 15
LIGHT RAIN 33 FREEZING RAIN 0
LT FREEZING RAIN 0 HAIL 0
HEAVY SNOW 0 SNOW 1
LIGHT SNOW 9 SLEET 0
FOG 37 FOG W/VIS <= 1/4 MILE 5
HAZE 7
- INDICATES NEGATIVE NUMBERS.
R INDICATES RECORD WAS SET OR TIED.
MM INDICATES DATA IS MISSING.
T INDICATES TRACE AMOUNT.
[REMARKS]: 4TH WARMEST WINTER IN PADUCAH
$$