000
CXUS53 KPAH 010703
CLSPAH
CLIMATE REPORT
NATIONAL WEATHER SERVICE PADUCAH KY
103 AM CST FRI DEC 01 2023
...................................
...THE PADUCAH KY CLIMATE SUMMARY FOR THE FALL SEASON, FROM
9/1/2023 TO 11/30/2023...
CLIMATE NORMAL PERIOD 1991 TO 2020
CLIMATE RECORD PERIOD 1937 TO 2023
WEATHER OBSERVED NORMAL DEPART LAST YEAR`S
VALUE DATE(S) VALUE FROM VALUE
NORMAL
..............................................................
TEMPERATURE (F)
RECORD
HIGH 104 09/05/1954
09/09/1939
LOW -3 11/25/1950
HIGHEST 91 09/04 70 21
LOWEST 24 11/28 48 -24
AVG. MAXIMUM 73.4 71.2 2.2
AVG. MINIMUM 49.1 48.0 1.1
MEAN 61.3 59.6 1.7
DAYS MAX >= 90 4 6.9 -2.9
DAYS MAX <= 32 0 0.1 -0.1
DAYS MIN <= 32 13 12.6 0.4
DAYS MIN <= 0 0 0.0 0.0
PRECIPITATION (INCHES)
RECORD
MAXIMUM 22.54 2006
MINIMUM 3.10 1963
TOTALS 6.65 11.63 -4.98
DAILY AVG. 0.07 0.13 -0.06
DAYS >= .01 22 24.4 -2.4
DAYS >= .10 10 16.4 -6.4
DAYS >= .50 6 7.6 -1.6
DAYS >= 1.00 3 3.5 -0.5
GREATEST
24 HR. TOTAL 1.63 09/04 TO 09/05
SNOWFALL (INCHES)
RECORDS
TOTAL 2.8 2014
24 HR TOTAL 2.3 11/12/2022 TO 11/12/2022
TOTALS 0.0 0.3 -0.3
LIQUID EQUIV 0.00
SINCE 7/1 0.0 0.3 -0.3
LIQUID 7/1 0.00
SNOWDEPTH AVG. 0
DAYS >= TRACE 0
DAYS >= 1.0 0
GREATEST
SNOW DEPTH 0
24 HR TOTAL 0.0
STORM TOTAL 0.0
(MM/DD(HH))
DEGREE DAYS
HEATING TOTAL 623 756 -133
SINCE 7/1 623 756 -133
COOLING TOTAL 306 263 43
SINCE 1/1 1670 1683 -13
FREEZE DATES
RECORD
EARLIEST 10/01/1984
LATEST 04/28/1992
EARLIEST 10/30
LATEST 03/29
..............................................................
WIND (MPH)
AVERAGE WIND SPEED 3.7
HIGHEST WIND SPEED/DIRECTION 26/130 DATE 11/20
HIGHEST GUST SPEED/DIRECTION 34/130 DATE 11/20
SKY COVER
POSSIBLE SUNSHINE (PERCENT) MM
AVERAGE SKY COVER 0.24
NUMBER OF DAYS FAIR 66
NUMBER OF DAYS PC 18
NUMBER OF DAYS CLOUDY 7
AVERAGE RH (PERCENT) 69
WEATHER CONDITIONS. NUMBER OF DAYS WITH
THUNDERSTORM 5 MIXED PRECIP 0
HEAVY RAIN 7 RAIN 11
LIGHT RAIN 28 FREEZING RAIN 0
LT FREEZING RAIN 0 HAIL 0
HEAVY SNOW 0 SNOW 0
LIGHT SNOW 0 SLEET 0
FOG 54 FOG W/VIS <= 1/4 MILE 5
HAZE 9
- INDICATES NEGATIVE NUMBERS.
R INDICATES RECORD WAS SET OR TIED.
MM INDICATES DATA IS MISSING.
T INDICATES TRACE AMOUNT.
[REMARKS:] 7TH WARMEST FALL AT PADUCAH
$$