000
CXUS54 KLZK 041418
CF6PBF
PRELIMINARY LOCAL CLIMATOLOGICAL DATA (WS FORM: F-6)
STATION: PINE BLUFF
MONTH: DECEMBER
YEAR: 2022
LATITUDE: 34 10 N
LONGITUDE: 91 56 W
TEMPERATURE IN F: :PCPN: SNOW: WIND :SUNSHINE: SKY :PK WND
================================================================================
1 2 3 4 5 6A 6B 7 8 9 10 11 12 13 14 15 16 17 18
12Z AVG MX 2MIN
DY MAX MIN AVG DEP HDD CDD WTR SNW DPTH SPD SPD DIR MIN PSBL S-S WX SPD DR
================================================================================
1 50 30 40 -8 25 0 0.00 0.0 0 5.6 16 90 M M 2 20 90
2 69 44 57 9 8 0 0.00 0.0 0 8.4 16 170 M M 9 21 180
3 69 41 55 7 10 0 T 0.0 0 10.7 22 20 M M 3 1 28 10
4 44 38 41 -6 24 0 0.17 0.0 0 5.9 13 100 M M 7 1 16 100
5 55 43 49 2 16 0 0.18 0.0 0 2.7 9 100 M M 10 12 13 310
6 74 54 64 17 1 0 0.03 0.0 0 9.5 17 200 M M 9 1 23 200
7 71 62 67 21 0 2 0.10 0.0 0 5.1 10 360 M M 10 123 14 210
8 69 56 63 17 2 0 0.13 0.0 0 4.5 14 360 M M 10 12 16 360
9 63 57 60 14 5 0 0.93 0.0 0 4.4 13 360 M M 10 138 16 360
10 66 52 59 13 6 0 0.78 0.0 0 7.8 20 10 M M 10 123 23 10
11 54 50 52 6 13 0 0.01 0.0 0 9.6 16 10 M M 10 1 19 10
12 52 49 51 5 14 0 0.00 0.0 0 7.8 13 50 M M 10 18 17 40
13 67 52 60 15 5 0 1.63 0.0 0 10.4 23 130 M M 10 13 27 130
14 64 43 54 9 11 0 0.07 0.0 0 5.9 22 300 M M 6 13 33 340
15 52 37 45 0 20 0 0.00 0.0 0 7.4 17 240 M M 0 23 250
16 49 32 41 -4 24 0 0.00 0.0 0 7.0 13 210 M M 3 16 260
17 50 33 42 -3 23 0 0.00 0.0 0 8.4 20 280 M M 0 27 290
18 50 27 39 -5 26 0 0.00 0.0 0 2.4 9 80 M M 0 11 60
19 45 35 40 -4 25 0 0.00 0.0 0 6.7 12 110 M M 7 14 120
20 51 37 44 0 21 0 0.00 0.0 0 8.0 16 20 M M 5 19 360
21 49 31 40 -4 25 0 0.00 0.0 0 5.8 14 130 M M 4 1 17 140
22 46 11 29 -15 36 0 0.01 T 0 11.4 33 320 M M 9 1 45 310
23 22 5 14 -30 51 0 0.00 0.0 0 14.3 22 320 M M 0 29 280
24 36 12 24 -20 41 0 0.00 0.0 0 5.3 15 300 M M 0 18 300
25 40 22 31 -13 34 0 0.00 0.0 0 6.5 12 180 M M 1 16 330
26 47 29 38 -5 27 0 0.01 0.0 0 6.0 15 340 M M 6 21 330
27 43 25 34 -9 31 0 0.00 0.0 0 6.4 13 360 M M 0 16 360
28 67 27 47 4 18 0 0.00 0.0 0 9.8 22 170 M M 1 28 180
29 67 61 64 21 1 0 1.02 0.0 0 10.4 18 170 M M 10 1 24 160
30 64 54 59 16 6 0 1.13 0.0 0 4.6 16 210 M M 10 1 24 210
31 63 52 58 15 7 0 0.00 0.0 0 4.9 16 170 M M 7 12 18 170
================================================================================
SM 1708 1201 556 2 6.20 T 223.6 M 179
================================================================================
AV 55.1 38.7 7.2 FASTST M M 6 MAX(MPH)
MISC ----> 33 320 45 310
================================================================================
NOTES:
# LAST OF SEVERAL OCCURRENCES
COLUMN 17 PEAK WIND IN M.P.H.
PRELIMINARY LOCAL CLIMATOLOGICAL DATA (WS FORM: F-6) , PAGE 2
STATION: PINE BLUFF
MONTH: DECEMBER
YEAR: 2022
LATITUDE: 34 10 N
LONGITUDE: 91 56 W
[TEMPERATURE DATA] [PRECIPITATION DATA] SYMBOLS USED IN COLUMN 16
AVERAGE MONTHLY: 46.9 TOTAL FOR MONTH: 6.20 1 = FOG OR MIST
DPTR FM NORMAL: 1.9 DPTR FM NORMAL: 0.90 2 = FOG REDUCING VISIBILITY
HIGHEST: 74 ON 6 GRTST 24HR 2.15 ON 29-30 TO 1/4 MILE OR LESS
LOWEST: 5 ON 23 3 = THUNDER
SNOW, ICE PELLETS, HAIL 4 = ICE PELLETS
TOTAL MONTH: T 5 = HAIL
GRTST 24HR T ON 22-22 6 = FREEZING RAIN OR DRIZZLE
GRTST DEPTH: 0 7 = DUSTSTORM OR SANDSTORM:
VSBY 1/2 MILE OR LESS
8 = SMOKE OR HAZE
[NO. OF DAYS WITH] [WEATHER - DAYS WITH] 9 = BLOWING SNOW
X = TORNADO
MAX 32 OR BELOW: 1 0.01 INCH OR MORE: 14
MAX 90 OR ABOVE: 0 0.10 INCH OR MORE: 9
MIN 32 OR BELOW: 11 0.50 INCH OR MORE: 5
MIN 0 OR BELOW: 0 1.00 INCH OR MORE: 3
[HDD (BASE 65) ]
TOTAL THIS MO. 556 CLEAR (SCALE 0-3) 11
DPTR FM NORMAL -66 PTCLDY (SCALE 4-7) 7
TOTAL FM JUL 1 1044 CLOUDY (SCALE 8-10) 13
DPTR FM NORMAL -95
[CDD (BASE 65) ]
TOTAL THIS MO. 2
DPTR FM NORMAL 0 [PRESSURE DATA]
TOTAL FM JAN 1 2575 HIGHEST SLP 30.64 ON 23
DPTR FM NORMAL 424 LOWEST SLP 29.63 ON 13
[REMARKS]
#FINAL-12-22#