000
CXUS54 KLZK 300153
CLSPBF
CLIMATE REPORT...UPDATED WITH SUPPLEMENTAL DATA
NATIONAL WEATHER SERVICE LITTLE ROCK AR
1103 PM CDT WED MAR 22 2023
...................................
...THE PINE BLUFF CLIMATE SUMMARY FOR THE SEASON, FROM
12/1/2022 TO 2/28/2023...
CLIMATE NORMAL PERIOD 1991 TO 2020
CLIMATE RECORD PERIOD 1883 TO 2023
WEATHER OBSERVED NORMAL DEPART LAST YEAR`S
VALUE DATE(S) VALUE FROM VALUE DATE(S)
NORMAL
................................................................
TEMPERATURE (F)
RECORD
HIGH 93 02/27/1918
LOW -6 01/13/1918
01/12/1918
HIGHEST 82 02/28 53 29 80 01/01
12/25
12/10
LOWEST 5 12/23 34 -29 18 01/22
AVG. MAXIMUM 59.3 54.0 5.3 59.8
AVG. MINIMUM 41.1 35.6 5.5 36.7
MEAN 50.2 44.8 5.4 48.2
DAYS MAX >= 90 0 0.0 0.0 0
DAYS MAX <= 32 2 3.0 -1.0 0
DAYS MIN <= 32 22 35.8 -13.8 38
DAYS MIN <= 0 0 0.0 0.0 0
PRECIPITATION (INCHES)
RECORD
MAXIMUM 30.21 1939
MINIMUM 4.17 1936
TOTALS 17.72 13.39 4.33 7.49
DAILY AVG. 0.19 0.15 0.04 0.10
DAYS >= .01 37 28.8 8.2 MM
DAYS >= .10 26 MM
DAYS >= .50 11 MM
DAYS >= 1.00 7 4.1 2.9 MM
GREATEST
24 HR. TOTAL 3.98 01/02 TO 01/03
STORM TOTAL 2.23
(MM/DD(HH))
SNOWFALL (INCHES)
RECORDS
TOTAL 25.1 1966
24 HR TOTAL 12.5 02/17/2021 TO 02/17/2021
SNOW DEPTH 18 02/18/2021
TOTALS T 2.2 -2.2 2.0
LIQUID EQUIV T 0.20 -0.20 0.20
SINCE 7/1 T 2.2 -2.2 MM
LIQUID 7/1 -0.10 0.20 -0.30 MM
SNOWDEPTH AVG. 0 -1
DAYS >= TRACE 2 MM MM MM
DAYS >= 1.0 0 MM MM MM
GREATEST
SNOW DEPTH 0 2 02/04
02/05
24 HR TOTAL T 1MM22 TO 12/22 0.0
01/31 TO 01/31
STORM TOTAL T 2.0
(MM/DD(HH)) MM
DEGREE DAYS
HEATING TOTAL 1350 1831 -481 1506
SINCE 7/1 1838 2349 -511 MM
COOLING TOTAL 29 6 23 31
SINCE 1/1 27 2 25 MM
FREEZE DATES
RECORD
EARLIEST 10/10/2000
LATEST 04/25/1910
EARLIEST 10/19
LATEST 03/13
................................................................
WIND (MPH)
AVERAGE WIND SPEED 8.3
HIGHEST WIND SPEED/DIRECTION 38/200 DATE 01/02
HIGHEST GUST SPEED/DIRECTION 51/200 DATE 01/02
SKY COVER
POSSIBLE SUNSHINE (PERCENT) MM
AVERAGE SKY COVER 0.49
NUMBER OF DAYS FAIR 34
NUMBER OF DAYS PC 28
NUMBER OF DAYS CLOUDY 28
WEATHER CONDITIONS. NUMBER OF DAYS WITH
THUNDERSTORM 10 MIXED PRECIP 0
HEAVY RAIN 12 RAIN 20
LIGHT RAIN 35 FREEZING RAIN 3
LT FREEZING RAIN 3 HAIL 0
HEAVY SNOW 0 SLEET 0
FOG 48 FOG W/VIS <= 1/4 MILE 10
HAZE 5
- INDICATES NEGATIVE NUMBERS.
R INDICATES RECORD WAS SET OR TIED.
MM INDICATES DATA IS MISSING.
T INDICATES TRACE AMOUNT.
&&
.SEASONAL TEMPERATURES...
THE AVERAGE HIGH TEMPERATURE OF 59.3 F FOR THE SEASON TIED AS 10TH
WARMEST ON RECORD ALONG WITH 1949-50 WHILE THE AVERAGE LOW
TEMPERATURE OF 32.7 F RANKED AS 2ND WARMEST ON RECORD.
THE WARMEST HIGH TEMPERATURE OBSERVED WAS 82 F ON FEBRUARY 28TH,
WHILE THE COLDEST LOW TEMPERATURE OBSERVED WAS 5 F ON DECEMBER 23RD.
THE WARMEST HIGH TIES AS 14TH WARMEST ALONG WITH 1995-96, 1994-95,
1981-82, 1979-80, 1949-50, 1942-43, 1908-09, AND 1906-07, AND THE
COLDEST LOW TIED AS THE 20TH COLDEST ON RECORD ALONG WITH 2017-18,
1958-59, AND 1901-02.
TWO DAYS DURING THE WINTER SAW HIGH TEMPERATURES AT OR BELOW
FREEZING WITH LOWS AT OR BELOW FREEZING ON 22 DAYS, WHICH RANKS AS
THE 7TH LEAST NUMBER OF DAYS WITH LOWS AT OR BELOW FREEZING FOR THE
SEASON. THE HIGH TEMPERATURE REACHED OR EXCEEDED 80 F ON TWO DAYS
WHICH TIES AS THE 14TH MOST NUMBER OF WINTER DAYS WITH HIGHS OF 80 F
OR GREATER ALONG WITH 2007-08, 2001-02, 1980-81, 1979-80, 1953-54,
1948-49, 1939-40, 1933-34, 1927-28, 1908-07, 1906-07, AND 1896-97.
.SEASONAL RAINFALL...
THE SEASONAL RAINFALL TOTAL OF 17.73 INCHES RANKS AS THE 26TH
WETTEST WINTER ON RECORD.
.SEASONAL SNOWFALL...
THE SEASONAL SNOWFALL OF T TIES SEVERAL YEARS AS THE 7TH LEAST SNOWY
WINTER ON RECORD.
$$
69