000
CXUS51 KBTV 010700
CF6PBG
PRELIMINARY LOCAL CLIMATOLOGICAL DATA (WS FORM: F-6)
STATION: PLATTSBURGH NY
MONTH: MAY
YEAR: 2023
LATITUDE: 44 39 N
LONGITUDE: 73 28 W
TEMPERATURE IN F: :PCPN: SNOW: WIND :SUNSHINE: SKY :PK WND
================================================================================
1 2 3 4 5 6A 6B 7 8 9 10 11 12 13 14 15 16 17 18
12Z AVG MX 2MIN
DY MAX MIN AVG DEP HDD CDD WTR SNW DPTH SPD SPD DIR MIN PSBL S-S WX SPD DR
================================================================================
1 56 37 47 -4 18 0 0.62 M M 5.5 16 140 M M 6 1 25 180
2 53 35 44 -7 21 0 0.19 M M 3.0 17 130 M M 7 1 23 130
3 51 45 48 -4 17 0 0.49 M M 5.7 13 10 M M 10 1 14 20
4 53 44 49 -3 16 0 T M M 9.2 16 350 M M 10 21 30
5 62 44 53 1 12 0 0.00 M M 7.3 15 50 M M 4 19 50
6 73 37 55 2 10 0 0.00 M M 5.6 23 340 M M 1 29 340
7 75 51 63 10 2 0 0.00 M M 7.2 15 330 M M 5 26 320
8 64 44 54 0 11 0 0.00 M M 10.3 22 360 M M 0 30 20
9 59 36 48 -6 17 0 0.00 M M 6.1 18 30 M M 0 25 60
10 74 31 53 -1 12 0 0.00 M M 5.5 17 330 M M 0 23 350
11 76 49 63 8 2 0 0.00 M M 5.8 14 130 M M 0 21 260
12 81 56 69 14 0 4 T M M 6.2 20 350 M M 4 28 330
13 72 44 58 3 7 0 0.00 M M 12.2 28 340 M M 2 35 360
14 63 41 52 -4 13 0 0.00 M M 10.6 23 340 M M 2 30 320
15 71 39 55 -1 10 0 0.00 M M 5.2 13 240 M M 1 21 280
16 70 41 56 0 9 0 0.01 M M 8.3 31 360 M M 8 38 10
17 48 34 41 -16 24 0 T M M 12.4 25 340 M M 7 36 340
18 59 31 45 -12 20 0 0.00 M M 5.1 15 140 M M 0 29 90
19 70 33 52 -5 13 0 T M M 12.2 29 150 M M 2 38 160
20 71 55 63 5 2 0 0.15 M M 10.6 24 150 M M 6 1 32 140
21 71 51 61 3 4 0 0.02 M M 8.7 26 340 M M 5 34 340
22 60 39 50 -8 15 0 0.00 M M 8.5 16 360 M M 0 22 350
23 73 34 54 -4 11 0 0.00 M M 3.8 16 130 M M 0 1 21 150
24 65 38 52 -6 13 0 0.30 M M 5.8 29 10 M M 7 12 39 350
25 63 42 53 -6 12 0 0.00 M M 9.9 21 350 M M 5 27 340
26 67 35 51 -8 14 0 0.00 M M 3.6 13 60 M M 0 16 110
27 77 40 59 0 6 0 0.00 M M 5.5 17 130 M M 0 24 150
28 88 48 68 8 0 3 0.00 M M 5.9 17 340 M M 0 23 310
29 75 50 63 3 2 0 0.00 M M 9.1 17 350 M M 0 22 350
30 79 43 61 1 4 0 0.00 M M 5.6 17 130 M M 0 22 130
31 84 49 67 7 0 2 0.00 M M 4.7 16 140 M M 0 1 20 150
================================================================================
SM 2103 1296 317 9 1.78 M 225.1 M 92
================================================================================
AV 67.8 41.8 7.3 FASTST M M 3 MAX(MPH)
MISC ----> 31 360 39 350
================================================================================
NOTES:
# LAST OF SEVERAL OCCURRENCES
COLUMN 17 PEAK WIND IN M.P.H.
PRELIMINARY LOCAL CLIMATOLOGICAL DATA (WS FORM: F-6) , PAGE 2
STATION: PLATTSBURGH NY
MONTH: MAY
YEAR: 2023
LATITUDE: 44 39 N
LONGITUDE: 73 28 W
[TEMPERATURE DATA] [PRECIPITATION DATA] SYMBOLS USED IN COLUMN 16
AVERAGE MONTHLY: 54.8 TOTAL FOR MONTH: 1.78 1 = FOG OR MIST
DPTR FM NORMAL: -1.2 DPTR FM NORMAL: -1.10 2 = FOG REDUCING VISIBILITY
HIGHEST: 88 ON 28 GRTST 24HR 0.62 ON 1- 1 TO 1/4 MILE OR LESS
LOWEST: 31 ON 18,10 3 = THUNDER
SNOW, ICE PELLETS, HAIL 4 = ICE PELLETS
TOTAL MONTH: M 5 = HAIL
GRTST 24HR M ON M 6 = FREEZING RAIN OR DRIZZLE
GRTST DEPTH: M ON M 7 = DUSTSTORM OR SANDSTORM:
VSBY 1/2 MILE OR LESS
8 = SMOKE OR HAZE
[NO. OF DAYS WITH] [WEATHER - DAYS WITH] 9 = BLOWING SNOW
X = TORNADO
MAX 32 OR BELOW: 0 0.01 INCH OR MORE: 7
MAX 90 OR ABOVE: 0 0.10 INCH OR MORE: 5
MIN 32 OR BELOW: 2 0.50 INCH OR MORE: 1
MIN 0 OR BELOW: 0 1.00 INCH OR MORE: 0
[HDD (BASE 65) ]
TOTAL THIS MO. 317 CLEAR (SCALE 0-3) 18
DPTR FM NORMAL 26 PTCLDY (SCALE 4-7) 11
TOTAL FM JUL 1 6677 CLOUDY (SCALE 8-10) 2
DPTR FM NORMAL -784
[CDD (BASE 65) ]
TOTAL THIS MO. 9
DPTR FM NORMAL -4 [PRESSURE DATA]
TOTAL FM JAN 1 9 HIGHEST SLP M ON M
DPTR FM NORMAL -5 LOWEST SLP 28.96 ON 1
[REMARKS]
#FINAL-05-23#