000
CXUS51 KBTV 010700
CF6PBG
PRELIMINARY LOCAL CLIMATOLOGICAL DATA (WS FORM: F-6)
STATION: PLATTSBURGH NY
MONTH: JULY
YEAR: 2020
LATITUDE: 44 39 N
LONGITUDE: 73 28 W
TEMPERATURE IN F: :PCPN: SNOW: WIND :SUNSHINE: SKY :PK WND
================================================================================
1 2 3 4 5 6A 6B 7 8 9 10 11 12 13 14 15 16 17 18
12Z AVG MX 2MIN
DY MAX MIN AVG DEP HDD CDD WTR SNW DPTH SPD SPD DIR MIN PSBL S-S WX SPD DR
================================================================================
1 82 62 72 4 0 7 0.43 M M 5.5 15 360 M M 5 13 21 40
2 87 60 74 6 0 9 T M M 4.5 22 350 M M 3 12 27 350
3 85 64 75 7 0 10 T M M 5.4 13 360 M M 4 1 18 360
4 85 59 72 4 0 7 0.00 M M 4.5 13 340 M M 1 17 360
5 82 57 70 1 0 5 T M M 4.3 12 20 M M 4 16 20
6 83 55 69 0 0 4 0.00 M M 2.4 8 40 M M 0 12 60
7 86 52 69 0 0 4 T M M 7.1 22 140 M M 1 29 140
8 88 64 76 7 0 11 T M M 6.4 21 20 M M 2 28 150
9 91 64 78 9 0 13 T M M 5.2 17 140 M M 2 1 22 140
10 92 66 79 10 0 14 0.00 M M 7.3 17 150 M M 1 1 22 150
11 88 70 79 10 0 14 0.71 M M 4.3 17 170 M M 7 18 27 130
12 83 67 75 6 0 10 0.13 M M 4.6 17 300 M M 6 1 25 270
13 79 64 72 2 0 7 0.54 M M 2.5 10 30 M M 6 1 12 30
14 78 65 72 2 0 7 0.00 M M 7.1 21 360 M M 5 26 360
15 78 59 69 -1 0 4 0.00 M M 4.7 12 60 M M 1 14 40
16 80 57 69 -1 0 4 0.00 M M 10.3 24 150 M M 3 32 150
17 80 62 71 1 0 6 0.12 M M 9.5 25 160 M M 6 1 35 160
18 92 62 77 7 0 12 0.00 M M 2.9 16 130 M M 2 19 130
19 95 65 80 10 0 15 0.06 M M 5.2 22 150 M M 2 1 26 150
20 90 70 80 10 0 15 T M M 5.4 15 290 M M 5 26 230
21 78 62 70 0 0 5 0.00 M M 5.4 14 10 M M 7 21 320
22 78 59 69 -1 0 4 T M M 1.9 14 150 M M 3 16 150
23 81 63 72 2 0 7 0.79 M M 4.8 15 330 M M 7 1 20 330
24 82 59 71 1 0 6 0.00 M M 3.2 12 150 M M 1 1 M M
25 86 56 71 1 0 6 0.00 M M 3.6 14 130 M M 0 23 140
26 90 65 78 8 0 13 0.00 M M 5.2 15 270 M M 2 23 300
27 91 72 82 12 0 17 0.41 M M 5.5 14 140 M M 7 1 22 290
28 88 67 78 8 0 13 T M M 4.5 14 230 M M 2 25 280
29 82 64 73 4 0 8 0.22 M M 4.4 18 140 M M 3 138 22 150
30 83 61 72 3 0 7 0.61 M M 3.7 16 40 M M 4 13 22 30
31 81 58 70 1 0 5 0.00 M M 3.9 12 80 M M 0 1 16 50
================================================================================
SM 2624 1930 0 269 4.02 M 155.2 M 102
================================================================================
AV 84.6 62.3 5.0 FASTST M M 3 MAX(MPH)
MISC ----> 25 160 35 160
================================================================================
NOTES:
# LAST OF SEVERAL OCCURRENCES
COLUMN 17 PEAK WIND IN M.P.H.
PRELIMINARY LOCAL CLIMATOLOGICAL DATA (WS FORM: F-6) , PAGE 2
STATION: PLATTSBURGH NY
MONTH: JULY
YEAR: 2020
LATITUDE: 44 39 N
LONGITUDE: 73 28 W
[TEMPERATURE DATA] [PRECIPITATION DATA] SYMBOLS USED IN COLUMN 16
AVERAGE MONTHLY: 73.5 TOTAL FOR MONTH: 4.02 1 = FOG OR MIST
DPTR FM NORMAL: 4.2 DPTR FM NORMAL: M 2 = FOG REDUCING VISIBILITY
HIGHEST: 95 ON 19 GRTST 24HR 0.82 ON 29-30 TO 1/4 MILE OR LESS
LOWEST: 52 ON 7 3 = THUNDER
SNOW, ICE PELLETS, HAIL 4 = ICE PELLETS
TOTAL MONTH: M 5 = HAIL
GRTST 24HR M ON M 6 = FREEZING RAIN OR DRIZZLE
GRTST DEPTH: M ON M 7 = DUSTSTORM OR SANDSTORM:
VSBY 1/2 MILE OR LESS
8 = SMOKE OR HAZE
[NO. OF DAYS WITH] [WEATHER - DAYS WITH] 9 = BLOWING SNOW
X = TORNADO
MAX 32 OR BELOW: 0 0.01 INCH OR MORE: 10
MAX 90 OR ABOVE: 7 0.10 INCH OR MORE: 9
MIN 32 OR BELOW: 0 0.50 INCH OR MORE: 4
MIN 0 OR BELOW: 0 1.00 INCH OR MORE: 0
[HDD (BASE 65) ]
TOTAL THIS MO. 0 CLEAR (SCALE 0-3) 18
DPTR FM NORMAL -11 PTCLDY (SCALE 4-7) 13
TOTAL FM JUL 1 0 CLOUDY (SCALE 8-10) 0
DPTR FM NORMAL -12
[CDD (BASE 65) ]
TOTAL THIS MO. 269
DPTR FM NORMAL 126 [PRESSURE DATA]
TOTAL FM JAN 1 405 HIGHEST SLP M ON M
DPTR FM NORMAL 192 LOWEST SLP 29.45 ON 12
[REMARKS]
#FINAL-07-20#