000
CXUS53 KARX 010930
CF6PDC
PRELIMINARY LOCAL CLIMATOLOGICAL DATA (WS FORM: F-6)
STATION: PRAIRIE_DU_CHIEN_MUN
MONTH: JULY
YEAR: 2020
LATITUDE: 43 1 N
LONGITUDE: 91 7 W
TEMPERATURE IN F: :PCPN: SNOW: WIND :SUNSHINE: SKY :PK WND
================================================================================
1 2 3 4 5 6A 6B 7 8 9 10 11 12 13 14 15 16 17 18
12Z AVG MX 2MIN
DY MAX MIN AVG DEP HDD CDD WTR SNW DPTH SPD SPD DIR MIN PSBL S-S WX SPD DR
================================================================================
1 85 71 78 M 0 13 0.00 0.0 0 4.1 9 90 M M 3 M M
2 88 67 78 M 0 13 0.00 0.0 0 1.7 7 60 M M 1 M M
3 88 66 77 M 0 12 0.00 0.0 0 1.4 10 320 M M 2 18 320
4 87 68 78 M 0 13 0.00 0.0 0 2.4 8 90 M M 2 M M
5 90 68 79 M 0 14 0.00 0.0 0 2.8 6 260 M M 2 1 M M
6 91 70 81 M 0 16 0.00 0.0 0 2.3 8 210 M M 0 M M
7 91 69 80 M 0 15 0.04 0.0 0 3.6 15 280 M M 1 25 280
8 90 68 79 M 0 14 0.00 0.0 0 4.1 9 180 M M 0 M M
9 87 67 77 M 0 12 2.37 0.0 0 5.1 10 320 M M 5 31 200
10 84 66 75 M 0 10 0.00 0.0 0 7.7 15 280 M M 1 20 330
11 76 65 71 M 0 6 0.21 0.0 0 0.6 4 190 M M 5 M M
12 82 M M M M M 0.00 0.0 M 4.4 8 320 M M 2 M M
13 84 62 73 M 0 8 0.00 0.0 0 3.9 9 140 M M 3 1 M M
14 85 69 77 M 0 12 0.51 0.0 0 6.1 14 180 M M 4 20 170
15 72 64 68 M 0 3 0.36 0.0 0 3.2 7 10 M M 9 M M
16 76 59 68 M 0 3 0.00 0.0 0 1.9 6 320 M M 5 1 M M
17 M M M M M M M M M M M M M M M M M
18 M M M M M M M M M M M M M M M M M
19 M M M M M M M M M M M M M M M M M
20 M M M M M M M M M M M M M M M M M
21 80 71 76 M 0 11 0.00 0.0 M 5.8 8 180 M M 6 M M
22 77 60 69 M 0 4 0.00 0.0 0 6.0 12 270 M M 3 18 330
23 78 56 67 M 0 2 0.00 0.0 0 0.9 6 100 M M 2 M M
24 85 62 74 M 0 9 0.00 0.0 0 4.4 8 190 M M 1 M M
25 M 70 M M M M 0.00 0.0 0 4.5 7 100 M M 0 M M
26 M M M M M M M 0.0 0 M M M M M M M M
27 M M M M M M 0.00 0.0 0 M M M M M M M M
28 87 75 81 M 0 16 0.00 0.0 0 9.0 17 220 M M 6 24 220
29 85 66 76 M 0 11 0.00 0.0 0 1.8 6 20 M M 3 1 M M
30 82 64 73 M 0 8 0.00 0.0 0 4.1 10 20 M M 4 17 30
31 81 59 70 M 0 5 0.00 0.0 0 1.5 5 100 M M 3 M M
================================================================================
SM 2011 1582 0 230 3.49 0.0 93.3 M 73
================================================================================
AV 83.8 65.9 3.7 FASTST M M 3 MAX(MPH)
MISC ----> # 17 220 # 31 200
================================================================================
NOTES:
# LAST OF SEVERAL OCCURRENCES
COLUMN 17 PEAK WIND IN M.P.H.
PRELIMINARY LOCAL CLIMATOLOGICAL DATA (WS FORM: F-6) , PAGE 2
STATION: PRAIRIE_DU_CHIEN_MUN
MONTH: JULY
YEAR: 2020
LATITUDE: 43 1 N
LONGITUDE: 91 7 W
[TEMPERATURE DATA] [PRECIPITATION DATA] SYMBOLS USED IN COLUMN 16
AVERAGE MONTHLY: 74.9 TOTAL FOR MONTH: 3.49 1 = FOG OR MIST
DPTR FM NORMAL: M DPTR FM NORMAL: M 2 = FOG REDUCING VISIBILITY
HIGHEST: 91 ON 7, 6 GRTST 24HR 2.37 ON 9- 9 TO 1/4 MILE OR LESS
LOWEST: 56 ON 23 3 = THUNDER
SNOW, ICE PELLETS, HAIL 4 = ICE PELLETS
TOTAL MONTH: 0.0 INCH 5 = HAIL
GRTST 24HR 0.0 6 = FREEZING RAIN OR DRIZZLE
GRTST DEPTH: 0 7 = DUSTSTORM OR SANDSTORM:
VSBY 1/2 MILE OR LESS
8 = SMOKE OR HAZE
[NO. OF DAYS WITH] [WEATHER - DAYS WITH] 9 = BLOWING SNOW
X = TORNADO
MAX 32 OR BELOW: 0 0.01 INCH OR MORE: 5
MAX 90 OR ABOVE: 4 0.10 INCH OR MORE: 4
MIN 32 OR BELOW: 0 0.50 INCH OR MORE: 2
MIN 0 OR BELOW: 0 1.00 INCH OR MORE: 1
[HDD (BASE 65) ]
TOTAL THIS MO. 0 CLEAR (SCALE 0-3) 16
DPTR FM NORMAL M PTCLDY (SCALE 4-7) 8
TOTAL FM JUL 1 0 CLOUDY (SCALE 8-10) 1
DPTR FM NORMAL M
[CDD (BASE 65) ]
TOTAL THIS MO. 230
DPTR FM NORMAL M [PRESSURE DATA]
TOTAL FM JAN 1 461 HIGHEST SLP M ON M
DPTR FM NORMAL M LOWEST SLP M ON M
[REMARKS]
#FINAL-07-20#