000
CXUS54 KMAF 011110
CF6PEQ
PRELIMINARY LOCAL CLIMATOLOGICAL DATA (WS FORM: F-6)
STATION: PECOS MUNICIPAL AIRPORT
MONTH: AUGUST
YEAR: 2022
LATITUDE: 31 22 N
LONGITUDE: 103 31 W
TEMPERATURE IN F: :PCPN: SNOW: WIND :SUNSHINE: SKY :PK WND
================================================================================
1 2 3 4 5 6A 6B 7 8 9 10 11 12 13 14 15 16 17 18
12Z AVG MX 2MIN
DY MAX MIN AVG DEP HDD CDD WTR SNW DPTH SPD SPD DIR MIN PSBL S-S WX SPD DR
================================================================================
1 103 74 89 M 0 24 M M M 8.8 18 90 M M 0 25 120
2 104 73 89 M 0 24 M M M 7.5 17 110 M M 0 24 100
3 108 75 92 M 0 27 M M M 8.4 18 120 M M 0 25 110
4 102 79 91 M 0 26 M M M 10.0 17 100 M M 0 24 80
5 102 77 90 M 0 25 M M M 9.7 16 130 M M 0 23 100
6 100 71 86 M 0 21 M M M 11.4 21 110 M M 0 25 120
7 100 75 88 M 0 23 M M M 10.8 17 110 M M 1 23 110
8 99 76 88 M 0 23 M M M 11.2 15 120 M M 1 22 130
9 99 73 86 M 0 21 M M M 9.6 18 90 M M 1 25 90
10 98 73 86 M 0 21 M M M 10.4 21 50 M M 1 29 50
11 95 71 83 M 0 18 0.17 M M 7.0 26 160 M M 3 3 35 160
12 95 68 82 M 0 17 M M M 4.3 8 310 M M 1 1 M M
13 98 72 85 M 0 20 M M M 6.5 12 110 M M 1 18 90
14 99 72 86 M 0 21 M M M 5.0 14 80 M M 1 24 100
15 93 73 83 M 0 18 M M M 14.2 21 120 M M 0 26 100
16 77 70 74 M 0 9 0.68 M M 9.6 15 80 M M 5 3 21 60
17 89 72 81 M 0 16 M M M 8.2 14 70 M M 2 8 18 70
18 91 72 82 M 0 17 0.06 M M 8.5 20 190 M M 4 24 190
19 91 70 81 M 0 16 M M M 7.0 17 110 M M 2 22 120
20 93 73 83 M 0 18 0.22 M M 5.5 13 140 M M 4 17 130
21 88 71 80 M 0 15 0.01 M M 5.3 14 330 M M 3 1 16 340
22 88 72 80 M 0 15 M M M 8.2 16 70 M M 6 22 30
23 88 71 80 M 0 15 M M M 5.7 16 70 M M 7 21 70
24 91 71 81 M 0 16 M M M 6.4 10 50 M M 2 8 18 350
25 92 72 82 M 0 17 M M M 5.4 15 70 M M 2 24 70
26 93 71 82 M 0 17 M M M 7.0 12 100 M M 4 18 100
27 97 68 83 M 0 18 M M M 4.0 10 140 M M 0 M M
28 102 73 88 M 0 23 M M M 6.8 22 80 M M 1 3 31 80
29 95 69 82 M 0 17 M M M 9.7 26 80 M M 1 37 80
30 83 68 76 M 0 11 0.01 M M 9.5 23 50 M M 6 38 29 50
31 77 68 73 M 0 8 0.48 M M 5.7 9 90 M M 7 17 30
================================================================================
SM 2930 2233 0 577 1.63 M 247.3 M 66
================================================================================
AV 94.5 72.0 8.0 FASTST M M 2 MAX(MPH)
MISC ----> # 26 160 37 80
================================================================================
NOTES:
# LAST OF SEVERAL OCCURRENCES
COLUMN 17 PEAK WIND IN M.P.H.
PRELIMINARY LOCAL CLIMATOLOGICAL DATA (WS FORM: F-6) , PAGE 2
STATION: PECOS MUNICIPAL AIRPORT
MONTH: AUGUST
YEAR: 2022
LATITUDE: 31 22 N
LONGITUDE: 103 31 W
[TEMPERATURE DATA] [PRECIPITATION DATA] SYMBOLS USED IN COLUMN 16
AVERAGE MONTHLY: 83.3 TOTAL FOR MONTH: 1.63 1 = FOG OR MIST
DPTR FM NORMAL: 0.0 DPTR FM NORMAL: M 2 = FOG REDUCING VISIBILITY
HIGHEST: 108 ON 3 GRTST 24HR 0.68 ON 16-16 TO 1/4 MILE OR LESS
LOWEST: 68 ON 31,30 3 = THUNDER
SNOW, ICE PELLETS, HAIL 4 = ICE PELLETS
TOTAL MONTH: M 5 = HAIL
GRTST 24HR M ON M 6 = FREEZING RAIN OR DRIZZLE
GRTST DEPTH: M ON M 7 = DUSTSTORM OR SANDSTORM:
VSBY 1/2 MILE OR LESS
8 = SMOKE OR HAZE
[NO. OF DAYS WITH] [WEATHER - DAYS WITH] 9 = BLOWING SNOW
X = TORNADO
MAX 32 OR BELOW: 0 0.01 INCH OR MORE: 7
MAX 90 OR ABOVE: 24 0.10 INCH OR MORE: 4
MIN 32 OR BELOW: 0 0.50 INCH OR MORE: 1
MIN 0 OR BELOW: 0 1.00 INCH OR MORE: 0
[HDD (BASE 65) ]
TOTAL THIS MO. 0 CLEAR (SCALE 0-3) 23
DPTR FM NORMAL M PTCLDY (SCALE 4-7) 8
TOTAL FM JUL 1 0 CLOUDY (SCALE 8-10) 0
DPTR FM NORMAL M
[CDD (BASE 65) ]
TOTAL THIS MO. 577
DPTR FM NORMAL M [PRESSURE DATA]
TOTAL FM JAN 1 2504 HIGHEST SLP M ON M
DPTR FM NORMAL M LOWEST SLP M ON M
[REMARKS]
#FINAL-08-22#