000
CXUS54 KEWX 011010
CF6PEZ
PRELIMINARY LOCAL CLIMATOLOGICAL DATA (WS FORM: F-6)
STATION: PLEASANTON MUNICIPAL AIRPORT
MONTH: JUNE
YEAR: 2020
LATITUDE: 28 57 N
LONGITUDE: 98 31 W
TEMPERATURE IN F: :PCPN: SNOW: WIND :SUNSHINE: SKY :PK WND
================================================================================
1 2 3 4 5 6A 6B 7 8 9 10 11 12 13 14 15 16 17 18
12Z AVG MX 2MIN
DY MAX MIN AVG DEP HDD CDD WTR SNW DPTH SPD SPD DIR MIN PSBL S-S WX SPD DR
================================================================================
1 84 72 78 M 0 13 0.00 M M 6.3 12 120 M M 6 3 20 120
2 91 70 81 M 0 16 0.17 M M 2.8 10 110 M M 4 1 M M
3 92 74 83 M 0 18 0.25 M M 3.0 12 260 M M 5 1 17 120
4 93 74 84 M 0 19 0.00 M M 3.4 7 140 M M 4 1 M M
5 94 74 84 M 0 19 0.00 M M 4.1 8 90 M M 3 1 M M
6 95 70 83 M 0 18 0.00 M M 2.3 8 70 M M 1 M M
7 97 73 85 M 0 20 0.00 M M 3.0 8 50 M M 1 M M
8 101 74 88 M 0 23 0.00 M M 4.6 13 140 M M 0 18 140
9 99 77 88 M 0 23 0.00 M M 4.5 7 140 M M 3 16 160
10 93 68 81 M 0 16 0.00 M M 8.4 18 40 M M 2 27 40
11 96 62 79 M 0 14 0.00 M M 3.5 9 50 M M 0 9 50
12 93 61 77 M 0 12 0.00 M M 3.4 10 50 M M 0 16 50
13 93 63 78 M 0 13 0.00 M M 4.4 13 60 M M 0 18 80
14 93 63 78 M 0 13 0.00 M M 3.4 9 120 M M 1 17 100
15 92 70 81 M 0 16 0.30 M M 4.8 22 160 M M 6 3 31 160
16 91 73 82 M 0 17 0.52 M M 5.2 17 200 M M 3 25 200
17 94 69 82 M 0 17 0.00 M M 5.8 12 140 M M 3 18 120
18 95 74 85 M 0 20 0.00 M M 6.8 15 110 M M 4 20 110
19 94 76 85 M 0 20 0.00 M M 8.4 21 130 M M 4 31 130
20 97 76 87 M 0 22 0.00 M M 7.5 13 140 M M 5 20 140
21 98 76 87 M 0 22 0.00 M M 8.5 15 140 M M 4 24 140
22 99 78 89 M 0 24 0.00 M M 9.6 16 150 M M 4 25 150
23 91 72 82 M 0 17 0.43 M M 5.2 17 30 M M 4 3 31 30
24 94 72 83 M 0 18 0.00 M M 3.2 8 330 M M 2 M M
25 96 73 85 M 0 20 0.00 M M 3.0 15 150 M M 1 24 150
26 86 68 77 M 0 12 1.17 M M 5.2 16 170 M M 6 8 22 170
27 91 76 84 M 0 19 0.00 M M 7.8 14 150 M M 5 18 23 140
28 92 79 86 M 0 21 0.00 M M 10.0 14 170 M M 6 23 140
29 92 78 85 M 0 20 0.00 M M 9.9 15 140 M M 5 22 160
30 96 80 88 M 0 23 0.00 M M 10.1 15 170 M M 5 21 160
================================================================================
SM 2812 2165 0 545 2.84 M 168.1 M 97
================================================================================
AV 93.7 72.2 5.6 FASTST M M 3 MAX(MPH)
MISC ----> # 22 160 # 31 160
================================================================================
NOTES:
# LAST OF SEVERAL OCCURRENCES
COLUMN 17 PEAK WIND IN M.P.H.
PRELIMINARY LOCAL CLIMATOLOGICAL DATA (WS FORM: F-6) , PAGE 2
STATION: PLEASANTON MUNICIPAL AIRPORT
MONTH: JUNE
YEAR: 2020
LATITUDE: 28 57 N
LONGITUDE: 98 31 W
[TEMPERATURE DATA] [PRECIPITATION DATA] SYMBOLS USED IN COLUMN 16
AVERAGE MONTHLY: 83.0 TOTAL FOR MONTH: 2.84 1 = FOG OR MIST
DPTR FM NORMAL: M DPTR FM NORMAL: M 2 = FOG REDUCING VISIBILITY
HIGHEST: 101 ON 8 GRTST 24HR 1.17 ON 26-26 TO 1/4 MILE OR LESS
LOWEST: 61 ON 12 3 = THUNDER
SNOW, ICE PELLETS, HAIL 4 = ICE PELLETS
TOTAL MONTH: M 5 = HAIL
GRTST 24HR M ON M 6 = FREEZING RAIN OR DRIZZLE
GRTST DEPTH: M ON M 7 = DUSTSTORM OR SANDSTORM:
VSBY 1/2 MILE OR LESS
8 = SMOKE OR HAZE
[NO. OF DAYS WITH] [WEATHER - DAYS WITH] 9 = BLOWING SNOW
X = TORNADO
MAX 32 OR BELOW: 0 0.01 INCH OR MORE: 6
MAX 90 OR ABOVE: 28 0.10 INCH OR MORE: 6
MIN 32 OR BELOW: 0 0.50 INCH OR MORE: 2
MIN 0 OR BELOW: 0 1.00 INCH OR MORE: 1
[HDD (BASE 65) ]
TOTAL THIS MO. 0 CLEAR (SCALE 0-3) 14
DPTR FM NORMAL M PTCLDY (SCALE 4-7) 16
TOTAL FM JUL 1 1302 CLOUDY (SCALE 8-10) 0
DPTR FM NORMAL M
[CDD (BASE 65) ]
TOTAL THIS MO. 545
DPTR FM NORMAL M [PRESSURE DATA]
TOTAL FM JAN 1 1414 HIGHEST SLP M ON M
DPTR FM NORMAL M LOWEST SLP M ON M
[REMARKS]
#FINAL-06-20#