000
CXUS52 KTBW 090123
CF6PGD
PRELIMINARY LOCAL CLIMATOLOGICAL DATA (WS FORM: F-6)
STATION: PUNTA GORDA
MONTH: OCTOBER
YEAR: 2021
LATITUDE: 26 55 N
LONGITUDE: 82 0 W
TEMPERATURE IN F: :PCPN: SNOW: WIND :SUNSHINE: SKY :PK WND
================================================================================
1 2 3 4 5 6A 6B 7 8 9 10 11 12 13 14 15 16 17 18
12Z AVG MX 2MIN
DY MAX MIN AVG DEP HDD CDD WTR SNW DPTH SPD SPD DIR MIN PSBL S-S WX SPD DR
================================================================================
1 91 72 82 2 0 17 0.00 0.0 0 9.1 21 80 M M 3 27 60
2 90 70 80 0 0 15 0.00 0.0 0 8.7 18 100 M M 1 1 23 110
3 91 68 80 0 0 15 0.00 0.0 0 7.3 16 120 M M 2 8 19 110
4 90 68 79 -1 0 14 0.00 0.0 0 3.7 12 100 M M 1 17 110
5 91 71 81 1 0 16 0.30 0.0 0 6.6 14 140 M M 4 1 19 110
6 93 72 83 3 0 18 0.00 0.0 0 4.7 24 180 M M 3 18 29 190
7 94 72 83 4 0 18 0.82 0.0 0 4.5 26 70 M M 3 138 33 110
8 89 74 82 3 0 17 0.10 0.0 0 5.9 14 200 M M 3 138 26 260
9 90 72 81 2 0 16 0.02 0.0 0 6.2 15 80 M M 4 1 22 320
10 89 70 80 1 0 15 0.00 0.0 0 5.8 13 20 M M 3 12 18 70
11 90 70 80 2 0 15 0.00 0.0 0 4.8 10 280 M M 1 14 30
12 91 70 81 3 0 16 T 0.0 0 6.5 14 90 M M 2 1 20 20
13 91 71 81 3 0 16 0.06 0.0 0 6.0 25 70 M M 3 1 30 70
14 92 71 82 4 0 17 0.00 0.0 0 5.6 14 60 M M 1 1 17 80
15 92 71 82 4 0 17 0.00 0.0 0 4.0 12 60 M M 2 1 15 360
16 91 70 81 4 0 16 0.00 0.0 0 4.5 13 280 M M 2 1 17 330
17 89 68 79 2 0 14 0.00 0.0 0 5.6 16 60 M M 2 1 20 60
18 86 62 74 -3 0 9 0.00 0.0 0 9.7 17 80 M M 0 26 80
19 87 62 75 -1 0 10 0.00 0.0 0 9.0 20 80 M M 1 23 70
20 88 63 76 0 0 11 0.00 0.0 0 7.8 17 80 M M 1 22 110
21 90 65 78 2 0 13 0.00 0.0 0 5.8 14 90 M M 1 17 110
22 92 67 80 4 0 15 0.00 0.0 0 4.6 13 290 M M 1 1 16 290
23 86 70 78 3 0 13 0.00 0.0 0 6.9 13 70 M M 3 15 70
24 85 72 79 4 0 14 0.11 0.0 0 5.2 14 100 M M 3 1 16 120
25 87 75 81 6 0 16 0.12 0.0 0 9.3 22 230 M M 5 18 31 230
26 89 71 80 5 0 15 0.00 0.0 0 7.5 17 280 M M 2 1 23 300
27 87 67 77 3 0 12 0.00 0.0 0 3.7 13 250 M M 1 12 17 260
28 86 73 80 6 0 15 0.57 0.0 0 10.2 26 210 M M 6 123 32 220
29 85 74 80 6 0 15 T 0.0 0 13.6 25 260 M M 7 36 270
30 79 65 72 -2 0 7 0.06 0.0 0 7.8 20 310 M M 6 1 25 280
31 81 61 71 -2 0 6 0.00 0.0 0 6.4 15 320 M M 5 24 290
================================================================================
SM 2752 2147 0 443 2.16 0.0 207.0 M 82
================================================================================
AV 88.8 69.3 6.7 FASTST M M 3 MAX(MPH)
MISC ----> # 26 70 36 270
================================================================================
NOTES:
# LAST OF SEVERAL OCCURRENCES
COLUMN 17 PEAK WIND IN M.P.H.
PRELIMINARY LOCAL CLIMATOLOGICAL DATA (WS FORM: F-6) , PAGE 2
STATION: PUNTA GORDA
MONTH: OCTOBER
YEAR: 2021
LATITUDE: 26 55 N
LONGITUDE: 82 0 W
[TEMPERATURE DATA] [PRECIPITATION DATA] SYMBOLS USED IN COLUMN 16
AVERAGE MONTHLY: 79.0 TOTAL FOR MONTH: 2.16 1 = FOG OR MIST
DPTR FM NORMAL: 1.8 DPTR FM NORMAL: -0.86 2 = FOG REDUCING VISIBILITY
HIGHEST: 94 ON 7 GRTST 24HR 0.83 ON 7- 8 TO 1/4 MILE OR LESS
LOWEST: 61 ON 31 3 = THUNDER
SNOW, ICE PELLETS, HAIL 4 = ICE PELLETS
TOTAL MONTH: 0.0 INCH 5 = HAIL
GRTST 24HR 0.0 6 = FREEZING RAIN OR DRIZZLE
GRTST DEPTH: 0 7 = DUSTSTORM OR SANDSTORM:
VSBY 1/2 MILE OR LESS
8 = SMOKE OR HAZE
[NO. OF DAYS WITH] [WEATHER - DAYS WITH] 9 = BLOWING SNOW
X = TORNADO
MAX 32 OR BELOW: 0 0.01 INCH OR MORE: 9
MAX 90 OR ABOVE: 16 0.10 INCH OR MORE: 6
MIN 32 OR BELOW: 0 0.50 INCH OR MORE: 2
MIN 0 OR BELOW: 0 1.00 INCH OR MORE: 0
[HDD (BASE 65) ]
TOTAL THIS MO. 0 CLEAR (SCALE 0-3) 21
DPTR FM NORMAL -2 PTCLDY (SCALE 4-7) 10
TOTAL FM JUL 1 0 CLOUDY (SCALE 8-10) 0
DPTR FM NORMAL 0
[CDD (BASE 65) ]
TOTAL THIS MO. 443
DPTR FM NORMAL 64 [PRESSURE DATA]
TOTAL FM JAN 1 3777 HIGHEST SLP 30.21 ON 20
DPTR FM NORMAL 297 LOWEST SLP 29.70 ON 30
[REMARKS]
#FINAL-10-21#