000
CXUS53 KUNR 011030
CF6PHP
PRELIMINARY LOCAL CLIMATOLOGICAL DATA (WS FORM: F-6)
STATION: PHILIP SD
MONTH: FEBRUARY
YEAR: 2022
LATITUDE: 44 3 N
LONGITUDE: 101 36 W
TEMPERATURE IN F: :PCPN: SNOW: WIND :SUNSHINE: SKY :PK WND
================================================================================
1 2 3 4 5 6A 6B 7 8 9 10 11 12 13 14 15 16 17 18
12Z AVG MX 2MIN
DY MAX MIN AVG DEP HDD CDD WTR SNW DPTH SPD SPD DIR MIN PSBL S-S WX SPD DR
================================================================================
1 29 -3 13 -10 52 0 0.00 M M 14.4 36 320 M M 0 50 320
2 8 -9 0 -23 65 0 0.01 M M 3.9 12 140 M M 7 18 16 150
3 29 -3 13 -10 52 0 0.00 M M 7.9 18 180 M M 2 24 180
4 26 10 18 -5 47 0 T M M 8.2 22 340 M M 5 1 30 340
5 56 11 34 11 31 0 0.00 M M 14.6 31 330 M M 3 42 320
6 49 31 40 17 25 0 0.00 M M 13.4 30 320 M M 7 37 330
7 62 25 44 20 21 0 0.00 M M 10.6 22 270 M M 0 32 280
8 55 35 45 21 20 0 0.00 M M 20.9 45 320 M M 1 58 300
9 47 23 35 11 30 0 0.02 M M 11.6 29 330 M M 5 38 330
10 62 21 42 18 23 0 T M M 16.5 31 320 M M 7 42 320
11 38 13 26 2 39 0 T M M 18.3 38 320 M M 7 1 54 310
12 41 11 26 2 39 0 T M M 9.7 26 50 M M 5 33 50
13 57 2 30 6 35 0 0.00 M M 11.5 29 300 M M 2 38 310
14 40 12 26 1 39 0 0.00 M M 12.5 24 90 M M 1 33 80
15 43 11 27 2 38 0 T M M 8.6 23 340 M M 1 1 31 360
16 33 4 19 -6 46 0 0.01 M M 9.2 20 360 M M 7 1 25 20
17 42 -4 19 -6 46 0 0.00 M M 11.2 22 280 M M 1 30 280
18 53 18 36 10 29 0 T M M 15.5 36 310 M M 6 46 310
19 61 14 38 12 27 0 0.00 M M 11.7 26 240 M M 2 36 250
20 52 12 32 6 33 0 0.00 M M 15.1 30 80 M M 2 37 300
21 12 -7 3 -23 62 0 0.07 M M 21.4 29 350 M M 10 18 37 350
22 -1 -17 -9 -36 74 0 0.03 M M 16.7 28 340 M M 8 8 35 350
23 0 -20 -10 -37 75 0 T M M 6.1 12 100 M M 5 14 130
24 8 -16 -4 -32 69 0 0.07 M M 8.1 15 110 M M 7 1 19 120
25 26 -18 4 -24 61 0 0.00 M M 5.5 18 290 M M 2 24 290
26 37 2 20 -8 45 0 0.00 M M 11.6 22 290 M M 0 28 290
27 54 16 35 6 30 0 0.00 M M 10.6 20 300 M M 0 24 260
28 63 29 46 17 19 0 0.00 M M 10.3 23 250 M M 1 30 260
================================================================================
SM 1082 203 1172 0 0.21 M 335.6 M 104
================================================================================
AV 38.6 7.3 12.0 FASTST M M 4 MAX(MPH)
MISC ----> 45 320 58 300
================================================================================
NOTES:
# LAST OF SEVERAL OCCURRENCES
COLUMN 17 PEAK WIND IN M.P.H.
PRELIMINARY LOCAL CLIMATOLOGICAL DATA (WS FORM: F-6) , PAGE 2
STATION: PHILIP SD
MONTH: FEBRUARY
YEAR: 2022
LATITUDE: 44 3 N
LONGITUDE: 101 36 W
[TEMPERATURE DATA] [PRECIPITATION DATA] SYMBOLS USED IN COLUMN 16
AVERAGE MONTHLY: 22.9 TOTAL FOR MONTH: 0.21 1 = FOG OR MIST
DPTR FM NORMAL: -2.3 DPTR FM NORMAL: -0.26 2 = FOG REDUCING VISIBILITY
HIGHEST: 63 ON 28 GRTST 24HR 0.10 ON 21-22 TO 1/4 MILE OR LESS
LOWEST: -20 ON 23 3 = THUNDER
SNOW, ICE PELLETS, HAIL 4 = ICE PELLETS
TOTAL MONTH: M 5 = HAIL
GRTST 24HR M ON M 6 = FREEZING RAIN OR DRIZZLE
GRTST DEPTH: M ON M 7 = DUSTSTORM OR SANDSTORM:
VSBY 1/2 MILE OR LESS
8 = SMOKE OR HAZE
[NO. OF DAYS WITH] [WEATHER - DAYS WITH] 9 = BLOWING SNOW
X = TORNADO
MAX 32 OR BELOW: 9 0.01 INCH OR MORE: 6
MAX 90 OR ABOVE: 0 0.10 INCH OR MORE: 0
MIN 32 OR BELOW: 27 0.50 INCH OR MORE: 0
MIN 0 OR BELOW: 9 1.00 INCH OR MORE: 0
[HDD (BASE 65) ]
TOTAL THIS MO. 1172 CLEAR (SCALE 0-3) 15
DPTR FM NORMAL 58 PTCLDY (SCALE 4-7) 11
TOTAL FM JUL 1 4807 CLOUDY (SCALE 8-10) 2
DPTR FM NORMAL -483
[CDD (BASE 65) ]
TOTAL THIS MO. 0
DPTR FM NORMAL 0 [PRESSURE DATA]
TOTAL FM JAN 1 0 HIGHEST SLP 30.86 ON 23
DPTR FM NORMAL 0 LOWEST SLP 29.54 ON 20
[REMARKS]
#FINAL-02-22#