000
CXUS55 KPIH 011200
CF6PIH
PRELIMINARY LOCAL CLIMATOLOGICAL DATA (WS FORM: F-6)
STATION: POCATELLO
MONTH: DECEMBER
YEAR: 2022
LATITUDE: 42 55 N
LONGITUDE: 112 36 W
TEMPERATURE IN F: :PCPN: SNOW: WIND :SUNSHINE: SKY :PK WND
================================================================================
1 2 3 4 5 6A 6B 7 8 9 10 11 12 13 14 15 16 17 18
12Z AVG MX 2MIN
DY MAX MIN AVG DEP HDD CDD WTR SNW DPTH SPD SPD DIR MIN PSBL S-S WX SPD DR
================================================================================
1 43 26 35 6 30 0 0.05 0.8 3 24.7 36 170 M M 10 1 48 180
2 27 7 17 -12 48 0 0.01 0.1 2 16.0 30 240 M M 4 1 38 240
3 26 3 15 -13 50 0 0.00 0.0 2 4.9 13 20 M M 0 16 20
4 39 10 25 -3 40 0 0.19 0.4 1 8.1 23 210 M M 8 18 30 210
5 37 21 29 1 36 0 0.00 0.0 1 11.2 22 220 M M 2 29 220
6 35 20 28 1 37 0 0.00 0.0 1 8.6 20 230 M M 9 24 230
7 31 16 24 -3 41 0 0.00 0.0 T 4.2 13 190 M M M 12 16 190
8 34 13 24 -3 41 0 0.00 0.0 T 6.5 21 180 M M 5 18 28 170
9 34 14 24 -2 41 0 0.02 0.3 T 12.8 30 180 M M 4 128 38 240
10 45 21 33 7 32 0 0.00 0.0 T 11.3 30 160 M M 9 42 160
11 43 31 37 11 28 0 0.04 0.3 T 9.6 32 180 M M 9 18 43 170
12 33 28 31 5 34 0 0.24 3.6 1 5.4 10 200 M M 10 1 15 200
13 30 23 27 1 38 0 0.04 0.7 5 6.4 17 230 M M 10 1 22 230
14 27 25 26 0 39 0 0.11 2.1 5 10.2 22 230 M M 10 1 25 230
15 25 19 22 -3 43 0 0.03 0.3 6 10.4 17 250 M M 10 1 20 240
16 21 16 19 -6 46 0 T T 6 4.5 17 270 M M 10 1 20 270
17 22 -6 8 -17 57 0 T T 5 2.9 9 40 M M 5 128 13 220
18 15 -7 4 -21 61 0 0.00 0.0 5 1.6 8 360 M M 6 128 10 360
19 30 -1 15 -10 50 0 0.00 0.0 5 7.9 17 200 M M 2 18 24 180
20 33 4 19 -6 46 0 0.00 0.0 5 7.0 21 220 M M 5 28 220
21 37 4 21 -4 44 0 0.01 0.1 5 22.0 41 250 M M 5 18 56 260
22 6 -11 -2 -27 67 0 0.00 0.0 3 6.5 18 40 M M 1 24 50
23 18 0 9 -16 56 0 0.06 0.9 4 6.6 10 40 M M 10 18 14 30
24 27 18 23 -2 42 0 0.03 0.3 4 3.5 13 20 M M 10 16 14 30
25 38 24 31 6 34 0 T 0.0 4 4.7 14 230 M M 10 18 220
26 39 25 32 7 33 0 0.00 0.0 3 6.6 17 10 M M 5 24 360
27 47 27 37 12 28 0 0.44 T 1 24.1 43 180 M M 8 13 56 170
28 36 30 33 8 32 0 0.00 0.0 0 23.2 31 250 M M 3 41 240
29 36 25 31 6 34 0 0.00 0.0 0 9.8 22 220 M M 6 31 220
30 38 27 33 8 32 0 0.09 0.2 0 14.0 26 170 M M 10 18 39 170
31 39 32 36 11 29 0 0.24 0.0 0 13.3 31 250 M M 8 1 44 250
================================================================================
SM 991 484 1269 0 1.60 10.1 308.5 M 204
================================================================================
AV 32.0 15.6 10.0 FASTST M M 7 MAX(MPH)
MISC ----> 43 180 # 56 260
================================================================================
NOTES:
# LAST OF SEVERAL OCCURRENCES
COLUMN 17 PEAK WIND IN M.P.H.
PRELIMINARY LOCAL CLIMATOLOGICAL DATA (WS FORM: F-6) , PAGE 2
STATION: POCATELLO
MONTH: DECEMBER
YEAR: 2022
LATITUDE: 42 55 N
LONGITUDE: 112 36 W
[TEMPERATURE DATA] [PRECIPITATION DATA] SYMBOLS USED IN COLUMN 16
AVERAGE MONTHLY: 23.8 TOTAL FOR MONTH: 1.60 1 = FOG OR MIST
DPTR FM NORMAL: -2.0 DPTR FM NORMAL: 0.47 2 = FOG REDUCING VISIBILITY
HIGHEST: 47 ON 27 GRTST 24HR 0.44 ON 27-27 TO 1/4 MILE OR LESS
LOWEST: -11 ON 22 3 = THUNDER
SNOW, ICE PELLETS, HAIL 4 = ICE PELLETS
TOTAL MONTH: 10.1 INCHES 5 = HAIL
GRTST 24HR 3.6 ON 12-12 6 = FREEZING RAIN OR DRIZZLE
GRTST DEPTH: 6 ON 16,15 7 = DUSTSTORM OR SANDSTORM:
VSBY 1/2 MILE OR LESS
8 = SMOKE OR HAZE
[NO. OF DAYS WITH] [WEATHER - DAYS WITH] 9 = BLOWING SNOW
X = TORNADO
MAX 32 OR BELOW: 13 0.01 INCH OR MORE: 15
MAX 90 OR ABOVE: 0 0.10 INCH OR MORE: 5
MIN 32 OR BELOW: 31 0.50 INCH OR MORE: 0
MIN 0 OR BELOW: 5 1.00 INCH OR MORE: 0
[HDD (BASE 65) ]
TOTAL THIS MO. 1269 CLEAR (SCALE 0-3) 5
DPTR FM NORMAL 54 PTCLDY (SCALE 4-7) 12
TOTAL FM JUL 1 2938 CLOUDY (SCALE 8-10) 14
DPTR FM NORMAL 44
[CDD (BASE 65) ]
TOTAL THIS MO. 0
DPTR FM NORMAL 0 [PRESSURE DATA]
TOTAL FM JAN 1 667 HIGHEST SLP 30.71 ON 22
DPTR FM NORMAL 237 LOWEST SLP 29.43 ON 27
[REMARKS]
#FINAL-12-22#