169
CXUS54 KBRO 010900
CF6PIL
PRELIMINARY LOCAL CLIMATOLOGICAL DATA (WS FORM: F-6)
STATION: BAYVIEW
MONTH: DECEMBER
YEAR: 2020
LATITUDE: 26 10 N
LONGITUDE: 97 20 W
TEMPERATURE IN F: :PCPN: SNOW: WIND :SUNSHINE: SKY :PK WND
================================================================================
1 2 3 4 5 6A 6B 7 8 9 10 11 12 13 14 15 16 17 18
12Z AVG MX 2MIN
DY MAX MIN AVG DEP HDD CDD WTR SNW DPTH SPD SPD DIR MIN PSBL S-S WX SPD DR
================================================================================
1 71 38 55 -10 10 0 0.00 0.0 0 7.8 22 140 M M 1 28 150
2 76 58 67 2 0 2 0.01 0.0 0 6.3 21 350 M M 8 3 26 350
3 62 50 56 -9 9 0 T 0.0 0 16.7 30 350 M M 8 38 340
4 59 51 55 -9 10 0 T 0.0 0 10.7 21 330 M M 7 27 330
5 56 50 53 -11 12 0 0.70 0.0 0 13.5 23 330 M M 10 1 29 330
6 64 47 56 -8 9 0 0.02 0.0 0 10.6 25 330 M M 4 1 34 310
7 70 43 57 -7 8 0 0.00 0.0 0 6.5 17 360 M M 0 21 360
8 75 43 59 -4 6 0 0.00 0.0 0 5.9 10 250 M M 0 12 240
9 78 48 63 0 2 0 0.00 0.0 0 6.8 14 130 M M 0 1 16 120
10 79 54 67 4 0 2 0.00 0.0 0 10.7 23 150 M M 1 12 30 150
11 82 67 75 12 0 10 0.00 0.0 0 11.7 28 180 M M 0 1 36 180
12 79 62 71 9 0 6 T 0.0 0 7.6 18 60 M M 5 128 22 70
13 83 60 72 10 0 7 T 0.0 0 12.8 29 10 M M 6 18 35 350
14 60 45 53 -9 12 0 0.00 0.0 0 11.1 28 360 M M 1 38 360
15 76 44 60 -2 5 0 0.00 0.0 0 7.5 18 360 M M 6 24 160
16 63 48 56 -6 9 0 0.00 0.0 0 13.4 25 350 M M 0 31 340
17 67 42 55 -6 10 0 0.00 0.0 0 7.9 17 70 M M 0 22 70
18 74 55 65 4 0 0 T 0.0 0 12.2 25 140 M M 8 32 160
19 82 63 73 12 0 8 0.05 0.0 0 8.7 16 360 M M 7 1 26 350
20 73 53 63 2 2 0 0.00 0.0 0 6.3 12 40 M M 0 16 40
21 76 48 62 1 3 0 0.00 0.0 0 7.4 18 120 M M 0 1 22 120
22 77 62 70 9 0 5 0.00 0.0 0 10.3 22 130 M M 7 26 13
23 84 67 76 15 0 11 0.00 0.0 0 11.4 23 170 M M 3 31 160
24 71 36 54 -6 11 0 0.02 0.0 0 18.0 39 360 M M 3 1 51 360
25 68 35 52 -8 13 0 0.00 0.0 0 6.4 13 110 M M 0 15 110
26 74 41 58 -2 7 0 0.00 0.0 0 6.8 21 130 M M 0 27 130
27 79 52 66 6 0 1 0.00 0.0 0 10.2 24 150 M M 2 31 150
28 80 65 73 13 0 8 T 0.0 0 13.0 26 130 M M 6 33 130
29 82 66 74 14 0 9 T 0.0 0 16.0 26 140 M M 3 35 160
30 81 70 76 16 0 11 0.17 0.0 0 17.9 32 160 M M 5 1 41 160
31 71 43 57 -3 8 0 0.42 0.0 0 16.4 30 300 M M 5 13 38 300
================================================================================
SM 2272 1606 146 80 1.39 0.0 328.5 M 106
================================================================================
AV 73.3 51.8 10.6 FASTST M M 3 MAX(MPH)
MISC ----> 39 360 51 360
================================================================================
NOTES:
# LAST OF SEVERAL OCCURRENCES
COLUMN 17 PEAK WIND IN M.P.H.
PRELIMINARY LOCAL CLIMATOLOGICAL DATA (WS FORM: F-6) , PAGE 2
STATION: BAYVIEW
MONTH: DECEMBER
YEAR: 2020
LATITUDE: 26 10 N
LONGITUDE: 97 20 W
[TEMPERATURE DATA] [PRECIPITATION DATA] SYMBOLS USED IN COLUMN 16
AVERAGE MONTHLY: 62.5 TOTAL FOR MONTH: 1.39 1 = FOG OR MIST
DPTR FM NORMAL: 0.5 DPTR FM NORMAL: 0.09 2 = FOG REDUCING VISIBILITY
HIGHEST: 84 ON 23 GRTST 24HR 0.72 ON 5- 6 TO 1/4 MILE OR LESS
LOWEST: 35 ON 25 3 = THUNDER
SNOW, ICE PELLETS, HAIL 4 = ICE PELLETS
TOTAL MONTH: 0.0 INCH 5 = HAIL
GRTST 24HR 0.0 6 = FREEZING RAIN OR DRIZZLE
GRTST DEPTH: 0 7 = DUSTSTORM OR SANDSTORM:
VSBY 1/2 MILE OR LESS
8 = SMOKE OR HAZE
[NO. OF DAYS WITH] [WEATHER - DAYS WITH] 9 = BLOWING SNOW
X = TORNADO
MAX 32 OR BELOW: 0 0.01 INCH OR MORE: 7
MAX 90 OR ABOVE: 0 0.10 INCH OR MORE: 3
MIN 32 OR BELOW: 0 0.50 INCH OR MORE: 1
MIN 0 OR BELOW: 0 1.00 INCH OR MORE: 0
[HDD (BASE 65) ]
TOTAL THIS MO. 146 CLEAR (SCALE 0-3) 15
DPTR FM NORMAL -16 PTCLDY (SCALE 4-7) 14
TOTAL FM JUL 1 166 CLOUDY (SCALE 8-10) 2
DPTR FM NORMAL -35
[CDD (BASE 65) ]
TOTAL THIS MO. 80
DPTR FM NORMAL 11 [PRESSURE DATA]
TOTAL FM JAN 1 3734 HIGHEST SLP M ON M
DPTR FM NORMAL -286 LOWEST SLP 29.93 ON 2
[REMARKS]
#FINAL-12-20#