000
CXUS55 KABR 011100
CF6PIR
PRELIMINARY LOCAL CLIMATOLOGICAL DATA (WS FORM: F-6)
STATION: PIERRE SD
MONTH: JULY
YEAR: 2021
LATITUDE: 44 22 N
LONGITUDE: 100 17 W
TEMPERATURE IN F: :PCPN: SNOW: WIND :SUNSHINE: SKY :PK WND
================================================================================
1 2 3 4 5 6A 6B 7 8 9 10 11 12 13 14 15 16 17 18
12Z AVG MX 2MIN
DY MAX MIN AVG DEP HDD CDD WTR SNW DPTH SPD SPD DIR MIN PSBL S-S WX SPD DR
================================================================================
1 94 60 77 5 0 12 0.00 0.0 0 9.1 18 130 M M 0 27 120
2 95 62 79 6 0 14 0.00 0.0 0 13.5 25 170 M M 0 35 180
3 103 67 85 12 0 20 0.00 0.0 0 14.5 31 180 M M 0 41 180
4 100 66 83 10 0 18 0.00 0.0 0 7.8 17 20 M M 0 23 240
5 89 65 77 3 0 12 0.82 0.0 0 12.4 38 350 M M 2 13 53 350
6 77 64 71 -3 0 6 0.20 0.0 0 8.6 18 30 M M 9 138 24 20
7 80 62 71 -3 0 6 0.00 0.0 0 10.7 17 120 M M 6 18 23 140
8 85 64 75 1 0 10 T 0.0 0 13.8 31 80 M M 3 13 40 80
9 85 64 75 1 0 10 0.00 0.0 0 8.0 18 140 M M 6 24 130
10 86 64 75 1 0 10 0.00 0.0 0 10.9 21 30 M M 6 1 29 30
11 87 56 72 -3 0 7 0.00 0.0 0 7.6 17 130 M M 1 24 130
12 95 63 79 4 0 14 0.00 0.0 0 10.2 18 150 M M 0 28 130
13 89 63 76 1 0 11 0.02 0.0 0 8.1 15 20 M M 0 22 60
14 81 63 72 -3 0 7 0.32 0.0 0 6.8 14 360 M M 5 18 20 20
15 87 56 72 -3 0 7 0.00 0.0 0 9.1 18 130 M M 1 18 26 130
16 91 67 79 4 0 14 0.00 0.0 0 15.7 24 120 M M 2 33 140
17 91 65 78 2 0 13 0.00 0.0 0 11.4 20 110 M M 1 1 28 110
18 93 70 82 6 0 17 0.00 0.0 0 13.2 22 120 M M 1 28 120
19 94 67 81 5 0 16 0.00 0.0 0 10.5 22 120 M M 0 27 130
20 94 65 80 4 0 15 0.00 0.0 0 14.8 25 160 M M 0 32 140
21 101 68 85 9 0 20 0.17 0.0 0 17.7 35 210 M M 1 3 53 210
22 102 69 86 10 0 21 0.00 0.0 0 8.2 31 350 M M 0 40 350
23 97 73 85 9 0 20 0.02 0.0 M 5.5 16 150 M M 2 23 160
24 98 63 81 5 0 16 0.00 0.0 0 8.1 20 350 M M 1 30 10
25 102 60 81 5 0 16 0.23 0.0 0 11.1 35 120 M M 1 3 45 130
26 100 65 83 7 0 18 T 0.0 0 13.1 37 140 M M 1 48 140
27 108 63 86 10 0 21 0.00 0.0 0 9.7 21 210 M M 0 28 110
28 106 72 89 13 0 24 0.00 0.0 0 13.9 28 20 M M 0 39 20
29 85 61 73 -3 0 8 0.00 0.0 0 10.7 18 80 M M 2 8 23 70
30 69 60 65 -11 0 0 0.61 0.0 0 6.4 17 110 M M 8 138 24 110
31 90 57 74 -2 0 9 0.00 0.0 0 7.3 18 10 M M 4 128 25 360
================================================================================
SM 2854 1984 0 412 2.39 0.0 328.4 M 63
================================================================================
AV 92.1 64.0 10.6 FASTST M M 2 MAX(MPH)
MISC ----> 38 350 # 53 350
================================================================================
NOTES:
# LAST OF SEVERAL OCCURRENCES
COLUMN 17 PEAK WIND IN M.P.H.
PRELIMINARY LOCAL CLIMATOLOGICAL DATA (WS FORM: F-6) , PAGE 2
STATION: PIERRE SD
MONTH: JULY
YEAR: 2021
LATITUDE: 44 22 N
LONGITUDE: 100 17 W
[TEMPERATURE DATA] [PRECIPITATION DATA] SYMBOLS USED IN COLUMN 16
AVERAGE MONTHLY: 78.0 TOTAL FOR MONTH: 2.39 1 = FOG OR MIST
DPTR FM NORMAL: 3.1 DPTR FM NORMAL: -0.00 2 = FOG REDUCING VISIBILITY
HIGHEST: 108 ON 27 GRTST 24HR 0.99 ON 5- 6 TO 1/4 MILE OR LESS
LOWEST: 56 ON 15,11 3 = THUNDER
SNOW, ICE PELLETS, HAIL 4 = ICE PELLETS
TOTAL MONTH: 0.0 INCH 5 = HAIL
GRTST 24HR 0.0 6 = FREEZING RAIN OR DRIZZLE
GRTST DEPTH: 0 7 = DUSTSTORM OR SANDSTORM:
VSBY 1/2 MILE OR LESS
8 = SMOKE OR HAZE
[NO. OF DAYS WITH] [WEATHER - DAYS WITH] 9 = BLOWING SNOW
X = TORNADO
MAX 32 OR BELOW: 0 0.01 INCH OR MORE: 8
MAX 90 OR ABOVE: 19 0.10 INCH OR MORE: 6
MIN 32 OR BELOW: 0 0.50 INCH OR MORE: 2
MIN 0 OR BELOW: 0 1.00 INCH OR MORE: 0
[HDD (BASE 65) ]
TOTAL THIS MO. 0 CLEAR (SCALE 0-3) 24
DPTR FM NORMAL -6 PTCLDY (SCALE 4-7) 6
TOTAL FM JUL 1 0 CLOUDY (SCALE 8-10) 1
DPTR FM NORMAL 0
[CDD (BASE 65) ]
TOTAL THIS MO. 412
DPTR FM NORMAL 98 [PRESSURE DATA]
TOTAL FM JAN 1 739 HIGHEST SLP 30.21 ON 30
DPTR FM NORMAL 262 LOWEST SLP 29.66 ON 4
[REMARKS]
#FINAL-07-21#