000
CXUS53 KABR 011407
CLMPIR
CLIMATE REPORT
NATIONAL WEATHER SERVICE ABERDEEN SD
907 AM CDT TUE AUG 01 2023
...................................
...THE PIERRE SD CLIMATE SUMMARY FOR THE MONTH OF JULY 2023...
CLIMATE NORMAL PERIOD 1991 TO 2020
CLIMATE RECORD PERIOD 1892 TO 2023
WEATHER OBSERVED NORMAL DEPART LAST YEAR`S
VALUE DATE(S) VALUE FROM VALUE DATE(S)
NORMAL
................................................................
TEMPERATURE (F)
RECORD
HIGH 117 07/15/2006
07/15/2006
07/06/1936
LOW 42 07/30/1971
07/01/1959
HIGHEST 107 07/26 MM MM 108 07/18
LOWEST 47 07/06 MM MM 50 07/29
AVG. MAXIMUM 87.9 88.3 -0.4 89.2
AVG. MINIMUM 59.6 61.6 -2.0 62.4
MEAN 73.7 74.9 -1.2 75.8
DAYS MAX >= 90 13 14.0 -1.0 13
DAYS MAX <= 32 0 0.0 0.0 0
DAYS MIN <= 32 0 0.0 0.0 0
DAYS MIN <= 0 0 0.0 0.0 0
PRECIPITATION (INCHES)
RECORD
MAXIMUM 6.43 1997
MINIMUM 0.10 1936
TOTALS 1.42 2.39 -0.97 3.09
DAYS >= .01 10 9.1 0.9 8
DAYS >= .10 4 4.6 -0.6 6
DAYS >= .50 0 1.5 -1.5 2
DAYS >= 1.00 0 0.5 -0.5 1
SNOWFALL (INCHES)
RECORDS
TOTAL MM 0
SNOW DEPTH MM MM
TOTALS T 0.0 0.0 0.0
SINCE 7/1 T 0.0 0.0 MM
SNOWDEPTH AVG. 0 -1
DAYS >= TRACE 1 0.0 1.0 0
DAYS >= 1.0 0 0.0 0.0 0
GREATEST
SNOW DEPTH 0 0 07/29
07/30
07/27
DEGREE DAYS
HEATING TOTAL 4 6 -2 0
SINCE 7/1 4 0 4 MM
COOLING TOTAL 282 314 -32 341
SINCE 1/1 577 477 100 MM
FREEZE DATES
RECORD
EARLIEST MM
LATEST MM
EARLIEST 10/06
LATEST 05/22
................................................................
WIND (MPH)
AVERAGE WIND SPEED 8.9
RESULTANT WIND SPEED/DIRECTION 2/090
HIGHEST WIND SPEED/DIRECTION 41/010 DATE 07/18
HIGHEST GUST SPEED/DIRECTION 54/010 DATE 07/18
SKY COVER
POSSIBLE SUNSHINE (PERCENT) MM
AVERAGE SKY COVER 0.18
NUMBER OF DAYS FAIR 25
NUMBER OF DAYS PC 5
NUMBER OF DAYS CLOUDY 1
AVERAGE RH (PERCENT) 63
WEATHER CONDITIONS. NUMBER OF DAYS WITH
THUNDERSTORM 12 MIXED PRECIP 0
HEAVY RAIN 2 RAIN 6
LIGHT RAIN 10 FREEZING RAIN 0
LT FREEZING RAIN 0 HAIL 1
HEAVY SNOW 0 SNOW 0
LIGHT SNOW 0 SLEET 0
FOG 11 FOG W/VIS <= 1/4 MILE 0
HAZE 3
- INDICATES NEGATIVE NUMBERS.
R INDICATES RECORD WAS SET OR TIED.
MM INDICATES DATA IS MISSING.
T INDICATES TRACE AMOUNT.
$$