000
CXUS52 KMFL 011000
CF6PMP
PRELIMINARY LOCAL CLIMATOLOGICAL DATA (WS FORM: F-6)
STATION: POMPANO BEACH ARPK
MONTH: AUGUST
YEAR: 2020
LATITUDE: 26 14 N
LONGITUDE: 80 7 W
TEMPERATURE IN F: :PCPN: SNOW: WIND :SUNSHINE: SKY :PK WND
================================================================================
1 2 3 4 5 6A 6B 7 8 9 10 11 12 13 14 15 16 17 18
12Z AVG MX 2MIN
DY MAX MIN AVG DEP HDD CDD WTR SNW DPTH SPD SPD DIR MIN PSBL S-S WX SPD DR
================================================================================
1 92 77 85 1 0 20 0.38 0.0 0 17.3 32 90 M M 8 138 43 90
2 86 76 81 -3 0 16 0.15 0.0 0 14.1 30 30 M M 7 1 41 20
3 86 74 80 -4 0 15 0.64 0.0 0 5.3 23 240 M M 5 138 31 240
4 84 76 80 -4 0 15 0.07 0.0 0 6.9 14 150 M M 2 138 17 150
5 81 69 75 -9 0 10 0.82 0.0 0 5.6 16 140 M M 2 13 20 140
6 89 69 79 -5 0 14 0.00 0.0 0 4.1 15 140 M M 3 3 24 240
7 90 66 78 -6 0 13 T 0.0 0 5.6 13 110 M M 2 17 90
8 89 75 82 -2 0 17 0.00 0.0 0 7.6 15 80 M M 3 3 19 80
9 90 80 85 2 0 20 0.11 0.0 0 7.7 14 90 M M 3 138 18 40
10 89 77 83 0 0 18 0.00 0.0 0 6.8 15 90 M M 2 20 350
11 M M M M M M 0.00 0.0 0 5.0 9 120 M M 4 3 M M
12 88 84 86 3 0 21 1.54 0.0 0 6.5 10 110 M M 3 3 M M
13 M M M M M M 0.45 M 0 9.3 13 100 M M 3 3 20 130
14 M M M M M M T M 0 9.4 12 130 M M 3 3 M M
15 M M M M M M 1.24 M 0 5.7 13 140 M M 3 3 M M
16 M M M M M M 0.00 0.0 0 6.5 14 150 M M 2 M M
17 M M M M M M 0.00 0.0 0 6.1 14 140 M M 1 3 M M
18 M M M M M M T M 0 5.2 13 140 M M 1 3 35 120
19 89 76 83 0 0 18 0.14 0.0 0 6.2 23 340 M M 3 13 29 330
20 90 78 84 1 0 19 0.12 0.0 0 6.3 16 140 M M 4 13 23 140
21 91 79 85 2 0 20 0.00 0.0 0 8.3 20 140 M M 4 24 150
22 91 80 86 3 0 21 0.13 0.0 0 10.6 21 140 M M 3 34 160
23 91 81 86 3 0 21 0.11 0.0 0 14.7 28 110 M M 4 138 34 110
24 92 84 88 5 0 23 T 0.0 0 19.0 26 100 M M 5 8 35 120
25 91 84 88 5 0 23 0.00 0.0 0 14.3 21 110 M M 4 25 110
26 91 82 87 4 0 22 T 0.0 0 10.9 29 90 M M 2 41 190
27 92 83 88 5 0 23 0.01 0.0 0 9.6 16 130 M M 3 23 150
28 92 80 86 4 0 21 0.00 0.0 0 7.4 16 140 M M 1 22 140
29 92 80 86 4 0 21 0.00 0.0 0 7.0 17 150 M M 2 3 25 160
30 93 78 86 4 0 21 0.17 0.0 0 7.1 18 150 M M 3 13 25 140
31 92 76 84 2 0 19 0.27 0.0 0 4.9 22 220 M M 3 13 27 290
================================================================================
SM 2151 1864 0 451 6.35 0.0 261.0 M 98
================================================================================
AV 89.6 77.7 8.4 FASTST M M 3 MAX(MPH)
MISC ----> # 32 90 # 43 90
================================================================================
NOTES:
# LAST OF SEVERAL OCCURRENCES
COLUMN 17 PEAK WIND IN M.P.H.
PRELIMINARY LOCAL CLIMATOLOGICAL DATA (WS FORM: F-6) , PAGE 2
STATION: POMPANO BEACH ARPK
MONTH: AUGUST
YEAR: 2020
LATITUDE: 26 14 N
LONGITUDE: 80 7 W
[TEMPERATURE DATA] [PRECIPITATION DATA] SYMBOLS USED IN COLUMN 16
AVERAGE MONTHLY: 83.7 TOTAL FOR MONTH: 6.35 1 = FOG OR MIST
DPTR FM NORMAL: 0.5 DPTR FM NORMAL: -0.10 2 = FOG REDUCING VISIBILITY
HIGHEST: 93 ON 30 GRTST 24HR 1.54 ON 12-12 TO 1/4 MILE OR LESS
LOWEST: 66 ON 7 3 = THUNDER
SNOW, ICE PELLETS, HAIL 4 = ICE PELLETS
TOTAL MONTH: 0.0 INCH 5 = HAIL
GRTST 24HR 0.0 6 = FREEZING RAIN OR DRIZZLE
GRTST DEPTH: 0 7 = DUSTSTORM OR SANDSTORM:
VSBY 1/2 MILE OR LESS
8 = SMOKE OR HAZE
[NO. OF DAYS WITH] [WEATHER - DAYS WITH] 9 = BLOWING SNOW
X = TORNADO
MAX 32 OR BELOW: 0 0.01 INCH OR MORE: 16
MAX 90 OR ABOVE: 15 0.10 INCH OR MORE: 14
MIN 32 OR BELOW: 0 0.50 INCH OR MORE: 4
MIN 0 OR BELOW: 0 1.00 INCH OR MORE: 2
[HDD (BASE 65) ]
TOTAL THIS MO. 0 CLEAR (SCALE 0-3) 20
DPTR FM NORMAL 0 PTCLDY (SCALE 4-7) 11
TOTAL FM JUL 1 11 CLOUDY (SCALE 8-10) 0
DPTR FM NORMAL 11
[CDD (BASE 65) ]
TOTAL THIS MO. 451
DPTR FM NORMAL -110 [PRESSURE DATA]
TOTAL FM JAN 1 3129 HIGHEST SLP 30.15 ON 9
DPTR FM NORMAL 329 LOWEST SLP 29.64 ON 2
[REMARKS]
#FINAL-08-20#