000
CXUS54 KOUN 010810
CF6PNC
PRELIMINARY LOCAL CLIMATOLOGICAL DATA (WS FORM: F-6)
STATION: PONCA CITY
MONTH: SEPTEMBER
YEAR: 2022
LATITUDE: 36 44 N
LONGITUDE: 97 6 W
TEMPERATURE IN F: :PCPN: SNOW: WIND :SUNSHINE: SKY :PK WND
================================================================================
1 2 3 4 5 6A 6B 7 8 9 10 11 12 13 14 15 16 17 18
12Z AVG MX 2MIN
DY MAX MIN AVG DEP HDD CDD WTR SNW DPTH SPD SPD DIR MIN PSBL S-S WX SPD DR
================================================================================
1 87 61 74 -4 0 9 T 0.0 0 6.2 16 150 M M 2 22 210
2 93 68 81 3 0 16 0.00 0.0 0 5.1 15 120 M M 4 19 80
3 98 64 81 4 0 16 0.00 0.0 0 3.1 18 250 M M 1 3 27 240
4 91 60 76 -1 0 11 0.00 0.0 0 8.2 17 40 M M 0 22 20
5 92 65 79 2 0 14 0.00 0.0 0 6.6 13 100 M M 1 17 90
6 94 64 79 3 0 14 0.00 0.0 0 5.3 15 120 M M 0 21 90
7 94 65 80 4 0 15 0.00 0.0 0 6.7 18 70 M M 1 24 70
8 92 58 75 -1 0 10 0.00 0.0 M 5.6 14 140 M M 0 17 130
9 94 66 80 5 0 15 0.00 0.0 0 8.1 15 140 M M 0 19 150
10 88 60 74 -1 0 9 0.03 M M 8.7 22 10 M M 3 27 350
11 83 52 68 -6 0 3 0.00 M M 6.1 16 20 M M 1 25 20
12 87 47 67 -7 0 2 0.00 M M 4.2 12 240 M M 0 19 160
13 94 56 75 1 0 10 0.00 M M 7.2 18 130 M M 0 21 130
14 93 70 82 9 0 17 0.00 M M 12.4 22 150 M M 1 27 160
15 92 66 79 6 0 14 0.00 M M 11.8 22 150 M M 0 28 150
16 95 67 81 8 0 16 0.01 M M 10.8 21 160 M M 3 29 170
17 99 74 87 15 0 22 0.00 M M 13.0 21 170 M M 0 29 160
18 99 76 88 16 0 23 0.00 M M 10.1 21 220 M M 0 30 210
19 101 73 87 15 0 22 0.00 M M 7.1 17 200 M M 0 23 200
20 101 75 88 17 0 23 0.00 M M 8.0 18 220 M M 0 27 180
21 102 71 87 16 0 22 0.00 M M 9.0 28 30 M M 1 32 40
22 71 56 64 -6 1 0 0.05 M M 11.2 24 40 M M 5 1 30 30
23 94 54 74 4 0 9 0.00 M M 6.5 16 50 M M 1 21 210
24 95 66 81 11 0 16 T M M 5.0 17 210 M M 3 27 230
25 86 53 70 1 0 5 M M M 8.3 25 30 M M 0 30 50
26 86 47 67 -2 0 2 0.00 M M 4.0 12 130 M M 0 18 16 330
27 94 53 74 6 0 9 0.00 M M 8.5 18 210 M M 0 24 210
28 88 57 73 5 0 8 0.00 M M 11.7 18 80 M M 0 24 90
29 82 60 71 4 0 6 0.00 M M 11.9 20 130 M M 0 25 130
30 84 58 71 4 0 6 0.00 M M 9.6 16 160 M M 0 21 160
================================================================================
SM 2749 1862 1 364 0.09 0.0 240.0 M 27
================================================================================
AV 91.6 62.1 8.0 FASTST M M 1 MAX(MPH)
MISC ----> 28 30 32 40
================================================================================
NOTES:
# LAST OF SEVERAL OCCURRENCES
COLUMN 17 PEAK WIND IN M.P.H.
PRELIMINARY LOCAL CLIMATOLOGICAL DATA (WS FORM: F-6) , PAGE 2
STATION: PONCA CITY
MONTH: SEPTEMBER
YEAR: 2022
LATITUDE: 36 44 N
LONGITUDE: 97 6 W
[TEMPERATURE DATA] [PRECIPITATION DATA] SYMBOLS USED IN COLUMN 16
AVERAGE MONTHLY: 76.9 TOTAL FOR MONTH: 0.09 1 = FOG OR MIST
DPTR FM NORMAL: 4.2 DPTR FM NORMAL: -2.65 2 = FOG REDUCING VISIBILITY
HIGHEST: 102 ON 21 GRTST 24HR 0.05 ON 22-22 TO 1/4 MILE OR LESS
LOWEST: 47 ON 26,12 3 = THUNDER
SNOW, ICE PELLETS, HAIL 4 = ICE PELLETS
TOTAL MONTH: 0.0 INCH 5 = HAIL
GRTST 24HR 0.0 6 = FREEZING RAIN OR DRIZZLE
GRTST DEPTH: 0 7 = DUSTSTORM OR SANDSTORM:
VSBY 1/2 MILE OR LESS
8 = SMOKE OR HAZE
[NO. OF DAYS WITH] [WEATHER - DAYS WITH] 9 = BLOWING SNOW
X = TORNADO
MAX 32 OR BELOW: 0 0.01 INCH OR MORE: 3
MAX 90 OR ABOVE: 20 0.10 INCH OR MORE: 0
MIN 32 OR BELOW: 0 0.50 INCH OR MORE: 0
MIN 0 OR BELOW: 0 1.00 INCH OR MORE: 0
[HDD (BASE 65) ]
TOTAL THIS MO. 1 CLEAR (SCALE 0-3) 27
DPTR FM NORMAL -24 PTCLDY (SCALE 4-7) 3
TOTAL FM JUL 1 1 CLOUDY (SCALE 8-10) 0
DPTR FM NORMAL -22
[CDD (BASE 65) ]
TOTAL THIS MO. 364
DPTR FM NORMAL 108 [PRESSURE DATA]
TOTAL FM JAN 1 2296 HIGHEST SLP M ON M
DPTR FM NORMAL 421 LOWEST SLP 29.73 ON 9
[REMARKS]
#FINAL-09-22#