000
CXUS54 KMOB 011135
CF6PNS
PRELIMINARY LOCAL CLIMATOLOGICAL DATA (WS FORM: F-6)
STATION: PENSACOLA
MONTH: OCTOBER
YEAR: 2020
LATITUDE: 30 28 N
LONGITUDE: 87 12 W
TEMPERATURE IN F: :PCPN: SNOW: WIND :SUNSHINE: SKY :PK WND
================================================================================
1 2 3 4 5 6A 6B 7 8 9 10 11 12 13 14 15 16 17 18
12Z AVG MX 2MIN
DY MAX MIN AVG DEP HDD CDD WTR SNW DPTH SPD SPD DIR MIN PSBL S-S WX SPD DR
================================================================================
1 85 58 72 -2 0 7 0.00 0.0 0 6.6 15 360 M M 0 20 360
2 79 59 69 -5 0 4 0.00 0.0 0 9.0 18 340 M M 0 24 330
3 79 55 67 -7 0 2 0.00 0.0 0 6.9 13 30 M M 0 18 30
4 79 58 69 -4 0 4 0.00 0.0 0 7.2 16 360 M M 0 22 360
5 83 60 72 -1 0 7 0.00 0.0 0 7.2 14 20 M M 3 20 30
6 78 70 74 1 0 9 0.01 0.0 0 6.4 10 360 M M 7 18 10
7 90 72 81 9 0 16 0.00 0.0 0 5.0 10 140 M M 2 14 150
8 87 75 81 9 0 16 T 0.0 0 6.5 12 130 M M 4 16 140
9 83 73 78 6 0 13 0.02 0.0 0 12.0 23 150 M M 7 1 32 160
10 85 75 80 9 0 15 3.58 0.0 0 15.4 28 210 M M 7 1 37 210
11 86 73 80 9 0 15 0.00 0.0 0 8.4 22 260 M M 6 30 250
12 91 72 82 11 0 17 0.00 0.0 0 7.6 16 250 M M 4 1 21 260
13 90 67 79 9 0 14 0.00 0.0 0 8.4 13 330 M M 2 1 16 330
14 81 62 72 2 0 7 0.00 0.0 0 5.1 13 170 M M 1 16 170
15 82 65 74 4 0 9 0.00 0.0 0 4.5 15 150 M M 2 20 160
16 79 61 70 0 0 5 0.00 0.0 0 10.5 22 360 M M 2 1 29 350
17 78 55 67 -2 0 2 0.00 0.0 0 5.8 14 30 M M 0 22 30
18 82 62 72 3 0 7 0.00 0.0 0 5.7 12 150 M M 2 16 70
19 80 67 74 5 0 9 0.00 0.0 0 6.5 15 120 M M 1 21 140
20 87 67 77 9 0 12 0.00 0.0 0 6.3 14 130 M M 1 18 140
21 86 69 78 10 0 13 0.00 0.0 0 5.6 12 30 M M 4 17 70
22 85 72 79 11 0 14 0.00 0.0 0 5.2 12 120 M M 5 15 120
23 83 72 78 11 0 13 0.00 0.0 0 6.8 14 140 M M 4 23 340
24 79 69 74 7 0 9 1.00 0.0 0 4.1 22 240 M M 6 13 28 230
25 81 69 75 8 0 10 0.06 0.0 0 6.0 10 340 M M 8 1 12 330
26 85 66 76 10 0 11 0.00 0.0 0 5.5 12 360 M M 3 16 130
27 81 74 78 12 0 13 0.01 0.0 0 7.7 15 110 M M 9 20 120
28 81 78 80 14 0 15 0.32 0.0 0 20.7 45 160 M M 10 1 56 170
29 80 53 67 1 0 2 T 0.0 0 13.9 28 230 M M 3 38 230
30 66 50 58 -7 7 0 0.00 0.0 0 13.5 21 360 M M 4 27 340
31 73 51 62 -3 3 0 0.00 0.0 0 4.5 10 150 M M 1 14 30
================================================================================
SM 2544 2029 10 290 5.00 0.0 244.5 M 108
================================================================================
AV 82.1 65.5 7.9 FASTST M M 3 MAX(MPH)
MISC ----> # 45 160 # 56 170
================================================================================
NOTES:
# LAST OF SEVERAL OCCURRENCES
COLUMN 17 PEAK WIND IN M.P.H.
PRELIMINARY LOCAL CLIMATOLOGICAL DATA (WS FORM: F-6) , PAGE 2
STATION: PENSACOLA
MONTH: OCTOBER
YEAR: 2020
LATITUDE: 30 28 N
LONGITUDE: 87 12 W
[TEMPERATURE DATA] [PRECIPITATION DATA] SYMBOLS USED IN COLUMN 16
AVERAGE MONTHLY: 73.8 TOTAL FOR MONTH: 5.00 1 = FOG OR MIST
DPTR FM NORMAL: 4.2 DPTR FM NORMAL: -0.24 2 = FOG REDUCING VISIBILITY
HIGHEST: 91 ON 12 GRTST 24HR 3.58 ON 10-10 TO 1/4 MILE OR LESS
LOWEST: 50 ON 30 3 = THUNDER
SNOW, ICE PELLETS, HAIL 4 = ICE PELLETS
TOTAL MONTH: 0.0 INCH 5 = HAIL
GRTST 24HR 0.0 6 = FREEZING RAIN OR DRIZZLE
GRTST DEPTH: 0 7 = DUSTSTORM OR SANDSTORM:
VSBY 1/2 MILE OR LESS
8 = SMOKE OR HAZE
[NO. OF DAYS WITH] [WEATHER - DAYS WITH] 9 = BLOWING SNOW
X = TORNADO
MAX 32 OR BELOW: 0 0.01 INCH OR MORE: 7
MAX 90 OR ABOVE: 3 0.10 INCH OR MORE: 3
MIN 32 OR BELOW: 0 0.50 INCH OR MORE: 2
MIN 0 OR BELOW: 0 1.00 INCH OR MORE: 2
[HDD (BASE 65) ]
TOTAL THIS MO. 10 CLEAR (SCALE 0-3) 15
DPTR FM NORMAL -27 PTCLDY (SCALE 4-7) 14
TOTAL FM JUL 1 10 CLOUDY (SCALE 8-10) 2
DPTR FM NORMAL -28
[CDD (BASE 65) ]
TOTAL THIS MO. 290
DPTR FM NORMAL 110 [PRESSURE DATA]
TOTAL FM JAN 1 3118 HIGHEST SLP 30.26 ON 17
DPTR FM NORMAL 568 LOWEST SLP 29.67 ON 28
[REMARKS]
#FINAL-10-20#