000
CXUS54 KMOB 010633
CF6PNS
PRELIMINARY LOCAL CLIMATOLOGICAL DATA (WS FORM: F-6)
STATION: PENSACOLA
MONTH: FEBRUARY
YEAR: 2020
LATITUDE: 30 28 N
LONGITUDE: 87 12 W
TEMPERATURE IN F: :PCPN: SNOW: WIND :SUNSHINE: SKY :PK WND
================================================================================
1 2 3 4 5 6A 6B 7 8 9 10 11 12 13 14 15 16 17 18
12Z AVG MX 2MIN
DY MAX MIN AVG DEP HDD CDD WTR SNW DPTH SPD SPD DIR MIN PSBL S-S WX SPD DR
================================================================================
1 59 43 51 -1 14 0 T 0.0 0 6.5 18 320 M M 8 1 23 290
2 70 40 55 3 10 0 0.00 0.0 0 7.2 17 240 M M 0 21 200
3 72 48 60 7 5 0 0.00 0.0 0 7.1 17 180 M M 1 1 24 210
4 75 59 67 14 0 2 0.04 0.0 0 10.5 15 170 M M 5 19 160
5 72 66 69 16 0 4 0.14 0.0 0 11.8 22 180 M M 9 13 27 200
6 73 48 61 8 4 0 1.02 0.0 0 15.0 26 180 M M 10 138 36 280
7 58 36 47 -6 18 0 T 0.0 0 10.0 30 270 M M 1 41 300
8 69 41 55 2 10 0 0.00 0.0 0 7.5 20 210 M M 3 25 200
9 68 53 61 7 4 0 0.00 0.0 0 10.2 20 120 M M 1 24 120
10 73 60 67 13 0 2 0.00 0.0 0 10.4 17 170 M M 9 1 21 170
11 76 68 72 18 0 7 T 0.0 0 7.3 18 180 M M 10 12 23 180
12 76 68 72 18 0 7 0.00 0.0 0 12.5 21 170 M M 10 128 27 180
13 73 50 62 8 3 0 0.05 0.0 0 14.1 22 360 M M 9 12 30 200
14 64 42 53 -1 12 0 0.00 0.0 0 11.6 21 360 M M 1 29 360
15 65 42 54 -1 11 0 0.00 0.0 0 6.4 14 160 M M 1 19 50
16 61 50 56 1 9 0 0.65 0.0 0 6.8 20 120 M M 8 13 23 120
17 68 57 63 8 2 0 T 0.0 0 5.6 12 120 M M 10 12 14 130
18 71 63 67 12 0 2 0.01 0.0 0 5.3 10 130 M M 10 12 14 130
19 76 61 69 14 0 4 0.02 0.0 0 5.4 15 360 M M 9 12 19 340
20 69 48 59 3 6 0 0.63 0.0 0 10.2 28 360 M M 10 1 35 350
21 57 40 49 -7 16 0 0.00 0.0 0 12.5 23 360 M M 4 32 350
22 61 34 48 -8 17 0 0.00 0.0 0 4.7 10 30 M M 0 8 16 80
23 65 40 53 -3 12 0 0.00 0.0 0 5.8 10 150 M M 2 8 15 110
24 74 59 67 11 0 2 0.24 0.0 0 7.5 20 180 M M 10 1 28 170
25 71 58 65 8 0 0 0.07 0.0 0 4.3 13 330 M M 6 1 16 330
26 62 44 53 -4 12 0 T 0.0 0 11.8 29 330 M M 4 34 320
27 57 36 47 -10 18 0 0.00 0.0 0 9.1 21 340 M M 0 26 350
28 63 36 50 -7 15 0 0.00 0.0 0 8.1 18 220 M M 0 23 240
29 71 43 57 0 8 0 0.00 0.0 0 7.8 17 340 M M 0 25 290
================================================================================
SM 1969 1433 206 30 2.87 0.0 253.0 M 151
================================================================================
AV 67.9 49.4 8.7 FASTST M M 5 MAX(MPH)
MISC ----> # 30 270 # 41 300
================================================================================
NOTES:
# LAST OF SEVERAL OCCURRENCES
COLUMN 17 PEAK WIND IN M.P.H.
PRELIMINARY LOCAL CLIMATOLOGICAL DATA (WS FORM: F-6) , PAGE 2
STATION: PENSACOLA
MONTH: FEBRUARY
YEAR: 2020
LATITUDE: 30 28 N
LONGITUDE: 87 12 W
[TEMPERATURE DATA] [PRECIPITATION DATA] SYMBOLS USED IN COLUMN 16
AVERAGE MONTHLY: 58.7 TOTAL FOR MONTH: 2.87 1 = FOG OR MIST
DPTR FM NORMAL: 4.0 DPTR FM NORMAL: -2.19 2 = FOG REDUCING VISIBILITY
HIGHEST: 76 ON 19,12 GRTST 24HR 1.02 ON 6- 6 TO 1/4 MILE OR LESS
LOWEST: 34 ON 22 3 = THUNDER
SNOW, ICE PELLETS, HAIL 4 = ICE PELLETS
TOTAL MONTH: 0.0 INCH 5 = HAIL
GRTST 24HR 0.0 6 = FREEZING RAIN OR DRIZZLE
GRTST DEPTH: 0 7 = DUSTSTORM OR SANDSTORM:
VSBY 1/2 MILE OR LESS
8 = SMOKE OR HAZE
[NO. OF DAYS WITH] [WEATHER - DAYS WITH] 9 = BLOWING SNOW
X = TORNADO
MAX 32 OR BELOW: 0 0.01 INCH OR MORE: 10
MAX 90 OR ABOVE: 0 0.10 INCH OR MORE: 5
MIN 32 OR BELOW: 0 0.50 INCH OR MORE: 3
MIN 0 OR BELOW: 0 1.00 INCH OR MORE: 1
[HDD (BASE 65) ]
TOTAL THIS MO. 206 CLEAR (SCALE 0-3) 12
DPTR FM NORMAL -91 PTCLDY (SCALE 4-7) 6
TOTAL FM JUL 1 908 CLOUDY (SCALE 8-10) 11
DPTR FM NORMAL -408
[CDD (BASE 65) ]
TOTAL THIS MO. 30
DPTR FM NORMAL 22 [PRESSURE DATA]
TOTAL FM JAN 1 65 HIGHEST SLP 30.52 ON 21
DPTR FM NORMAL 51 LOWEST SLP 29.49 ON 6
[REMARKS]
#FINAL-02-20#