000
CXUS54 KMOB 071817
CLMPNS
CLIMATE REPORT
NATIONAL WEATHER SERVICE MOBILE AL
955 AM CST FRI DEC 01 2023
...................................
...THE PENSACOLA CLIMATE SUMMARY FOR THE MONTH OF NOVEMBER 2023...
CLIMATE NORMAL PERIOD: 1991 TO 2020
CLIMATE RECORD PERIOD: 1879 TO 2023
WEATHER OBSERVED NORMAL DEPART LAST YEAR`S
VALUE DATE(S) VALUE FROM VALUE DATE(S)
NORMAL
................................................................
TEMPERATURE (F)
RECORD
HIGH 89 11/04/2016
LOW 22 11/25/1950
HIGHEST 82 11/05 89 11/08
LOWEST 34 11/29 33 11/18
AVG. MAXIMUM 71.0 71.8 -0.8 73.8
AVG. MINIMUM 52.4 51.0 1.4 55.3
MEAN 61.7 61.4 0.3 64.6
DAYS MAX >= 90 0 0.0 0.0 0
DAYS MAX <= 32 0 0.0 0.0 0
DAYS MIN <= 32 0 0.6 -0.6 0
DAYS MIN <= 0 0 0.0 0.0 0
PRECIPITATION (INCHES)
RECORD
MAXIMUM 14.82 1930
MINIMUM 0.09 2017
TOTALS 4.12 4.42 -0.30 2.71
DAILY AVG. 0.14 0.15 -0.01 0.09
DAYS >= .01 8 7.1 0.9 11
DAYS >= .10 5 4.9 0.1 5
DAYS >= .50 3 2.3 0.7 1
DAYS >= 1.00 2 1.4 0.6 1
SNOWFALL (INCHES)
RECORDS
TOTAL 0
SNOW DEPTH 0
TOTALS 0.0
SINCE 7/1 0.0
SNOWDEPTH AVG. 0
DAYS >= 1.0 0
GREATEST
SNOW DEPTH 0
24 HR TOTAL 0.0
DEGREE DAYS
HEATING TOTAL 142 162 -20 123
SINCE 7/1 159 190 -31 162
COOLING TOTAL 49 54 -5 115
SINCE 1/1 3492 2922 570 3203
................................................................
WIND (MPH)
AVERAGE WIND SPEED 7.1
HIGHEST WIND SPEED/DIRECTION 29/160 DATE 11/21
HIGHEST GUST SPEED/DIRECTION 36/170 DATE 11/21
SKY COVER
POSSIBLE SUNSHINE (PERCENT) MM
AVERAGE SKY COVER 0.39
NUMBER OF DAYS FAIR 17
NUMBER OF DAYS PC 4
NUMBER OF DAYS CLOUDY 9
AVERAGE RH (PERCENT) 65
WEATHER CONDITIONS. NUMBER OF DAYS WITH
THUNDERSTORM 0 MIXED PRECIP 0
HEAVY RAIN 4 RAIN 6
LIGHT RAIN 9 FREEZING RAIN 0
LT FREEZING RAIN 0 HAIL 0
HEAVY SNOW 0 SNOW 0
LIGHT SNOW 0 SLEET 0
FOG 9 FOG W/VIS <= 1/4 MILE 1
HAZE 2
- INDICATES NEGATIVE NUMBERS.
R INDICATES RECORD WAS SET OR TIED.
MM INDICATES DATA IS MISSING.
T INDICATES TRACE AMOUNT.
$$