000
CXUS54 KMOB 021602 CCA
CLMPNS
CLIMATE REPORT ...CORRECTED
NATIONAL WEATHER SERVICE MOBILE AL
1102 AM CDT MON OCT 2 2023
...................................
...THE PENSACOLA CLIMATE SUMMARY FOR THE MONTH OF SEPTEMBER 2023...
CLIMATE NORMAL PERIOD: 1991 TO 2020
CLIMATE RECORD PERIOD: 1879 TO 2023
WEATHER OBSERVED NORMAL DEPART LAST YEAR`S
VALUE DATE(S) VALUE FROM VALUE DATE(S)
NORMAL
................................................................
TEMPERATURE (F)
RECORD
HIGH 102 09/18/2019
09/05/1925
LOW 43 09/29/1967
HIGHEST 96 09/08 98 09/22
LOWEST 66 09/09 57 09/29
AVG. MAXIMUM 89.4 88.5 0.9 89.1
AVG. MINIMUM 73.0 71.5 1.5 71.9
MEAN 81.2 80.0 1.2 80.5
DAYS MAX >= 90 16 10.4 5.6 14
DAYS MAX <= 32 0 0.0 0.0 0
DAYS MIN <= 32 0 0.0 0.0 0
DAYS MIN <= 0 0 0.0 0.0 0
PRECIPITATION (INCHES)
RECORD
MAXIMUM 19.71 1998
MINIMUM T 2019
TOTALS 3.53 6.61 -3.08 2.20
DAILY AVG. 0.12 0.22 -0.10 0.08
DAYS >= .01 11 9.3 1.7 8
DAYS >= .10 7 5.9 1.1 4
DAYS >= .50 4 3.2 0.8 2
DAYS >= 1.00 0 1.9 -1.9 0
GREATEST
24 HR. TOTAL 0.88 09/01 TO 09/01
DEGREE DAYS
COOLING TOTAL 493 450 43 473
SINCE 1/1 3232 2644 588 2915
................................................................
WIND (MPH)
AVERAGE WIND SPEED 6.3
HIGHEST WIND SPEED/DIRECTION 29/150 DATE 09/13
HIGHEST GUST SPEED/DIRECTION 35/160 DATE 09/13
SKY COVER
POSSIBLE SUNSHINE (PERCENT)
AVERAGE SKY COVER 0.23
NUMBER OF DAYS FAIR 23
NUMBER OF DAYS PC 6
NUMBER OF DAYS CLOUDY 1
AVERAGE RH (PERCENT) 64
WEATHER CONDITIONS. NUMBER OF DAYS WITH
THUNDERSTORM 9 MIXED PRECIP 0
HEAVY RAIN 5 RAIN 7
LIGHT RAIN 12 FREEZING RAIN 0
LT FREEZING RAIN 0 HAIL 0
HEAVY SNOW 0 SNOW 0
LIGHT SNOW 0 SLEET 0
FOG 6 FOG W/VIS <= 1/4 MILE 1
HAZE 4
- INDICATES NEGATIVE NUMBERS.
R INDICATES RECORD WAS SET OR TIED.
MM INDICATES DATA IS MISSING.
T INDICATES TRACE AMOUNT.
$$