000
CXZS50 NSTU 022007
CLMPPG
CLIMATE REPORT
NATIONAL WEATHER SERVICE PAGO PAGO AS
910 AM SST SAT SEP 2 2023
.....................................
...THE PAGO PAGO AIRPORT CLIMATE SUMMARY FOR THE MONTH OF AUGUST 2023...
CLIMATE NORMAL PERIOD 1991 TO 2020
CLIMATE RECORD PERIOD 1956 TO 2023
WEATHER ITEM OBSERVED DATES NORMAL DEPARTURE LAST YEAR
VALUE VALUE FROM VALUE DATE(S)
NORMAL
.............................................................................
TEMPERATURE (F)
RECORD
HIGH 92 8/28/2002
LOW 60 8/04/1964
HIGHEST 90 8/22 85 5 87 8/30
8/12 8/11
LOWEST 75 8/02 77 -2 67 8/20
AVG. MAXIMUM 87.2 84.8 2.4 84.0
AVG. MINIMUM 78.1 77.0 1.1 75.1
MEAN 82.6 80.9 1.7 79.5
DAYS MAX >= 90 2 0.2 1.8 0
DAYS MAX <= 32 0 0.0 0.0 0
DAYS MIN <= 32 0 0.0 0.0 0
DAYS MIN <= 0 0 0.0 0.0 0
PRECIPITATION (INCHES)
RECORD
MAXIMUM 18.14 2013
MINIMUM 0.29 1989
TOTALS 2.26 6.93 -4.67 6.53
DAILY AVG. 0.07 0.22 -0.15 0.21
DAYS >= .01 17 19 -2 20
DAYS >= .10 6 11 -5 14
DAYS >= .50 1 4 -3 4
DAYS >= 1.00 0 2 -2 1
GREATEST
24 HR. TOTAL 0.70 8/13 TO 14 1.63 8/21 TO 22
DEGREE DAYS
HEATING TOTAL 000 00 00 00
SINCE 1/1 000 00 00 00
COOLING TOTAL 554 493 61 457
SINCE 1/1 4224 4190 34 4184
WIND (MPH)
AVERAGE WIND SPEED 11.0
HIGHEST WIND SPEED/DIRECTION 25/140 DATE 8/30
HIGHEST GUST SPEED/DIRECTION MM DATE MM
SKY COVER
POSSIBLE SUNSHINE (PERCENT) MM
AVERAGE SKY COVER 4.5
NUMBER OF DAYS FAIR 5
NUMBER OF DAYS PC 21
NUMBER OF DAYS CLOUDY 5
AVERAGE RH (PERCENT) 86.8
WEATHER CONDITIONS NUMBER OF DAYS WITH
THUNDERSTORM 00 MIXED PRECIP 00
HEAVY RAIN 2 RAIN 00
LIGHT RAIN 19 FREEZING RAIN 00
LT FREEZING RAIN 00 HAIL 00
HEAVY SNOW 00 SNOW 00
LIGHT SNOW 00 SLEET 00
FOG 00 FOG W/VIS <= 1/4 MILE 00
HAZE 00
- INDICATES NEGATIVE NUMBERS
R INDICATES RECORD WAS SET OR TIED
MM INDICATES DATA IS MISSING
T INDICATES TRACE AMOUNTTEMPERATURE (F)